--
-- Host: localhost    Database: dolittle_dev
-- ------------------------------------------------------


--
-- Table structure for table `adonis_schema`
--

CREATE TABLE `adonis_schema` (
  `id` int(10) unsigned NOT NULL AUTO_INCREMENT,
  `name` varchar(255) DEFAULT NULL,
  `batch` int(11) DEFAULT NULL,
  `migration_time` timestamp NOT NULL DEFAULT CURRENT_TIMESTAMP,
  PRIMARY KEY (`id`)
) ENGINE=InnoDB AUTO_INCREMENT=1827 DEFAULT CHARSET=utf8mb4;

--
-- Dumping data for table `adonis_schema`
--

INSERT INTO `adonis_schema` VALUES (1797,'1651857415145_user_groups_schema',1,'2023-01-24 06:54:54'),(1798,'1651857549873_users_schema',1,'2023-01-24 06:54:54'),(1799,'1651857557185_user_api_tokens_schema',1,'2023-01-24 06:54:54'),(1800,'1651857581696_cms_modules_schema',1,'2023-01-24 06:54:54'),(1801,'1651857589816_cms_module_permissions_schema',1,'2023-01-24 06:54:54'),(1802,'1651857603473_mail_template_schema',1,'2023-01-24 06:54:55'),(1803,'1651857615934_reset_password_schema',1,'2023-01-24 06:54:55'),(1804,'1651857629953_application_setting_schema',1,'2023-01-24 06:54:55'),(1805,'1651857674340_content_management_schema',1,'2023-01-24 06:54:55'),(1806,'1651857681926_faqs_schema',1,'2023-01-24 06:54:55'),(1807,'1651857690517_media_schema',1,'2023-01-24 06:54:55'),(1808,'1651857728996_notifications_schema',1,'2023-01-24 06:54:55'),(1809,'1651857735074_notification_setting_schema',1,'2023-01-24 06:54:55'),(1810,'1653975478404_news_feeds_schema',1,'2023-01-24 06:54:55'),(1811,'1654152852929_news_feeds_like_schema',1,'2023-01-24 06:54:55'),(1812,'1655288173475_comments_schema',1,'2023-01-24 06:54:55'),(1813,'1657264737194_save_post_schema',1,'2023-01-24 06:54:55'),(1814,'1657609117868_nearby_places_schema',1,'2023-01-24 06:54:55'),(1815,'1657798222643_pet_document_category_schema',1,'2023-01-24 06:54:55'),(1816,'1657800187705_pet_managment_schema',1,'2023-01-24 06:54:55'),(1817,'1658142402766_nearby_category_schema',1,'2023-01-24 06:54:55'),(1818,'1658304205413_user_follow_schema',1,'2023-01-24 06:54:55'),(1819,'1659695124850_event_schema',1,'2023-01-24 06:54:55'),(1820,'1659938838524_event_interested_schema',1,'2023-01-24 06:54:55'),(1821,'1659943055375_my_classified_ad_schema',1,'2023-01-24 06:54:55'),(1822,'1661837357203_post_group_schema',1,'2023-01-24 06:54:55'),(1823,'1661837541248_post_group_members_schema',1,'2023-01-24 06:54:55'),(1824,'1667284230396_chat_group_schema',1,'2023-01-24 06:54:55'),(1825,'1667286943099_chat_group_members_schema',1,'2023-01-24 06:54:55'),(1826,'1667287435014_chat_schema',1,'2023-01-24 06:54:55');

--
-- Table structure for table `application_settings`
--

CREATE TABLE `application_settings` (
  `id` int(10) unsigned NOT NULL AUTO_INCREMENT,
  `identifier` varchar(200) DEFAULT NULL,
  `meta_key` varchar(200) DEFAULT NULL,
  `value` text,
  `is_file` enum('1','0') NOT NULL DEFAULT '0',
  `created_at` datetime DEFAULT NULL,
  `updated_at` datetime DEFAULT NULL,
  `deleted_at` timestamp NULL DEFAULT NULL,
  PRIMARY KEY (`id`),
  KEY `application_settings_identifier_index` (`identifier`),
  KEY `application_settings_meta_key_index` (`meta_key`)
) ENGINE=InnoDB AUTO_INCREMENT=4 DEFAULT CHARSET=utf8mb4;

--
-- Dumping data for table `application_settings`
--

INSERT INTO `application_settings` VALUES (1,'application_setting','favicon','/images/favicon.png','1','2023-01-24 01:54:55',NULL,NULL),(2,'application_setting','logo','/images/logo.jpg','1','2023-01-24 01:54:55',NULL,NULL),(3,'application_setting','application_name','RetroCube','0','2023-01-24 01:54:55',NULL,NULL);

--
-- Table structure for table `chat_group_members`
--

CREATE TABLE `chat_group_members` (
  `id` int(10) unsigned NOT NULL AUTO_INCREMENT,
  `slug` varchar(150) NOT NULL,
  `group_id` int(10) unsigned DEFAULT NULL,
  `group_type` enum('single','group') NOT NULL DEFAULT 'single',
  `sender` int(10) unsigned DEFAULT NULL,
  `reciever` int(10) unsigned DEFAULT NULL,
  `created_at` datetime DEFAULT NULL,
  `updated_at` datetime DEFAULT NULL,
  `deleted_at` timestamp NULL DEFAULT NULL,
  PRIMARY KEY (`id`),
  UNIQUE KEY `chat_group_members_slug_unique` (`slug`),
  KEY `chat_group_members_group_id_foreign` (`group_id`),
  KEY `chat_group_members_sender_foreign` (`sender`),
  KEY `chat_group_members_reciever_foreign` (`reciever`),
  CONSTRAINT `chat_group_members_group_id_foreign` FOREIGN KEY (`group_id`) REFERENCES `chat_groups` (`id`) ON DELETE CASCADE ON UPDATE NO ACTION,
  CONSTRAINT `chat_group_members_reciever_foreign` FOREIGN KEY (`reciever`) REFERENCES `users` (`id`) ON DELETE CASCADE ON UPDATE NO ACTION,
  CONSTRAINT `chat_group_members_sender_foreign` FOREIGN KEY (`sender`) REFERENCES `users` (`id`) ON DELETE CASCADE ON UPDATE NO ACTION
) ENGINE=InnoDB AUTO_INCREMENT=6 DEFAULT CHARSET=utf8mb4;

--
-- Dumping data for table `chat_group_members`
--

INSERT INTO `chat_group_members` VALUES (1,'cg_18188',1,'group',3,3,'2023-02-09 03:28:52',NULL,NULL),(2,'cg_13820',1,'group',3,4,'2023-02-09 03:28:52',NULL,NULL),(3,'cg_19476',1,'group',3,2,'2023-02-09 03:28:52',NULL,NULL),(4,'cg_22830',2,'group',2,2,'2023-02-09 03:35:32',NULL,NULL),(5,'cg_29951',2,'group',2,4,'2023-02-09 03:35:32',NULL,NULL);

--
-- Table structure for table `chat_groups`
--

CREATE TABLE `chat_groups` (
  `id` int(10) unsigned NOT NULL AUTO_INCREMENT,
  `slug` varchar(150) NOT NULL,
  `type` enum('single','group') NOT NULL DEFAULT 'single',
  `title` varchar(255) NOT NULL,
  `image` varchar(255) NOT NULL,
  `created_by` int(10) unsigned DEFAULT NULL,
  `against_by` int(11) NOT NULL DEFAULT '0',
  `created_at` datetime DEFAULT NULL,
  `updated_at` datetime DEFAULT NULL,
  `deleted_at` timestamp NULL DEFAULT NULL,
  PRIMARY KEY (`id`),
  UNIQUE KEY `chat_groups_slug_unique` (`slug`),
  KEY `chat_groups_created_by_foreign` (`created_by`),
  CONSTRAINT `chat_groups_created_by_foreign` FOREIGN KEY (`created_by`) REFERENCES `users` (`id`) ON DELETE CASCADE ON UPDATE NO ACTION
) ENGINE=InnoDB AUTO_INCREMENT=3 DEFAULT CHARSET=utf8mb4;

--
-- Dumping data for table `chat_groups`
--

INSERT INTO `chat_groups` VALUES (1,'dasd','group','Dasd','',3,0,'2023-02-09 03:28:52','2023-02-09 03:28:52',NULL),(2,'asd','group','Asd','',2,0,'2023-02-09 03:35:31','2023-02-09 03:35:31',NULL);

--
-- Table structure for table `chats`
--

CREATE TABLE `chats` (
  `id` int(10) unsigned NOT NULL AUTO_INCREMENT,
  `slug` varchar(150) NOT NULL,
  `group_id` int(10) unsigned DEFAULT NULL,
  `sender` int(10) unsigned DEFAULT NULL,
  `message` text NOT NULL,
  `message_type` varchar(150) NOT NULL,
  `file_url` text NOT NULL,
  `is_read` int(11) NOT NULL DEFAULT '0',
  `created_at` datetime DEFAULT NULL,
  `updated_at` datetime DEFAULT NULL,
  `deleted_at` timestamp NULL DEFAULT NULL,
  PRIMARY KEY (`id`),
  UNIQUE KEY `chats_slug_unique` (`slug`),
  KEY `chats_group_id_foreign` (`group_id`),
  KEY `chats_sender_foreign` (`sender`),
  CONSTRAINT `chats_group_id_foreign` FOREIGN KEY (`group_id`) REFERENCES `chat_groups` (`id`) ON DELETE CASCADE ON UPDATE NO ACTION,
  CONSTRAINT `chats_sender_foreign` FOREIGN KEY (`sender`) REFERENCES `users` (`id`) ON DELETE CASCADE ON UPDATE NO ACTION
) ENGINE=InnoDB AUTO_INCREMENT=5 DEFAULT CHARSET=utf8mb4;

--
-- Dumping data for table `chats`
--

INSERT INTO `chats` VALUES (1,'ch_15987',1,3,'Dasd','text','optional',0,'2023-02-09 03:28:56','2023-02-09 03:28:56',NULL),(2,'ch_18065',1,2,'Dsad','text','optional',0,'2023-02-09 03:29:19','2023-02-09 03:29:19',NULL),(3,'ch_25753',2,2,'','image','https://dolittlemedia.s3.amazonaws.com/uploads/users/1675931797770.jpeg',0,'2023-02-09 03:36:40','2023-02-09 03:36:40',NULL),(4,'ch_25879',2,2,'Dasd','text','optional',0,'2023-02-09 03:36:46','2023-02-09 03:36:46',NULL);

--
-- Table structure for table `cms_module_permissions`
--

CREATE TABLE `cms_module_permissions` (
  `id` int(10) unsigned NOT NULL AUTO_INCREMENT,
  `user_group_id` int(10) unsigned DEFAULT NULL,
  `user_id` int(10) unsigned DEFAULT NULL,
  `cms_module_id` int(10) unsigned DEFAULT NULL,
  `is_add` enum('1','0') DEFAULT '0',
  `is_view` enum('1','0') DEFAULT '0',
  `is_update` enum('1','0') DEFAULT '0',
  `is_delete` enum('1','0') DEFAULT '0',
  `created_at` datetime DEFAULT NULL,
  `updated_at` datetime DEFAULT NULL,
  `deleted_at` timestamp NULL DEFAULT NULL,
  PRIMARY KEY (`id`),
  KEY `cms_module_permissions_user_group_id_foreign` (`user_group_id`),
  KEY `cms_module_permissions_user_id_foreign` (`user_id`),
  KEY `cms_module_permissions_cms_module_id_foreign` (`cms_module_id`),
  CONSTRAINT `cms_module_permissions_cms_module_id_foreign` FOREIGN KEY (`cms_module_id`) REFERENCES `cms_modules` (`id`) ON DELETE CASCADE ON UPDATE NO ACTION,
  CONSTRAINT `cms_module_permissions_user_group_id_foreign` FOREIGN KEY (`user_group_id`) REFERENCES `user_groups` (`id`) ON DELETE CASCADE ON UPDATE NO ACTION,
  CONSTRAINT `cms_module_permissions_user_id_foreign` FOREIGN KEY (`user_id`) REFERENCES `users` (`id`) ON DELETE CASCADE ON UPDATE NO ACTION
) ENGINE=InnoDB DEFAULT CHARSET=utf8mb4;

--
-- Dumping data for table `cms_module_permissions`
--


--
-- Table structure for table `cms_modules`
--

CREATE TABLE `cms_modules` (
  `id` int(10) unsigned NOT NULL AUTO_INCREMENT,
  `parent_id` int(11) DEFAULT '0',
  `name` varchar(100) DEFAULT NULL,
  `route_name` varchar(100) DEFAULT NULL,
  `icon` varchar(100) DEFAULT NULL,
  `status` enum('1','0') DEFAULT '1',
  `sort_order` decimal(8,2) DEFAULT NULL,
  `created_at` datetime DEFAULT NULL,
  `updated_at` datetime DEFAULT NULL,
  `deleted_at` timestamp NULL DEFAULT NULL,
  PRIMARY KEY (`id`)
) ENGINE=InnoDB AUTO_INCREMENT=7 DEFAULT CHARSET=utf8mb4;

--
-- Dumping data for table `cms_modules`
--

INSERT INTO `cms_modules` VALUES (1,0,'Cms Roles Management','cms-roles-management.index','fa fa-key','1',1.00,'2023-01-24 01:54:55',NULL,NULL),(2,0,'Cms Users Management','cms-users-management.index','fa fa-users','1',2.00,'2023-01-24 01:54:55',NULL,NULL),(3,0,'Application Setting','admin.application-setting','fa fa-cog','1',3.00,'2023-01-24 01:54:55',NULL,NULL),(4,0,'Users Management','app-users.index','fa fa-users','1',4.00,'2023-01-24 01:54:55',NULL,NULL),(5,0,'Content Management','content-management.index','fa fa-tasks','1',5.00,'2023-01-24 01:54:55',NULL,NULL),(6,0,'FAQ\'s','faq.index','fa fa-question-circle-o','1',6.00,'2023-01-24 01:54:55',NULL,NULL);

--
-- Table structure for table `comments`
--

CREATE TABLE `comments` (
  `id` int(10) unsigned NOT NULL AUTO_INCREMENT,
  `slug` varchar(150) NOT NULL,
  `user_id` int(10) unsigned DEFAULT NULL,
  `module` varchar(100) NOT NULL,
  `module_id` int(11) NOT NULL,
  `comments` text,
  `status` enum('1','0') NOT NULL DEFAULT '1',
  `created_at` datetime DEFAULT NULL,
  `updated_at` datetime DEFAULT NULL,
  `deleted_at` timestamp NULL DEFAULT NULL,
  PRIMARY KEY (`id`),
  UNIQUE KEY `comments_slug_unique` (`slug`),
  KEY `comments_user_id_foreign` (`user_id`),
  CONSTRAINT `comments_user_id_foreign` FOREIGN KEY (`user_id`) REFERENCES `users` (`id`) ON DELETE CASCADE ON UPDATE NO ACTION
) ENGINE=InnoDB DEFAULT CHARSET=utf8mb4;

--
-- Dumping data for table `comments`
--


--
-- Table structure for table `content_managements`
--

CREATE TABLE `content_managements` (
  `id` int(10) unsigned NOT NULL AUTO_INCREMENT,
  `title` varchar(150) NOT NULL,
  `slug` varchar(150) NOT NULL,
  `content` text,
  `status` enum('1','0') DEFAULT '1',
  `created_at` datetime DEFAULT NULL,
  `updated_at` datetime DEFAULT NULL,
  `deleted_at` timestamp NULL DEFAULT NULL,
  PRIMARY KEY (`id`),
  UNIQUE KEY `content_managements_slug_unique` (`slug`),
  KEY `content_managements_slug_index` (`slug`)
) ENGINE=InnoDB DEFAULT CHARSET=utf8mb4;

--
-- Dumping data for table `content_managements`
--


--
-- Table structure for table `event_interesteds`
--

CREATE TABLE `event_interesteds` (
  `id` int(10) unsigned NOT NULL AUTO_INCREMENT,
  `slug` varchar(150) NOT NULL,
  `user_id` int(10) unsigned DEFAULT NULL,
  `event_id` int(255) NOT NULL,
  `is_interested` int(11) NOT NULL DEFAULT '0',
  `status` enum('1','0') NOT NULL DEFAULT '1',
  `created_at` datetime DEFAULT NULL,
  `updated_at` datetime DEFAULT NULL,
  `deleted_at` timestamp NULL DEFAULT NULL,
  PRIMARY KEY (`id`),
  UNIQUE KEY `event_interesteds_slug_unique` (`slug`),
  KEY `event_interesteds_user_id_foreign` (`user_id`),
  CONSTRAINT `event_interesteds_user_id_foreign` FOREIGN KEY (`user_id`) REFERENCES `users` (`id`) ON DELETE CASCADE ON UPDATE NO ACTION
) ENGINE=InnoDB AUTO_INCREMENT=2 DEFAULT CHARSET=utf8mb4;

--
-- Dumping data for table `event_interesteds`
--

INSERT INTO `event_interesteds` VALUES (1,'ievent_4387',2,2,1,'1','2023-02-10 05:25:59','2023-02-21 05:10:17',NULL);

--
-- Table structure for table `events`
--

CREATE TABLE `events` (
  `id` int(10) unsigned NOT NULL AUTO_INCREMENT,
  `slug` varchar(150) NOT NULL,
  `user_id` int(10) unsigned DEFAULT NULL,
  `title` varchar(255) NOT NULL,
  `start_date` varchar(255) NOT NULL,
  `end_date` varchar(255) NOT NULL,
  `start_time` varchar(255) NOT NULL,
  `end_time` varchar(255) NOT NULL,
  `address` varchar(255) NOT NULL,
  `longitude` varchar(255) NOT NULL,
  `latitude` varchar(255) NOT NULL,
  `description` text,
  `image_url` varchar(255) NOT NULL,
  `total_interested` int(11) NOT NULL DEFAULT '0',
  `event_date` text,
  `status` enum('1','0') NOT NULL DEFAULT '1',
  `created_at` datetime DEFAULT NULL,
  `updated_at` datetime DEFAULT NULL,
  `deleted_at` timestamp NULL DEFAULT NULL,
  PRIMARY KEY (`id`),
  UNIQUE KEY `events_slug_unique` (`slug`),
  KEY `events_user_id_foreign` (`user_id`),
  CONSTRAINT `events_user_id_foreign` FOREIGN KEY (`user_id`) REFERENCES `users` (`id`) ON DELETE CASCADE ON UPDATE NO ACTION
) ENGINE=InnoDB AUTO_INCREMENT=3 DEFAULT CHARSET=utf8mb4;

--
-- Dumping data for table `events`
--

INSERT INTO `events` VALUES (1,'sad',4,'Sad','2023-01-24','2023-02-24','4:29 PM','6:29 PM','Asansol, West Bengal, India','86.96606380000003','23.68886359999999','Asdas','https://dolittlemedia.s3.amazonaws.com/uploads/users/1674556192625.jpeg',0,'2023-01-24','1','2023-01-24 05:29:53','2023-01-24 05:29:53',NULL),(2,'my-event',3,'My Event','2023-02-09','2023-03-09','11:58 AM','3:58 PM','Beştepe, AŞTİ, Yenimahalle/Ankara, Türkiye','32.81000280000009','39.91868710000003','Dsad','https://dolittlemedia.s3.amazonaws.com/uploads/users/1675925937673.jpeg',1,'2023-02-09','1','2023-02-09 01:59:01','2023-02-09 01:59:01',NULL);

--
-- Table structure for table `faqs`
--

CREATE TABLE `faqs` (
  `id` int(10) unsigned NOT NULL AUTO_INCREMENT,
  `slug` varchar(200) NOT NULL,
  `question` text NOT NULL,
  `answer` text NOT NULL,
  `created_at` datetime DEFAULT NULL,
  `updated_at` datetime DEFAULT NULL,
  `deleted_at` timestamp NULL DEFAULT NULL,
  PRIMARY KEY (`id`),
  UNIQUE KEY `faqs_slug_unique` (`slug`)
) ENGINE=InnoDB DEFAULT CHARSET=utf8mb4;

--
-- Dumping data for table `faqs`
--


--
-- Table structure for table `mail_templates`
--

CREATE TABLE `mail_templates` (
  `id` int(10) unsigned NOT NULL AUTO_INCREMENT,
  `identifier` varchar(100) DEFAULT NULL,
  `subject` varchar(200) DEFAULT NULL,
  `body` text NOT NULL,
  `wildcard` text NOT NULL,
  `created_at` datetime DEFAULT NULL,
  `updated_at` datetime DEFAULT NULL,
  `deleted_at` timestamp NULL DEFAULT NULL,
  PRIMARY KEY (`id`)
) ENGINE=InnoDB DEFAULT CHARSET=utf8mb4;

--
-- Dumping data for table `mail_templates`
--


--
-- Table structure for table `media`
--

CREATE TABLE `media` (
  `id` int(10) unsigned NOT NULL AUTO_INCREMENT,
  `slug` varchar(255) NOT NULL,
  `user_id` int(11) NOT NULL,
  `module` varchar(100) NOT NULL,
  `module_id` int(11) NOT NULL,
  `module_category` int(11) NOT NULL DEFAULT '0',
  `group_id` int(11) NOT NULL DEFAULT '0',
  `filename` varchar(200) NOT NULL,
  `original_name` varchar(200) NOT NULL,
  `file_url` text NOT NULL,
  `file_url_blur` varchar(200) NOT NULL,
  `thumbnail_url` text,
  `width` varchar(255) NOT NULL,
  `height` varchar(255) NOT NULL,
  `mime_type` varchar(255) DEFAULT NULL,
  `file_type` varchar(255) DEFAULT NULL,
  `driver` varchar(50) NOT NULL DEFAULT 'local',
  `media_type` enum('public','private') NOT NULL DEFAULT 'public',
  `meta` text,
  `created_at` datetime DEFAULT NULL,
  `updated_at` datetime DEFAULT NULL,
  `deleted_at` timestamp NULL DEFAULT NULL,
  PRIMARY KEY (`id`)
) ENGINE=InnoDB AUTO_INCREMENT=185 DEFAULT CHARSET=utf8mb4;

--
-- Dumping data for table `media`
--

INSERT INTO `media` VALUES (1,'1674543657069',4,'post',1,0,0,'dumy_411674543657025','dumy_411674543657025','https://dolittlemedia.s3.amazonaws.com/uploads/users/1674543654522.jpeg','none','https://dolittlemedia.s3.amazonaws.com/uploads/users/1674543654522.jpeg','0','0','image','image','local','public',NULL,'2023-01-24 02:00:57',NULL,NULL),(2,'1674543687363',2,'post',2,0,0,'dumy_801674543687275','dumy_801674543687275','https://dolittlemedia.s3.amazonaws.com/uploads/users/1674543686805.jpeg','none','https://dolittlemedia.s3.amazonaws.com/uploads/users/1674543686805.jpeg','0','0','image','image','local','public',NULL,'2023-01-24 02:01:27',NULL,NULL),(3,'1674543701264',3,'post',3,0,0,'dumy_561674543701194','dumy_561674543701194','https://dolittlemedia.s3.amazonaws.com/uploads/users/1674543700752.jpeg','none','https://dolittlemedia.s3.amazonaws.com/uploads/users/1674543700752.jpeg','0','0','image','image','local','public',NULL,'2023-01-24 02:01:41',NULL,NULL),(4,'1674544005108',2,'post',4,0,1,'dumy_601674544005032','dumy_601674544005032','https://dolittlemedia.s3.amazonaws.com/uploads/users/1674544003665.jpeg','none','https://dolittlemedia.s3.amazonaws.com/uploads/users/1674544003665.jpeg','0','0','image','image','local','public',NULL,'2023-01-24 02:06:45',NULL,NULL),(5,'1674544144821',3,'post',5,0,1,'dumy_771674544144731','dumy_771674544144731','https://dolittlemedia.s3.amazonaws.com/uploads/users/1674544143349.jpeg','none','https://dolittlemedia.s3.amazonaws.com/uploads/users/1674544143349.jpeg','0','0','image','image','local','public',NULL,'2023-01-24 02:09:05',NULL,NULL),(6,'1674548388706',4,'post',6,0,6,'dumy_411674548388683','dumy_411674548388683','https://dolittlemedia.s3.amazonaws.com/uploads/users/1674548387372.jpeg','none','https://dolittlemedia.s3.amazonaws.com/uploads/users/1674548387372.jpeg','0','0','image','image','local','public',NULL,'2023-01-24 03:19:49',NULL,NULL),(7,'1674555518309',4,'post',6,0,6,'dumy_311674555518245','dumy_311674555518245','https://dolittlemedia.s3.amazonaws.com/uploads/users/1674555515273.jpeg','none','https://dolittlemedia.s3.amazonaws.com/uploads/users/1674555515273.jpeg','0','0','image','image','local','public',NULL,'2023-01-24 05:18:38',NULL,NULL),(8,'1674555518308',4,'post',6,0,6,'dumy_571674555518252','dumy_571674555518252','https://dolittlemedia.s3.amazonaws.com/uploads/users/1674555515800.jpeg','none','https://dolittlemedia.s3.amazonaws.com/uploads/users/1674555515800.jpeg','0','0','image','image','local','public',NULL,'2023-01-24 05:18:38',NULL,NULL),(9,'1674628856718',2,'post',0,0,0,'dumy_241674628856679','dumy_241674628856679','https://dolittlemedia.s3.amazonaws.com/uploads/users/1674628852431.jpeg','none','https://dolittlemedia.s3.amazonaws.com/uploads/users/1674628852431.jpeg','0','0','image','image','local','public',NULL,'2023-01-25 01:40:57',NULL,NULL),(10,'1674628856756',2,'post',0,0,0,'dumy_241674628856685','dumy_241674628856685','https://dolittlemedia.s3.amazonaws.com/uploads/users/1674628852968.jpeg','none','https://dolittlemedia.s3.amazonaws.com/uploads/users/1674628852968.jpeg','0','0','image','image','local','public',NULL,'2023-01-25 01:40:57',NULL,NULL),(11,'1674628856760',2,'post',0,0,0,'dumy_521674628856686','dumy_521674628856686','https://dolittlemedia.s3.amazonaws.com/uploads/users/1674628854254.jpeg','none','https://dolittlemedia.s3.amazonaws.com/uploads/users/1674628854254.jpeg','0','0','image','image','local','public',NULL,'2023-01-25 01:40:57',NULL,NULL),(12,'1674628939114',2,'post',7,0,8,'dumy_81674628939057','dumy_81674628939057','https://dolittlemedia.s3.amazonaws.com/uploads/users/1674628934971.jpeg','none','https://dolittlemedia.s3.amazonaws.com/uploads/users/1674628934971.jpeg','0','0','image','image','local','public',NULL,'2023-01-25 01:42:19',NULL,NULL),(13,'1674628939098',2,'post',7,0,8,'dumy_671674628939063','dumy_671674628939063','https://dolittlemedia.s3.amazonaws.com/uploads/users/1674628935421.jpeg','none','https://dolittlemedia.s3.amazonaws.com/uploads/users/1674628935421.jpeg','0','0','image','image','local','public',NULL,'2023-01-25 01:42:19',NULL,NULL),(14,'1674628939144',2,'post',7,0,8,'dumy_821674628939064','dumy_821674628939064','https://dolittlemedia.s3.amazonaws.com/uploads/users/1674628936690.jpeg','none','https://dolittlemedia.s3.amazonaws.com/uploads/users/1674628936690.jpeg','0','0','image','image','local','public',NULL,'2023-01-25 01:42:19',NULL,NULL),(15,'1674629254328',2,'post',0,0,0,'dumy_711674629254285','dumy_711674629254285','https://dolittlemedia.s3.amazonaws.com/uploads/users/1674629251373.jpeg','none','https://dolittlemedia.s3.amazonaws.com/uploads/users/1674629251373.jpeg','0','0','image','image','local','public',NULL,'2023-01-25 01:47:34',NULL,NULL),(16,'1674629254308',2,'post',0,0,0,'dumy_991674629254291','dumy_991674629254291','https://dolittlemedia.s3.amazonaws.com/uploads/users/1674629251858.jpeg','none','https://dolittlemedia.s3.amazonaws.com/uploads/users/1674629251858.jpeg','0','0','image','image','local','public',NULL,'2023-01-25 01:47:34',NULL,NULL),(17,'1674629333932',2,'post',0,0,0,'dumy_781674629333911','dumy_781674629333911','https://dolittlemedia.s3.amazonaws.com/uploads/users/1674629331027.jpeg','none','https://dolittlemedia.s3.amazonaws.com/uploads/users/1674629331027.jpeg','0','0','image','image','local','public',NULL,'2023-01-25 01:48:54',NULL,NULL),(18,'1674629333930',2,'post',0,0,0,'dumy_711674629333913','dumy_711674629333913','https://dolittlemedia.s3.amazonaws.com/uploads/users/1674629331497.jpeg','none','https://dolittlemedia.s3.amazonaws.com/uploads/users/1674629331497.jpeg','0','0','image','image','local','public',NULL,'2023-01-25 01:48:54',NULL,NULL),(19,'1674629439817',2,'post',0,0,0,'dumy_641674629439743','dumy_641674629439743','https://dolittlemedia.s3.amazonaws.com/uploads/users/1674629436678.jpeg','none','https://dolittlemedia.s3.amazonaws.com/uploads/users/1674629436678.jpeg','0','0','image','image','local','public',NULL,'2023-01-25 01:50:40',NULL,NULL),(20,'1674629439803',2,'post',0,0,0,'dumy_931674629439756','dumy_931674629439756','https://dolittlemedia.s3.amazonaws.com/uploads/users/1674629437172.jpeg','none','https://dolittlemedia.s3.amazonaws.com/uploads/users/1674629437172.jpeg','0','0','image','image','local','public',NULL,'2023-01-25 01:50:40',NULL,NULL),(21,'1674629540774',2,'post',0,0,0,'dumy_771674629540746','dumy_771674629540746','https://dolittlemedia.s3.amazonaws.com/uploads/users/1674629537816.jpeg','none','https://dolittlemedia.s3.amazonaws.com/uploads/users/1674629537816.jpeg','0','0','image','image','local','public',NULL,'2023-01-25 01:52:21',NULL,NULL),(22,'1674629540791',2,'post',0,0,0,'dumy_881674629540754','dumy_881674629540754','https://dolittlemedia.s3.amazonaws.com/uploads/users/1674629538292.jpeg','none','https://dolittlemedia.s3.amazonaws.com/uploads/users/1674629538292.jpeg','0','0','image','image','local','public',NULL,'2023-01-25 01:52:21',NULL,NULL),(23,'1674630109134',2,'post',0,0,0,'dumy_61674630109070','dumy_61674630109070','https://dolittlemedia.s3.amazonaws.com/uploads/users/1674630106033.jpeg','none','https://dolittlemedia.s3.amazonaws.com/uploads/users/1674630106033.jpeg','0','0','image','image','local','public',NULL,'2023-01-25 02:01:49',NULL,NULL),(24,'1674630109215',2,'post',0,0,0,'dumy_381674630109116','dumy_381674630109116','https://dolittlemedia.s3.amazonaws.com/uploads/users/1674630106554.jpeg','none','https://dolittlemedia.s3.amazonaws.com/uploads/users/1674630106554.jpeg','0','0','image','image','local','public',NULL,'2023-01-25 02:01:49',NULL,NULL),(25,'1674630177661',2,'post',0,0,0,'dumy_611674630177562','dumy_611674630177562','https://dolittlemedia.s3.amazonaws.com/uploads/users/1674630174630.jpeg','none','https://dolittlemedia.s3.amazonaws.com/uploads/users/1674630174630.jpeg','0','0','image','image','local','public',NULL,'2023-01-25 02:02:58',NULL,NULL),(26,'1674630177652',2,'post',0,0,0,'dumy_311674630177617','dumy_311674630177617','https://dolittlemedia.s3.amazonaws.com/uploads/users/1674630175080.jpeg','none','https://dolittlemedia.s3.amazonaws.com/uploads/users/1674630175080.jpeg','0','0','image','image','local','public',NULL,'2023-01-25 02:02:58',NULL,NULL),(27,'1674630273298',2,'post',0,0,0,'dumy_171674630273260','dumy_171674630273260','https://dolittlemedia.s3.amazonaws.com/uploads/users/1674630269541.jpeg','none','https://dolittlemedia.s3.amazonaws.com/uploads/users/1674630269541.jpeg','0','0','image','image','local','public',NULL,'2023-01-25 02:04:33',NULL,NULL),(28,'1674630273347',2,'post',0,0,0,'dumy_181674630273305','dumy_181674630273305','https://dolittlemedia.s3.amazonaws.com/uploads/users/1674630270854.jpeg','none','https://dolittlemedia.s3.amazonaws.com/uploads/users/1674630270854.jpeg','0','0','image','image','local','public',NULL,'2023-01-25 02:04:33',NULL,NULL),(29,'1674630323058',2,'post',0,0,0,'dumy_961674630322983','dumy_961674630322983','https://dolittlemedia.s3.amazonaws.com/uploads/users/1674630321475.jpeg','none','https://dolittlemedia.s3.amazonaws.com/uploads/users/1674630321475.jpeg','0','0','image','image','local','public',NULL,'2023-01-25 02:05:23',NULL,NULL),(30,'1674630323076',2,'post',0,0,0,'dumy_651674630323011','dumy_651674630323011','https://dolittlemedia.s3.amazonaws.com/uploads/users/1674630321946.png','none','https://dolittlemedia.s3.amazonaws.com/uploads/users/1674630321946.png','0','0','image','image','local','public',NULL,'2023-01-25 02:05:23',NULL,NULL),(31,'1674630369694',2,'post',0,0,0,'dumy_271674630369628','dumy_271674630369628','https://dolittlemedia.s3.amazonaws.com/uploads/users/1674630368137.jpeg','none','https://dolittlemedia.s3.amazonaws.com/uploads/users/1674630368137.jpeg','0','0','image','image','local','public',NULL,'2023-01-25 02:06:10',NULL,NULL),(32,'1674630369688',2,'post',0,0,0,'dumy_531674630369637','dumy_531674630369637','https://dolittlemedia.s3.amazonaws.com/uploads/users/1674630368584.png','none','https://dolittlemedia.s3.amazonaws.com/uploads/users/1674630368584.png','0','0','image','image','local','public',NULL,'2023-01-25 02:06:10',NULL,NULL),(33,'1674630496353',2,'post',0,0,0,'dumy_801674630496352','dumy_801674630496352','https://dolittlemedia.s3.amazonaws.com/uploads/users/1674630492647.jpeg','none','https://dolittlemedia.s3.amazonaws.com/uploads/users/1674630492647.jpeg','0','0','image','image','local','public',NULL,'2023-01-25 02:08:16',NULL,NULL),(34,'1674630496408',2,'post',0,0,0,'dumy_431674630496378','dumy_431674630496378','https://dolittlemedia.s3.amazonaws.com/uploads/users/1674630493917.jpeg','none','https://dolittlemedia.s3.amazonaws.com/uploads/users/1674630493917.jpeg','0','0','image','image','local','public',NULL,'2023-01-25 02:08:16',NULL,NULL),(35,'1674630612738',2,'post',0,0,0,'dumy_961674630612638','dumy_961674630612638','https://dolittlemedia.s3.amazonaws.com/uploads/users/1674630612151.jpeg','none','https://dolittlemedia.s3.amazonaws.com/uploads/users/1674630612151.jpeg','0','0','image','image','local','public',NULL,'2023-01-25 02:10:13',NULL,NULL),(36,'1674630703232',2,'post',0,0,0,'dumy_301674630703143','dumy_301674630703143','https://dolittlemedia.s3.amazonaws.com/uploads/users/1674630700214.jpeg','none','https://dolittlemedia.s3.amazonaws.com/uploads/users/1674630700214.jpeg','0','0','image','image','local','public',NULL,'2023-01-25 02:11:43',NULL,NULL),(37,'1674630703159',2,'post',0,0,0,'dumy_761674630703145','dumy_761674630703145','https://dolittlemedia.s3.amazonaws.com/uploads/users/1674630700691.jpeg','none','https://dolittlemedia.s3.amazonaws.com/uploads/users/1674630700691.jpeg','0','0','image','image','local','public',NULL,'2023-01-25 02:11:43',NULL,NULL),(38,'1674630761225',2,'post',0,0,0,'dumy_261674630761188','dumy_261674630761188','https://dolittlemedia.s3.amazonaws.com/uploads/users/1674630759635.jpeg','none','https://dolittlemedia.s3.amazonaws.com/uploads/users/1674630759635.jpeg','0','0','image','image','local','public',NULL,'2023-01-25 02:12:41',NULL,NULL),(39,'1674630761260',2,'post',0,0,0,'dumy_861674630761196','dumy_861674630761196','https://dolittlemedia.s3.amazonaws.com/uploads/users/1674630760155.png','none','https://dolittlemedia.s3.amazonaws.com/uploads/users/1674630760155.png','0','0','image','image','local','public',NULL,'2023-01-25 02:12:41',NULL,NULL),(40,'1674630790357',2,'post',0,0,0,'dumy_111674630790271','dumy_111674630790271','https://dolittlemedia.s3.amazonaws.com/uploads/users/1674630788773.jpeg','none','https://dolittlemedia.s3.amazonaws.com/uploads/users/1674630788773.jpeg','0','0','image','image','local','public',NULL,'2023-01-25 02:13:10',NULL,NULL),(41,'1674630790325',2,'post',0,0,0,'dumy_881674630790273','dumy_881674630790273','https://dolittlemedia.s3.amazonaws.com/uploads/users/1674630789228.png','none','https://dolittlemedia.s3.amazonaws.com/uploads/users/1674630789228.png','0','0','image','image','local','public',NULL,'2023-01-25 02:13:10',NULL,NULL),(42,'1674630844896',2,'post',0,0,0,'dumy_281674630844837','dumy_281674630844837','https://dolittlemedia.s3.amazonaws.com/uploads/users/1674630843309.jpeg','none','https://dolittlemedia.s3.amazonaws.com/uploads/users/1674630843309.jpeg','0','0','image','image','local','public',NULL,'2023-01-25 02:14:05',NULL,NULL),(43,'1674630844855',2,'post',0,0,0,'dumy_411674630844843','dumy_411674630844843','https://dolittlemedia.s3.amazonaws.com/uploads/users/1674630843776.png','none','https://dolittlemedia.s3.amazonaws.com/uploads/users/1674630843776.png','0','0','image','image','local','public',NULL,'2023-01-25 02:14:05',NULL,NULL),(44,'1674630923410',2,'post',0,0,0,'dumy_71674630923348','dumy_71674630923348','https://dolittlemedia.s3.amazonaws.com/uploads/users/1674630921695.jpeg','none','https://dolittlemedia.s3.amazonaws.com/uploads/users/1674630921695.jpeg','0','0','image','image','local','public',NULL,'2023-01-25 02:15:23',NULL,NULL),(45,'1674630923388',2,'post',0,0,0,'dumy_421674630923361','dumy_421674630923361','https://dolittlemedia.s3.amazonaws.com/uploads/users/1674630922199.png','none','https://dolittlemedia.s3.amazonaws.com/uploads/users/1674630922199.png','0','0','image','image','local','public',NULL,'2023-01-25 02:15:23',NULL,NULL),(46,'1674630961468',2,'post',0,0,0,'dumy_781674630961419','dumy_781674630961419','https://dolittlemedia.s3.amazonaws.com/uploads/users/1674630959903.jpeg','none','https://dolittlemedia.s3.amazonaws.com/uploads/users/1674630959903.jpeg','0','0','image','image','local','public',NULL,'2023-01-25 02:16:01',NULL,NULL),(47,'1674630961503',2,'post',0,0,0,'dumy_371674630961421','dumy_371674630961421','https://dolittlemedia.s3.amazonaws.com/uploads/users/1674630960375.png','none','https://dolittlemedia.s3.amazonaws.com/uploads/users/1674630960375.png','0','0','image','image','local','public',NULL,'2023-01-25 02:16:01',NULL,NULL),(48,'1674630983856',2,'post',0,0,0,'dumy_951674630983832','dumy_951674630983832','https://dolittlemedia.s3.amazonaws.com/uploads/users/1674630982308.jpeg','none','https://dolittlemedia.s3.amazonaws.com/uploads/users/1674630982308.jpeg','0','0','image','image','local','public',NULL,'2023-01-25 02:16:24',NULL,NULL),(49,'1674630983883',2,'post',0,0,0,'dumy_191674630983843','dumy_191674630983843','https://dolittlemedia.s3.amazonaws.com/uploads/users/1674630982785.png','none','https://dolittlemedia.s3.amazonaws.com/uploads/users/1674630982785.png','0','0','image','image','local','public',NULL,'2023-01-25 02:16:24',NULL,NULL),(50,'1674631031669',2,'post',0,0,0,'dumy_431674631031642','dumy_431674631031642','https://dolittlemedia.s3.amazonaws.com/uploads/users/1674631030155.jpeg','none','https://dolittlemedia.s3.amazonaws.com/uploads/users/1674631030155.jpeg','0','0','image','image','local','public',NULL,'2023-01-25 02:17:12',NULL,NULL),(51,'1674631031660',2,'post',0,0,0,'dumy_421674631031653','dumy_421674631031653','https://dolittlemedia.s3.amazonaws.com/uploads/users/1674631030610.png','none','https://dolittlemedia.s3.amazonaws.com/uploads/users/1674631030610.png','0','0','image','image','local','public',NULL,'2023-01-25 02:17:12',NULL,NULL),(52,'1674631112817',2,'post',0,0,0,'dumy_971674631112768','dumy_971674631112768','https://dolittlemedia.s3.amazonaws.com/uploads/users/1674631111246.jpeg','none','https://dolittlemedia.s3.amazonaws.com/uploads/users/1674631111246.jpeg','0','0','image','image','local','public',NULL,'2023-01-25 02:18:33',NULL,NULL),(53,'1674631112851',2,'post',0,0,0,'dumy_271674631112775','dumy_271674631112775','https://dolittlemedia.s3.amazonaws.com/uploads/users/1674631111714.png','none','https://dolittlemedia.s3.amazonaws.com/uploads/users/1674631111714.png','0','0','image','image','local','public',NULL,'2023-01-25 02:18:33',NULL,NULL),(54,'1674631369894',2,'post',0,0,0,'dumy_421674631369841','dumy_421674631369841','https://dolittlemedia.s3.amazonaws.com/uploads/users/1674631368269.jpeg','none','https://dolittlemedia.s3.amazonaws.com/uploads/users/1674631368269.jpeg','0','0','image','image','local','public',NULL,'2023-01-25 02:22:50',NULL,NULL),(55,'1674631369866',2,'post',0,0,0,'dumy_551674631369849','dumy_551674631369849','https://dolittlemedia.s3.amazonaws.com/uploads/users/1674631368757.png','none','https://dolittlemedia.s3.amazonaws.com/uploads/users/1674631368757.png','0','0','image','image','local','public',NULL,'2023-01-25 02:22:50',NULL,NULL),(56,'1674631438305',2,'post',0,0,0,'dumy_421674631438210','dumy_421674631438210','https://dolittlemedia.s3.amazonaws.com/uploads/users/1674631435230.jpeg','none','https://dolittlemedia.s3.amazonaws.com/uploads/users/1674631435230.jpeg','0','0','image','image','local','public',NULL,'2023-01-25 02:23:58',NULL,NULL),(57,'1674631438250',2,'post',0,0,0,'dumy_281674631438224','dumy_281674631438224','https://dolittlemedia.s3.amazonaws.com/uploads/users/1674631435731.jpeg','none','https://dolittlemedia.s3.amazonaws.com/uploads/users/1674631435731.jpeg','0','0','image','image','local','public',NULL,'2023-01-25 02:23:58',NULL,NULL),(58,'1674631521633',2,'post',0,0,0,'dumy_221674631521536','dumy_221674631521536','https://dolittlemedia.s3.amazonaws.com/uploads/users/1674631519996.jpeg','none','https://dolittlemedia.s3.amazonaws.com/uploads/users/1674631519996.jpeg','0','0','image','image','local','public',NULL,'2023-01-25 02:25:22',NULL,NULL),(59,'1674631521634',2,'post',0,0,0,'dumy_691674631521546','dumy_691674631521546','https://dolittlemedia.s3.amazonaws.com/uploads/users/1674631520484.png','none','https://dolittlemedia.s3.amazonaws.com/uploads/users/1674631520484.png','0','0','image','image','local','public',NULL,'2023-01-25 02:25:22',NULL,NULL),(60,'1674631555791',2,'post',0,0,0,'dumy_541674631555742','dumy_541674631555742','https://dolittlemedia.s3.amazonaws.com/uploads/users/1674631554315.jpeg','none','https://dolittlemedia.s3.amazonaws.com/uploads/users/1674631554315.jpeg','0','0','image','image','local','public',NULL,'2023-01-25 02:25:56',NULL,NULL),(61,'1674631555850',2,'post',0,0,0,'dumy_561674631555753','dumy_561674631555753','https://dolittlemedia.s3.amazonaws.com/uploads/users/1674631554763.png','none','https://dolittlemedia.s3.amazonaws.com/uploads/users/1674631554763.png','0','0','image','image','local','public',NULL,'2023-01-25 02:25:56',NULL,NULL),(62,'1674631609223',2,'post',0,0,0,'dumy_101674631609141','dumy_101674631609141','https://dolittlemedia.s3.amazonaws.com/uploads/users/1674631607465.jpeg','none','https://dolittlemedia.s3.amazonaws.com/uploads/users/1674631607465.jpeg','0','0','image','image','local','public',NULL,'2023-01-25 02:26:49',NULL,NULL),(63,'1674631609184',2,'post',0,0,0,'dumy_721674631609154','dumy_721674631609154','https://dolittlemedia.s3.amazonaws.com/uploads/users/1674631607942.png','none','https://dolittlemedia.s3.amazonaws.com/uploads/users/1674631607942.png','0','0','image','image','local','public',NULL,'2023-01-25 02:26:49',NULL,NULL),(64,'1674631981157',2,'post',0,0,0,'dumy_621674631981139','dumy_621674631981139','https://dolittlemedia.s3.amazonaws.com/uploads/users/1674631979575.jpeg','none','https://dolittlemedia.s3.amazonaws.com/uploads/users/1674631979575.jpeg','0','0','image','image','local','public',NULL,'2023-01-25 02:33:01',NULL,NULL),(65,'1674631981240',2,'post',0,0,0,'dumy_181674631981145','dumy_181674631981145','https://dolittlemedia.s3.amazonaws.com/uploads/users/1674631980095.png','none','https://dolittlemedia.s3.amazonaws.com/uploads/users/1674631980095.png','0','0','image','image','local','public',NULL,'2023-01-25 02:33:01',NULL,NULL),(66,'1674632038634',2,'post',0,0,0,'dumy_921674632038588','dumy_921674632038588','https://dolittlemedia.s3.amazonaws.com/uploads/users/1674632037127.jpeg','none','https://dolittlemedia.s3.amazonaws.com/uploads/users/1674632037127.jpeg','0','0','image','image','local','public',NULL,'2023-01-25 02:33:59',NULL,NULL),(67,'1674632038663',2,'post',0,0,0,'dumy_91674632038599','dumy_91674632038599','https://dolittlemedia.s3.amazonaws.com/uploads/users/1674632037600.png','none','https://dolittlemedia.s3.amazonaws.com/uploads/users/1674632037600.png','0','0','image','image','local','public',NULL,'2023-01-25 02:33:59',NULL,NULL),(68,'1674632159464',2,'post',8,0,0,'dumy_71674632159395','dumy_71674632159395','https://dolittlemedia.s3.amazonaws.com/uploads/users/1674632157866.jpeg','none','https://dolittlemedia.s3.amazonaws.com/uploads/users/1674632157866.jpeg','0','0','image','image','local','public',NULL,'2023-01-25 02:35:59',NULL,NULL),(69,'1674632159491',2,'post',8,0,0,'dumy_311674632159409','dumy_311674632159409','https://dolittlemedia.s3.amazonaws.com/uploads/users/1674632158356.png','none','https://dolittlemedia.s3.amazonaws.com/uploads/users/1674632158356.png','0','0','image','image','local','public',NULL,'2023-01-25 02:35:59',NULL,NULL),(70,'1674632218763',2,'post',0,0,0,'dumy_551674632218750','dumy_551674632218750','https://dolittlemedia.s3.amazonaws.com/uploads/users/1674632216519.jpeg','none','https://dolittlemedia.s3.amazonaws.com/uploads/users/1674632216519.jpeg','0','0','image','image','local','public',NULL,'2023-01-25 02:36:59',NULL,NULL),(71,'1674632218769',2,'post',0,0,0,'dumy_431674632218760','dumy_431674632218760','https://dolittlemedia.s3.amazonaws.com/uploads/users/1674632217004.png','none','https://dolittlemedia.s3.amazonaws.com/uploads/users/1674632217004.png','0','0','image','image','local','public',NULL,'2023-01-25 02:36:59',NULL,NULL),(72,'1674632264413',2,'post',0,0,0,'dumy_141674632264338','dumy_141674632264338','https://dolittlemedia.s3.amazonaws.com/uploads/users/1674632262830.jpeg','none','https://dolittlemedia.s3.amazonaws.com/uploads/users/1674632262830.jpeg','0','0','image','image','local','public',NULL,'2023-01-25 02:37:44',NULL,NULL),(73,'1674632264372',2,'post',0,0,0,'dumy_661674632264345','dumy_661674632264345','https://dolittlemedia.s3.amazonaws.com/uploads/users/1674632263283.png','none','https://dolittlemedia.s3.amazonaws.com/uploads/users/1674632263283.png','0','0','image','image','local','public',NULL,'2023-01-25 02:37:44',NULL,NULL),(74,'1674632286068',2,'post',0,0,0,'dumy_791674632286040','dumy_791674632286040','https://dolittlemedia.s3.amazonaws.com/uploads/users/1674632283386.jpeg','none','https://dolittlemedia.s3.amazonaws.com/uploads/users/1674632283386.jpeg','0','0','image','image','local','public',NULL,'2023-01-25 02:38:06',NULL,NULL),(75,'1674632286068',2,'post',0,0,0,'dumy_551674632286048','dumy_551674632286048','https://dolittlemedia.s3.amazonaws.com/uploads/users/1674632284671.jpeg','none','https://dolittlemedia.s3.amazonaws.com/uploads/users/1674632284671.jpeg','0','0','image','image','local','public',NULL,'2023-01-25 02:38:06',NULL,NULL),(76,'1674632364016',2,'post',0,0,0,'dumy_91674632363978','dumy_91674632363978','https://dolittlemedia.s3.amazonaws.com/uploads/users/1674632362370.jpeg','none','https://dolittlemedia.s3.amazonaws.com/uploads/users/1674632362370.jpeg','0','0','image','image','local','public',NULL,'2023-01-25 02:39:24',NULL,NULL),(77,'1674632364082',2,'post',0,0,0,'dumy_641674632363986','dumy_641674632363986','https://dolittlemedia.s3.amazonaws.com/uploads/users/1674632362839.png','none','https://dolittlemedia.s3.amazonaws.com/uploads/users/1674632362839.png','0','0','image','image','local','public',NULL,'2023-01-25 02:39:24',NULL,NULL),(78,'1674632527937',2,'post',0,0,0,'dumy_351674632527848','dumy_351674632527848','https://dolittlemedia.s3.amazonaws.com/uploads/users/1674632526146.mp4','none','https://dolittlemedia.s3.amazonaws.com/uploads/users/1674632527158.jpeg','0','0','video','video','local','public',NULL,'2023-01-25 02:42:08',NULL,NULL),(79,'1674632545347',2,'post',0,0,0,'dumy_331674632545261','dumy_331674632545261','https://dolittlemedia.s3.amazonaws.com/uploads/users/1674632543674.mp4','none','https://dolittlemedia.s3.amazonaws.com/uploads/users/1674632544576.jpeg','0','0','video','video','local','public',NULL,'2023-01-25 02:42:25',NULL,NULL),(80,'1674632692250',2,'post',9,0,0,'dumy_281674632692159','dumy_281674632692159','https://dolittlemedia.s3.amazonaws.com/uploads/users/1674632690614.jpeg','none','https://dolittlemedia.s3.amazonaws.com/uploads/users/1674632690614.jpeg','0','0','image','image','local','public',NULL,'2023-01-25 02:44:52',NULL,NULL),(81,'1674632692250',2,'post',9,0,0,'dumy_891674632692168','dumy_891674632692168','https://dolittlemedia.s3.amazonaws.com/uploads/users/1674632691118.png','none','https://dolittlemedia.s3.amazonaws.com/uploads/users/1674632691118.png','0','0','image','image','local','public',NULL,'2023-01-25 02:44:52',NULL,NULL),(82,'1674632706873',2,'post',9,0,0,'dumy_411674632706847','dumy_411674632706847','https://dolittlemedia.s3.amazonaws.com/uploads/users/1674632706391.jpeg','none','https://dolittlemedia.s3.amazonaws.com/uploads/users/1674632706391.jpeg','0','0','image','image','local','public',NULL,'2023-01-25 02:45:07',NULL,NULL),(83,'1674632739559',2,'post',0,0,0,'dumy_541674632739532','dumy_541674632739532','https://dolittlemedia.s3.amazonaws.com/uploads/users/1674632736733.jpeg','none','https://dolittlemedia.s3.amazonaws.com/uploads/users/1674632736733.jpeg','0','0','image','image','local','public',NULL,'2023-01-25 02:45:40',NULL,NULL),(84,'1674632739565',2,'post',0,0,0,'dumy_261674632739540','dumy_261674632739540','https://dolittlemedia.s3.amazonaws.com/uploads/users/1674632737179.png','none','https://dolittlemedia.s3.amazonaws.com/uploads/users/1674632737179.png','0','0','image','image','local','public',NULL,'2023-01-25 02:45:40',NULL,NULL),(85,'1674632739597',2,'post',0,0,0,'dumy_911674632739541','dumy_911674632739541','https://dolittlemedia.s3.amazonaws.com/uploads/users/1674632738173.jpeg','none','https://dolittlemedia.s3.amazonaws.com/uploads/users/1674632738173.jpeg','0','0','image','image','local','public',NULL,'2023-01-25 02:45:40',NULL,NULL),(86,'1674632766631',2,'post',0,0,0,'dumy_951674632766567','dumy_951674632766567','https://dolittlemedia.s3.amazonaws.com/uploads/users/1674632763634.jpeg','none','https://dolittlemedia.s3.amazonaws.com/uploads/users/1674632763634.jpeg','0','0','image','image','local','public',NULL,'2023-01-25 02:46:07',NULL,NULL),(87,'1674632766636',2,'post',0,0,0,'dumy_871674632766578','dumy_871674632766578','https://dolittlemedia.s3.amazonaws.com/uploads/users/1674632764142.png','none','https://dolittlemedia.s3.amazonaws.com/uploads/users/1674632764142.png','0','0','image','image','local','public',NULL,'2023-01-25 02:46:07',NULL,NULL),(88,'1674632766626',2,'post',0,0,0,'dumy_791674632766579','dumy_791674632766579','https://dolittlemedia.s3.amazonaws.com/uploads/users/1674632765198.jpeg','none','https://dolittlemedia.s3.amazonaws.com/uploads/users/1674632765198.jpeg','0','0','image','image','local','public',NULL,'2023-01-25 02:46:07',NULL,NULL),(89,'1674632799266',2,'post',0,0,0,'dumy_391674632799247','dumy_391674632799247','https://dolittlemedia.s3.amazonaws.com/uploads/users/1674632797693.jpeg','none','https://dolittlemedia.s3.amazonaws.com/uploads/users/1674632797693.jpeg','0','0','image','image','local','public',NULL,'2023-01-25 02:46:39',NULL,NULL),(90,'1674632799280',2,'post',0,0,0,'dumy_691674632799254','dumy_691674632799254','https://dolittlemedia.s3.amazonaws.com/uploads/users/1674632798214.png','none','https://dolittlemedia.s3.amazonaws.com/uploads/users/1674632798214.png','0','0','image','image','local','public',NULL,'2023-01-25 02:46:39',NULL,NULL),(91,'1674632816259',2,'post',0,0,0,'dumy_671674632816257','dumy_671674632816257','https://dolittlemedia.s3.amazonaws.com/uploads/users/1674632815744.jpeg','none','https://dolittlemedia.s3.amazonaws.com/uploads/users/1674632815744.jpeg','0','0','image','image','local','public',NULL,'2023-01-25 02:46:56',NULL,NULL),(92,'1674632848603',2,'post',0,0,0,'dumy_221674632848528','dumy_221674632848528','https://dolittlemedia.s3.amazonaws.com/uploads/users/1674632841321.png','none','https://dolittlemedia.s3.amazonaws.com/uploads/users/1674632841321.png','0','0','image','image','local','public',NULL,'2023-01-25 02:47:29',NULL,NULL),(93,'1674632848541',2,'post',0,0,0,'dumy_221674632848538','dumy_221674632848538','https://dolittlemedia.s3.amazonaws.com/uploads/users/1674632842424.jpeg','none','https://dolittlemedia.s3.amazonaws.com/uploads/users/1674632842424.jpeg','0','0','image','image','local','public',NULL,'2023-01-25 02:47:29',NULL,NULL),(94,'1674632848581',2,'post',0,0,0,'dumy_321674632848539','dumy_321674632848539','https://dolittlemedia.s3.amazonaws.com/uploads/users/1674632845996.jpeg','none','https://dolittlemedia.s3.amazonaws.com/uploads/users/1674632845996.jpeg','0','0','image','image','local','public',NULL,'2023-01-25 02:47:29',NULL,NULL),(95,'1674632890857',2,'post',10,0,0,'dumy_651674632890784','dumy_651674632890784','https://dolittlemedia.s3.amazonaws.com/uploads/users/1674632885645.jpeg','none','https://dolittlemedia.s3.amazonaws.com/uploads/users/1674632885645.jpeg','0','0','image','image','local','public',NULL,'2023-01-25 02:48:11',NULL,NULL),(96,'1674632890838',2,'post',10,0,0,'dumy_321674632890794','dumy_321674632890794','https://dolittlemedia.s3.amazonaws.com/uploads/users/1674632886928.jpeg','none','https://dolittlemedia.s3.amazonaws.com/uploads/users/1674632886928.jpeg','0','0','image','image','local','public',NULL,'2023-01-25 02:48:11',NULL,NULL),(97,'1674632890859',2,'post',10,0,0,'dumy_311674632890795','dumy_311674632890795','https://dolittlemedia.s3.amazonaws.com/uploads/users/1674632888328.jpeg','none','https://dolittlemedia.s3.amazonaws.com/uploads/users/1674632888328.jpeg','0','0','image','image','local','public',NULL,'2023-01-25 02:48:11',NULL,NULL),(98,'1674632945817',2,'post',0,0,0,'dumy_271674632945798','dumy_271674632945798','https://dolittlemedia.s3.amazonaws.com/uploads/users/1674632940778.jpeg','none','https://dolittlemedia.s3.amazonaws.com/uploads/users/1674632940778.jpeg','0','0','image','image','local','public',NULL,'2023-01-25 02:49:06',NULL,NULL),(99,'1674632945828',2,'post',0,0,0,'dumy_651674632945807','dumy_651674632945807','https://dolittlemedia.s3.amazonaws.com/uploads/users/1674632942055.jpeg','none','https://dolittlemedia.s3.amazonaws.com/uploads/users/1674632942055.jpeg','0','0','image','image','local','public',NULL,'2023-01-25 02:49:06',NULL,NULL),(100,'1674632945831',2,'post',0,0,0,'dumy_981674632945808','dumy_981674632945808','https://dolittlemedia.s3.amazonaws.com/uploads/users/1674632943414.jpeg','none','https://dolittlemedia.s3.amazonaws.com/uploads/users/1674632943414.jpeg','0','0','image','image','local','public',NULL,'2023-01-25 02:49:06',NULL,NULL),(101,'1674632965281',2,'post',11,0,0,'dumy_611674632965258','dumy_611674632965258','https://dolittlemedia.s3.amazonaws.com/uploads/users/1674632963786.jpeg','none','https://dolittlemedia.s3.amazonaws.com/uploads/users/1674632963786.jpeg','0','0','image','image','local','public',NULL,'2023-01-25 02:49:25',NULL,NULL),(102,'1674632965316',2,'post',11,0,0,'dumy_501674632965259','dumy_501674632965259','https://dolittlemedia.s3.amazonaws.com/uploads/users/1674632964248.png','none','https://dolittlemedia.s3.amazonaws.com/uploads/users/1674632964248.png','0','0','image','image','local','public',NULL,'2023-01-25 02:49:25',NULL,NULL),(103,'1674633224457',2,'post',12,0,0,'dumy_901674633224448','dumy_901674633224448','https://dolittlemedia.s3.amazonaws.com/uploads/users/1674633220580.jpeg','none','https://dolittlemedia.s3.amazonaws.com/uploads/users/1674633220580.jpeg','0','0','image','image','local','public',NULL,'2023-01-25 02:53:44',NULL,NULL),(104,'1674633224545',2,'post',12,0,0,'dumy_751674633224456','dumy_751674633224456','https://dolittlemedia.s3.amazonaws.com/uploads/users/1674633222027.jpeg','none','https://dolittlemedia.s3.amazonaws.com/uploads/users/1674633222027.jpeg','0','0','image','image','local','public',NULL,'2023-01-25 02:53:44',NULL,NULL),(105,'1674633230476',2,'post',12,0,0,'dumy_491674633230383','dumy_491674633230383','https://dolittlemedia.s3.amazonaws.com/uploads/users/1674633228908.jpeg','none','https://dolittlemedia.s3.amazonaws.com/uploads/users/1674633228908.jpeg','0','0','image','image','local','public',NULL,'2023-01-25 02:53:50',NULL,NULL),(106,'1674633230421',2,'post',12,0,0,'dumy_781674633230391','dumy_781674633230391','https://dolittlemedia.s3.amazonaws.com/uploads/users/1674633229376.png','none','https://dolittlemedia.s3.amazonaws.com/uploads/users/1674633229376.png','0','0','image','image','local','public',NULL,'2023-01-25 02:53:50',NULL,NULL),(107,'1674633245201',2,'post',12,0,0,'dumy_81674633245164','dumy_81674633245164','https://dolittlemedia.s3.amazonaws.com/uploads/users/1674633243705.jpeg','none','https://dolittlemedia.s3.amazonaws.com/uploads/users/1674633243705.jpeg','0','0','image','image','local','public',NULL,'2023-01-25 02:54:05',NULL,NULL),(108,'1674633245258',2,'post',12,0,0,'dumy_781674633245167','dumy_781674633245167','https://dolittlemedia.s3.amazonaws.com/uploads/users/1674633244146.png','none','https://dolittlemedia.s3.amazonaws.com/uploads/users/1674633244146.png','0','0','image','image','local','public',NULL,'2023-01-25 02:54:05',NULL,NULL),(109,'1674633283270',2,'post',0,0,0,'dumy_591674633283201','dumy_591674633283201','https://dolittlemedia.s3.amazonaws.com/uploads/users/1674633281343.jpeg','none','https://dolittlemedia.s3.amazonaws.com/uploads/users/1674633281343.jpeg','0','0','image','image','local','public',NULL,'2023-01-25 02:54:43',NULL,NULL),(110,'1674633283229',2,'post',0,0,0,'dumy_271674633283202','dumy_271674633283202','https://dolittlemedia.s3.amazonaws.com/uploads/users/1674633281847.jpeg','none','https://dolittlemedia.s3.amazonaws.com/uploads/users/1674633281847.jpeg','0','0','image','image','local','public',NULL,'2023-01-25 02:54:43',NULL,NULL),(111,'1674633307364',4,'post',0,0,0,'dumy_161674633307282','dumy_161674633307282','https://dolittlemedia.s3.amazonaws.com/uploads/users/1674633306337.jpeg','none','https://dolittlemedia.s3.amazonaws.com/uploads/users/1674633306337.jpeg','0','0','image','image','local','public',NULL,'2023-01-25 02:55:07',NULL,NULL),(112,'1674633314443',4,'post',0,0,0,'dumy_331674633314369','dumy_331674633314369','https://dolittlemedia.s3.amazonaws.com/uploads/users/1674633312245.jpeg','none','https://dolittlemedia.s3.amazonaws.com/uploads/users/1674633312245.jpeg','0','0','image','image','local','public',NULL,'2023-01-25 02:55:14',NULL,NULL),(113,'1674633314434',4,'post',0,0,0,'dumy_131674633314378','dumy_131674633314378','https://dolittlemedia.s3.amazonaws.com/uploads/users/1674633313084.jpeg','none','https://dolittlemedia.s3.amazonaws.com/uploads/users/1674633313084.jpeg','0','0','image','image','local','public',NULL,'2023-01-25 02:55:14',NULL,NULL),(114,'1674633376598',2,'post',0,0,0,'dumy_1001674633376573','dumy_1001674633376573','https://dolittlemedia.s3.amazonaws.com/uploads/users/1674633373585.jpeg','none','https://dolittlemedia.s3.amazonaws.com/uploads/users/1674633373585.jpeg','0','0','image','image','local','public',NULL,'2023-01-25 02:56:17',NULL,NULL),(115,'1674633376654',2,'post',0,0,0,'dumy_231674633376581','dumy_231674633376581','https://dolittlemedia.s3.amazonaws.com/uploads/users/1674633374034.jpeg','none','https://dolittlemedia.s3.amazonaws.com/uploads/users/1674633374034.jpeg','0','0','image','image','local','public',NULL,'2023-01-25 02:56:17',NULL,NULL),(116,'1674633398080',2,'post',0,0,0,'dumy_541674633398062','dumy_541674633398062','https://dolittlemedia.s3.amazonaws.com/uploads/users/1674633395105.jpeg','none','https://dolittlemedia.s3.amazonaws.com/uploads/users/1674633395105.jpeg','0','0','image','image','local','public',NULL,'2023-01-25 02:56:38',NULL,NULL),(117,'1674633398136',2,'post',0,0,0,'dumy_311674633398070','dumy_311674633398070','https://dolittlemedia.s3.amazonaws.com/uploads/users/1674633395547.jpeg','none','https://dolittlemedia.s3.amazonaws.com/uploads/users/1674633395547.jpeg','0','0','image','image','local','public',NULL,'2023-01-25 02:56:38',NULL,NULL),(118,'1674633478206',2,'post',0,0,0,'dumy_641674633478203','dumy_641674633478203','https://dolittlemedia.s3.amazonaws.com/uploads/users/1674633476752.jpeg','none','https://dolittlemedia.s3.amazonaws.com/uploads/users/1674633476752.jpeg','0','0','image','image','local','public',NULL,'2023-01-25 02:57:58',NULL,NULL),(119,'1674633478215',2,'post',0,0,0,'dumy_171674633478212','dumy_171674633478212','https://dolittlemedia.s3.amazonaws.com/uploads/users/1674633477210.png','none','https://dolittlemedia.s3.amazonaws.com/uploads/users/1674633477210.png','0','0','image','image','local','public',NULL,'2023-01-25 02:57:58',NULL,NULL),(120,'1674633518339',2,'post',0,0,0,'dumy_851674633518308','dumy_851674633518308','https://dolittlemedia.s3.amazonaws.com/uploads/users/1674633516819.jpeg','none','https://dolittlemedia.s3.amazonaws.com/uploads/users/1674633516819.jpeg','0','0','image','image','local','public',NULL,'2023-01-25 02:58:38',NULL,NULL),(121,'1674633518384',2,'post',0,0,0,'dumy_81674633518318','dumy_81674633518318','https://dolittlemedia.s3.amazonaws.com/uploads/users/1674633517332.png','none','https://dolittlemedia.s3.amazonaws.com/uploads/users/1674633517332.png','0','0','image','image','local','public',NULL,'2023-01-25 02:58:38',NULL,NULL),(122,'1674633585876',2,'post',0,0,0,'dumy_931674633585800','dumy_931674633585800','https://dolittlemedia.s3.amazonaws.com/uploads/users/1674633584311.jpeg','none','https://dolittlemedia.s3.amazonaws.com/uploads/users/1674633584311.jpeg','0','0','image','image','local','public',NULL,'2023-01-25 02:59:46',NULL,NULL),(123,'1674633585883',2,'post',0,0,0,'dumy_811674633585808','dumy_811674633585808','https://dolittlemedia.s3.amazonaws.com/uploads/users/1674633584789.png','none','https://dolittlemedia.s3.amazonaws.com/uploads/users/1674633584789.png','0','0','image','image','local','public',NULL,'2023-01-25 02:59:46',NULL,NULL),(124,'1674633624423',2,'post',13,0,0,'dumy_801674633624367','dumy_801674633624367','https://dolittlemedia.s3.amazonaws.com/uploads/users/1674633622821.jpeg','none','https://dolittlemedia.s3.amazonaws.com/uploads/users/1674633622821.jpeg','0','0','image','image','local','public',NULL,'2023-01-25 03:00:24',NULL,NULL),(125,'1674633624446',2,'post',13,0,0,'dumy_261674633624374','dumy_261674633624374','https://dolittlemedia.s3.amazonaws.com/uploads/users/1674633623301.png','none','https://dolittlemedia.s3.amazonaws.com/uploads/users/1674633623301.png','0','0','image','image','local','public',NULL,'2023-01-25 03:00:24',NULL,NULL),(126,'1674633648480',2,'post',13,0,0,'dumy_231674633648402','dumy_231674633648402','https://dolittlemedia.s3.amazonaws.com/uploads/users/1674633644708.jpeg','none','https://dolittlemedia.s3.amazonaws.com/uploads/users/1674633644708.jpeg','0','0','image','image','local','public',NULL,'2023-01-25 03:00:48',NULL,NULL),(127,'1674633648498',2,'post',13,0,0,'dumy_601674633648409','dumy_601674633648409','https://dolittlemedia.s3.amazonaws.com/uploads/users/1674633646002.jpeg','none','https://dolittlemedia.s3.amazonaws.com/uploads/users/1674633646002.jpeg','0','0','image','image','local','public',NULL,'2023-01-25 03:00:48',NULL,NULL),(128,'1674633695172',2,'post',14,0,0,'dumy_941674633695072','dumy_941674633695072','https://dolittlemedia.s3.amazonaws.com/uploads/users/1674633693547.jpeg','none','https://dolittlemedia.s3.amazonaws.com/uploads/users/1674633693547.jpeg','0','0','image','image','local','public',NULL,'2023-01-25 03:01:35',NULL,NULL),(129,'1674633695141',2,'post',0,0,0,'dumy_631674633695082','dumy_631674633695082','https://dolittlemedia.s3.amazonaws.com/uploads/users/1674633694030.png','none','https://dolittlemedia.s3.amazonaws.com/uploads/users/1674633694030.png','0','0','image','image','local','public',NULL,'2023-01-25 03:01:35',NULL,NULL),(130,'1674633717974',2,'post',0,0,0,'dumy_711674633717928','dumy_711674633717928','https://dolittlemedia.s3.amazonaws.com/uploads/users/1674633715239.jpeg','none','https://dolittlemedia.s3.amazonaws.com/uploads/users/1674633715239.jpeg','0','0','image','image','local','public',NULL,'2023-01-25 03:01:58',NULL,NULL),(131,'1674633717953',2,'post',0,0,0,'dumy_731674633717942','dumy_731674633717942','https://dolittlemedia.s3.amazonaws.com/uploads/users/1674633716513.jpeg','none','https://dolittlemedia.s3.amazonaws.com/uploads/users/1674633716513.jpeg','0','0','image','image','local','public',NULL,'2023-01-25 03:01:58',NULL,NULL),(132,'1674633749639',2,'post',0,0,0,'dumy_141674633749611','dumy_141674633749611','https://dolittlemedia.s3.amazonaws.com/uploads/users/1674633745409.jpeg','none','https://dolittlemedia.s3.amazonaws.com/uploads/users/1674633745409.jpeg','0','0','image','image','local','public',NULL,'2023-01-25 03:02:30',NULL,NULL),(133,'1674633749717',2,'post',15,0,0,'dumy_631674633749618','dumy_631674633749618','https://dolittlemedia.s3.amazonaws.com/uploads/users/1674633745912.jpeg','none','https://dolittlemedia.s3.amazonaws.com/uploads/users/1674633745912.jpeg','0','0','image','image','local','public',NULL,'2023-01-25 03:02:30',NULL,NULL),(134,'1674633749630',2,'post',15,0,0,'dumy_281674633749618','dumy_281674633749618','https://dolittlemedia.s3.amazonaws.com/uploads/users/1674633747178.jpeg','none','https://dolittlemedia.s3.amazonaws.com/uploads/users/1674633747178.jpeg','0','0','image','image','local','public',NULL,'2023-01-25 03:02:30',NULL,NULL),(135,'1674633776567',2,'post',0,0,0,'dumy_941674633776549','dumy_941674633776549','https://dolittlemedia.s3.amazonaws.com/uploads/users/1674633774222.png','none','https://dolittlemedia.s3.amazonaws.com/uploads/users/1674633774222.png','0','0','image','image','local','public',NULL,'2023-01-25 03:02:57',NULL,NULL),(136,'1674633776640',2,'post',15,0,0,'dumy_1001674633776551','dumy_1001674633776551','https://dolittlemedia.s3.amazonaws.com/uploads/users/1674633775278.jpeg','none','https://dolittlemedia.s3.amazonaws.com/uploads/users/1674633775278.jpeg','0','0','image','image','local','public',NULL,'2023-01-25 03:02:57',NULL,NULL),(137,'1674633796327',2,'post',15,0,0,'dumy_521674633796232','dumy_521674633796232','https://dolittlemedia.s3.amazonaws.com/uploads/users/1674633795778.jpeg','none','https://dolittlemedia.s3.amazonaws.com/uploads/users/1674633795778.jpeg','0','0','image','image','local','public',NULL,'2023-01-25 03:03:16',NULL,NULL),(138,'1674633835101',2,'post',16,0,0,'dumy_171674633835080','dumy_171674633835080','https://dolittlemedia.s3.amazonaws.com/uploads/users/1674633832132.jpeg','none','https://dolittlemedia.s3.amazonaws.com/uploads/users/1674633832132.jpeg','0','0','image','image','local','public',NULL,'2023-01-25 03:03:55',NULL,NULL),(139,'1674633835179',2,'post',16,0,0,'dumy_211674633835081','dumy_211674633835081','https://dolittlemedia.s3.amazonaws.com/uploads/users/1674633832622.jpeg','none','https://dolittlemedia.s3.amazonaws.com/uploads/users/1674633832622.jpeg','0','0','image','image','local','public',NULL,'2023-01-25 03:03:55',NULL,NULL),(140,'1674633854912',2,'post',16,0,0,'dumy_41674633854816','dumy_41674633854816','https://dolittlemedia.s3.amazonaws.com/uploads/users/1674633851926.jpeg','none','https://dolittlemedia.s3.amazonaws.com/uploads/users/1674633851926.jpeg','0','0','image','image','local','public',NULL,'2023-01-25 03:04:15',NULL,NULL),(141,'1674633854834',2,'post',16,0,0,'dumy_771674633854825','dumy_771674633854825','https://dolittlemedia.s3.amazonaws.com/uploads/users/1674633852387.jpeg','none','https://dolittlemedia.s3.amazonaws.com/uploads/users/1674633852387.jpeg','0','0','image','image','local','public',NULL,'2023-01-25 03:04:15',NULL,NULL),(142,'1674633861567',2,'post',16,0,0,'dumy_961674633861489','dumy_961674633861489','https://dolittlemedia.s3.amazonaws.com/uploads/users/1674633858717.jpeg','none','https://dolittlemedia.s3.amazonaws.com/uploads/users/1674633858717.jpeg','0','0','image','image','local','public',NULL,'2023-01-25 03:04:21',NULL,NULL),(143,'1674633861576',2,'post',16,0,0,'dumy_731674633861503','dumy_731674633861503','https://dolittlemedia.s3.amazonaws.com/uploads/users/1674633859970.jpeg','none','https://dolittlemedia.s3.amazonaws.com/uploads/users/1674633859970.jpeg','0','0','image','image','local','public',NULL,'2023-01-25 03:04:22',NULL,NULL),(144,'1674633977190',2,'post',0,0,0,'dumy_911674633977113','dumy_911674633977113','https://dolittlemedia.s3.amazonaws.com/uploads/users/1674633974221.jpeg','none','https://dolittlemedia.s3.amazonaws.com/uploads/users/1674633974221.jpeg','0','0','image','image','local','public',NULL,'2023-01-25 03:06:17',NULL,NULL),(145,'1674633977219',2,'post',0,0,0,'dumy_561674633977121','dumy_561674633977121','https://dolittlemedia.s3.amazonaws.com/uploads/users/1674633974695.jpeg','none','https://dolittlemedia.s3.amazonaws.com/uploads/users/1674633974695.jpeg','0','0','image','image','local','public',NULL,'2023-01-25 03:06:17',NULL,NULL),(146,'1674633997831',2,'post',0,0,0,'dumy_381674633997760','dumy_381674633997760','https://dolittlemedia.s3.amazonaws.com/uploads/users/1674633996268.jpeg','none','https://dolittlemedia.s3.amazonaws.com/uploads/users/1674633996268.jpeg','0','0','image','image','local','public',NULL,'2023-01-25 03:06:38',NULL,NULL),(147,'1674633997834',2,'post',0,0,0,'dumy_61674633997773','dumy_61674633997773','https://dolittlemedia.s3.amazonaws.com/uploads/users/1674633996715.png','none','https://dolittlemedia.s3.amazonaws.com/uploads/users/1674633996715.png','0','0','image','image','local','public',NULL,'2023-01-25 03:06:38',NULL,NULL),(148,'1674635685257',2,'post',0,0,0,'dumy_341674635685224','dumy_341674635685224','https://dolittlemedia.s3.amazonaws.com/uploads/users/1674635684731.jpeg','none','https://dolittlemedia.s3.amazonaws.com/uploads/users/1674635684731.jpeg','0','0','image','image','local','public',NULL,'2023-01-25 03:34:45',NULL,NULL),(149,'1675924063999',2,'post',17,0,0,'dumy_751675924063976','dumy_751675924063976','https://dolittlemedia.s3.amazonaws.com/uploads/users/1675924063134.jpeg','none','https://dolittlemedia.s3.amazonaws.com/uploads/users/1675924063134.jpeg','0','0','image','image','local','public',NULL,'2023-02-09 01:27:44',NULL,NULL),(150,'1675924686614',2,'post',0,0,0,'dumy_231675924686584','dumy_231675924686584','https://dolittlemedia.s3.amazonaws.com/uploads/users/1675924685822.jpeg','none','https://dolittlemedia.s3.amazonaws.com/uploads/users/1675924685822.jpeg','0','0','image','image','local','public',NULL,'2023-02-09 01:38:07',NULL,NULL),(151,'1675925480315',3,'post',18,0,9,'dumy_481675925480308','dumy_481675925480308','https://dolittlemedia.s3.amazonaws.com/uploads/users/1675925477883.jpeg','none','https://dolittlemedia.s3.amazonaws.com/uploads/users/1675925477883.jpeg','0','0','image','image','local','public',NULL,'2023-02-09 01:51:20',NULL,NULL),(152,'1675925543550',2,'post',0,0,0,'dumy_271675925543489','dumy_271675925543489','https://dolittlemedia.s3.amazonaws.com/uploads/users/1675925542523.jpeg','none','https://dolittlemedia.s3.amazonaws.com/uploads/users/1675925542523.jpeg','0','0','image','image','local','public',NULL,'2023-02-09 01:52:23',NULL,NULL),(153,'1675926625875',2,'post',0,0,0,'dumy_851675926625829','dumy_851675926625829','https://dolittlemedia.s3.amazonaws.com/uploads/users/1675926624978.jpeg','none','https://dolittlemedia.s3.amazonaws.com/uploads/users/1675926624978.jpeg','0','0','image','image','local','public',NULL,'2023-02-09 02:10:26',NULL,NULL),(154,'1675926659563',2,'post',0,0,0,'dumy_121675926659520','dumy_121675926659520','https://dolittlemedia.s3.amazonaws.com/uploads/users/1675926657470.mov','none','https://dolittlemedia.s3.amazonaws.com/uploads/users/1675926658726.jpeg','0','0','video','video','local','public',NULL,'2023-02-09 02:11:00',NULL,NULL),(155,'1675926793953',2,'post',0,0,0,'dumy_941675926793934','dumy_941675926793934','https://dolittlemedia.s3.amazonaws.com/uploads/users/1675926790681.mov','none','https://dolittlemedia.s3.amazonaws.com/uploads/users/1675926793123.jpeg','0','0','video','video','local','public',NULL,'2023-02-09 02:13:14',NULL,NULL),(156,'1675926829806',2,'post',0,0,0,'dumy_291675926829744','dumy_291675926829744','https://dolittlemedia.s3.amazonaws.com/uploads/users/1675926826483.mov','none','https://dolittlemedia.s3.amazonaws.com/uploads/users/1675926828929.jpeg','0','0','video','video','local','public',NULL,'2023-02-09 02:13:50',NULL,NULL),(157,'1675927150527',2,'post',0,0,0,'dumy_121675927150490','dumy_121675927150490','https://dolittlemedia.s3.amazonaws.com/uploads/users/1675927149665.jpeg','none','https://dolittlemedia.s3.amazonaws.com/uploads/users/1675927149665.jpeg','0','0','image','image','local','public',NULL,'2023-02-09 02:19:10',NULL,NULL),(158,'1675927206326',2,'post',0,0,0,'dumy_301675927206257','dumy_301675927206257','https://dolittlemedia.s3.amazonaws.com/uploads/users/1675927202602.mov','none','https://dolittlemedia.s3.amazonaws.com/uploads/users/1675927205121.jpeg','0','0','video','video','local','public',NULL,'2023-02-09 02:20:06',NULL,NULL),(159,'1675927297177',2,'post',0,0,0,'dumy_631675927297173','dumy_631675927297173','https://dolittlemedia.s3.amazonaws.com/uploads/users/1675927295004.mov','none','https://dolittlemedia.s3.amazonaws.com/uploads/users/1675927296394.jpeg','0','0','video','video','local','public',NULL,'2023-02-09 02:21:37',NULL,NULL),(160,'1675927646096',2,'post',0,0,0,'dumy_331675927646062','dumy_331675927646062','https://dolittlemedia.s3.amazonaws.com/uploads/users/1675927642867.mov','none','https://dolittlemedia.s3.amazonaws.com/uploads/users/1675927645267.jpeg','0','0','video','video','local','public',NULL,'2023-02-09 02:27:26',NULL,NULL),(161,'1675927829941',2,'post',0,0,0,'dumy_791675927829928','dumy_791675927829928','https://dolittlemedia.s3.amazonaws.com/uploads/users/1675927826403.mov','none','https://dolittlemedia.s3.amazonaws.com/uploads/users/1675927828929.jpeg','0','0','video','video','local','public',NULL,'2023-02-09 02:30:30',NULL,NULL),(162,'1675927895128',2,'post',0,0,0,'dumy_11675927895054','dumy_11675927895054','https://dolittlemedia.s3.amazonaws.com/uploads/users/1675927892890.mov','none','https://dolittlemedia.s3.amazonaws.com/uploads/users/1675927894218.jpeg','0','0','video','video','local','public',NULL,'2023-02-09 02:31:35',NULL,NULL),(163,'1675928032868',2,'post',0,0,0,'dumy_671675928032788','dumy_671675928032788','https://dolittlemedia.s3.amazonaws.com/uploads/users/1675928030256.mov','none','https://dolittlemedia.s3.amazonaws.com/uploads/users/1675928031811.jpeg','0','0','video','video','local','public',NULL,'2023-02-09 02:33:53',NULL,NULL),(164,'1675928195596',2,'post',0,0,0,'dumy_71675928195557','dumy_71675928195557','https://dolittlemedia.s3.amazonaws.com/uploads/users/1675928193590.mov','none','https://dolittlemedia.s3.amazonaws.com/uploads/users/1675928194740.jpeg','0','0','video','video','local','public',NULL,'2023-02-09 02:36:36',NULL,NULL),(165,'1675928446154',2,'post',0,0,0,'dumy_381675928446108','dumy_381675928446108','https://dolittlemedia.s3.amazonaws.com/uploads/users/1675928443958.mov','none','https://dolittlemedia.s3.amazonaws.com/uploads/users/1675928445287.jpeg','0','0','video','video','local','public',NULL,'2023-02-09 02:40:46',NULL,NULL),(166,'1675929203201',2,'post',0,0,0,'dumy_941675929203178','dumy_941675929203178','https://dolittlemedia.s3.amazonaws.com/uploads/users/1675929202365.jpeg','none','https://dolittlemedia.s3.amazonaws.com/uploads/users/1675929202365.jpeg','0','0','image','image','local','public',NULL,'2023-02-09 02:53:23',NULL,NULL),(167,'1675929234307',2,'post',0,0,0,'dumy_561675929234293','dumy_561675929234293','https://dolittlemedia.s3.amazonaws.com/uploads/users/1675929232118.mov','none','https://dolittlemedia.s3.amazonaws.com/uploads/users/1675929233459.jpeg','0','0','video','video','local','public',NULL,'2023-02-09 02:53:54',NULL,NULL),(168,'1675929296261',2,'post',0,0,0,'dumy_121675929296174','dumy_121675929296174','https://dolittlemedia.s3.amazonaws.com/uploads/users/1675929294069.mov','none','https://dolittlemedia.s3.amazonaws.com/uploads/users/1675929295309.jpeg','0','0','video','video','local','public',NULL,'2023-02-09 02:54:56',NULL,NULL),(169,'1675929338372',2,'post',0,0,0,'dumy_621675929338275','dumy_621675929338275','https://dolittlemedia.s3.amazonaws.com/uploads/users/1675929335512.mov','none','https://dolittlemedia.s3.amazonaws.com/uploads/users/1675929337444.jpeg','0','0','video','video','local','public',NULL,'2023-02-09 02:55:38',NULL,NULL),(170,'1675929392338',2,'post',0,0,0,'dumy_861675929392327','dumy_861675929392327','https://dolittlemedia.s3.amazonaws.com/uploads/users/1675929390166.mov','none','https://dolittlemedia.s3.amazonaws.com/uploads/users/1675929391480.jpeg','0','0','video','video','local','public',NULL,'2023-02-09 02:56:32',NULL,NULL),(171,'1675929729222',2,'post',0,0,0,'dumy_921675929729186','dumy_921675929729186','https://dolittlemedia.s3.amazonaws.com/uploads/users/1675929727014.mov','none','https://dolittlemedia.s3.amazonaws.com/uploads/users/1675929728281.jpeg','0','0','video','video','local','public',NULL,'2023-02-09 03:02:09',NULL,NULL),(172,'1675929868329',2,'post',0,0,0,'dumy_631675929868278','dumy_631675929868278','https://dolittlemedia.s3.amazonaws.com/uploads/users/1675929866276.mov','none','https://dolittlemedia.s3.amazonaws.com/uploads/users/1675929867543.jpeg','0','0','video','video','local','public',NULL,'2023-02-09 03:04:28',NULL,NULL),(173,'1675929911349',2,'post',0,0,0,'dumy_141675929911289','dumy_141675929911289','https://dolittlemedia.s3.amazonaws.com/uploads/users/1675929910367.jpeg','none','https://dolittlemedia.s3.amazonaws.com/uploads/users/1675929910367.jpeg','0','0','image','image','local','public',NULL,'2023-02-09 03:05:11',NULL,NULL),(174,'1675929957500',2,'post',0,0,0,'dumy_901675929957471','dumy_901675929957471','https://dolittlemedia.s3.amazonaws.com/uploads/users/1675929955156.mov','none','https://dolittlemedia.s3.amazonaws.com/uploads/users/1675929956646.jpeg','0','0','video','video','local','public',NULL,'2023-02-09 03:05:57',NULL,NULL),(175,'1675929996233',2,'post',0,0,0,'dumy_211675929996151','dumy_211675929996151','https://dolittlemedia.s3.amazonaws.com/uploads/users/1675929993993.mov','none','https://dolittlemedia.s3.amazonaws.com/uploads/users/1675929995360.jpeg','0','0','video','video','local','public',NULL,'2023-02-09 03:06:36',NULL,NULL),(176,'1675931800270',2,'post',0,0,0,'dumy_361675931800212','dumy_361675931800212','https://dolittlemedia.s3.amazonaws.com/uploads/users/1675931797770.jpeg','none','https://dolittlemedia.s3.amazonaws.com/uploads/users/1675931797770.jpeg','0','0','image','image','local','public',NULL,'2023-02-09 03:36:40',NULL,NULL),(177,'1675937824173',2,'post',0,0,0,'dumy_101675937824075','dumy_101675937824075','https://dolittlemedia.s3.amazonaws.com/uploads/users/1675937822120.mov','none','https://dolittlemedia.s3.amazonaws.com/uploads/users/1675937823236.jpeg','0','0','video','video','local','public',NULL,'2023-02-09 05:17:04',NULL,NULL),(178,'1675937850568',2,'post',0,0,0,'dumy_501675937850515','dumy_501675937850515','https://dolittlemedia.s3.amazonaws.com/uploads/users/1675937848691.mov','none','https://dolittlemedia.s3.amazonaws.com/uploads/users/1675937849733.jpeg','0','0','video','video','local','public',NULL,'2023-02-09 05:17:31',NULL,NULL),(179,'1675937895673',2,'post',0,0,0,'dumy_621675937895656','dumy_621675937895656','https://dolittlemedia.s3.amazonaws.com/uploads/users/1675937893588.mov','none','https://dolittlemedia.s3.amazonaws.com/uploads/users/1675937894875.jpeg','0','0','video','video','local','public',NULL,'2023-02-09 05:18:16',NULL,NULL),(180,'1675938033098',2,'post',0,0,0,'dumy_371675938033081','dumy_371675938033081','https://dolittlemedia.s3.amazonaws.com/uploads/users/1675938031046.mov','none','https://dolittlemedia.s3.amazonaws.com/uploads/users/1675938032312.jpeg','0','0','video','video','local','public',NULL,'2023-02-09 05:20:33',NULL,NULL),(181,'1676975404475',2,'post',0,0,0,'dumy_311676975404422','dumy_311676975404422','https://dolittlemedia.s3.amazonaws.com/uploads/users/1676975400356.jpeg','none','https://dolittlemedia.s3.amazonaws.com/uploads/users/1676975400356.jpeg','0','0','image','image','local','public',NULL,'2023-02-21 05:30:04',NULL,NULL),(182,'1676975404544',2,'post',0,0,0,'dumy_901676975404446','dumy_901676975404446','https://dolittlemedia.s3.amazonaws.com/uploads/users/1676975401682.jpeg','none','https://dolittlemedia.s3.amazonaws.com/uploads/users/1676975401682.jpeg','0','0','image','image','local','public',NULL,'2023-02-21 05:30:04',NULL,NULL),(183,'1676977482409',2,'post',0,0,0,'dumy_71676977482358','dumy_71676977482358','https://dolittlemedia.s3.amazonaws.com/uploads/users/1676977479911.jpeg','none','https://dolittlemedia.s3.amazonaws.com/uploads/users/1676977479911.jpeg','0','0','image','image','local','public',NULL,'2023-02-21 06:04:42',NULL,NULL),(184,'1690369099248',6,'post',0,0,0,'dumy_81690369099192','dumy_81690369099192','https://dolittlemedia.s3.amazonaws.com/uploads/users/1690369098677.jpeg','none','https://dolittlemedia.s3.amazonaws.com/uploads/users/1690369098677.jpeg','0','0','image','image','local','public',NULL,'2023-07-26 06:58:19',NULL,NULL);

--
-- Table structure for table `my_classified_ads`
--

CREATE TABLE `my_classified_ads` (
  `id` int(10) unsigned NOT NULL AUTO_INCREMENT,
  `slug` varchar(150) NOT NULL,
  `user_id` int(10) unsigned DEFAULT NULL,
  `title` varchar(255) NOT NULL,
  `image_url` varchar(255) NOT NULL,
  `price` int(255) NOT NULL DEFAULT '0',
  `address` varchar(255) NOT NULL,
  `longitude` varchar(255) NOT NULL,
  `latitude` varchar(255) NOT NULL,
  `description` text,
  `is_hide` int(255) NOT NULL DEFAULT '0',
  `status` enum('1','0') NOT NULL DEFAULT '1',
  `created_at` datetime DEFAULT NULL,
  `updated_at` datetime DEFAULT NULL,
  `deleted_at` timestamp NULL DEFAULT NULL,
  PRIMARY KEY (`id`),
  UNIQUE KEY `my_classified_ads_slug_unique` (`slug`),
  KEY `my_classified_ads_user_id_foreign` (`user_id`),
  CONSTRAINT `my_classified_ads_user_id_foreign` FOREIGN KEY (`user_id`) REFERENCES `users` (`id`) ON DELETE CASCADE ON UPDATE NO ACTION
) ENGINE=InnoDB DEFAULT CHARSET=utf8mb4;

--
-- Dumping data for table `my_classified_ads`
--


--
-- Table structure for table `nearby_categories`
--

CREATE TABLE `nearby_categories` (
  `id` int(10) unsigned NOT NULL AUTO_INCREMENT,
  `slug` varchar(150) NOT NULL,
  `title` varchar(255) NOT NULL,
  `status` enum('1','0') NOT NULL DEFAULT '1',
  `created_at` datetime DEFAULT NULL,
  `updated_at` datetime DEFAULT NULL,
  `deleted_at` timestamp NULL DEFAULT NULL,
  PRIMARY KEY (`id`),
  UNIQUE KEY `nearby_categories_slug_unique` (`slug`)
) ENGINE=InnoDB AUTO_INCREMENT=8 DEFAULT CHARSET=utf8mb4;

--
-- Dumping data for table `nearby_categories`
--

INSERT INTO `nearby_categories` VALUES (1,'vet','Vet','1','2023-01-24 01:54:55',NULL,NULL),(2,'food','Food','1','2023-01-24 01:54:55',NULL,NULL),(3,'stores','Stores','1','2023-01-24 01:54:55',NULL,NULL),(4,'parks','Parks','1','2023-01-24 01:54:55',NULL,NULL),(5,'lodging','Lodging','1','2023-01-24 01:54:55',NULL,NULL),(6,'tourist_attractions','Tourist Attractions','1','2023-01-24 01:54:55',NULL,NULL),(7,'other','Other','1','2023-01-24 01:54:55',NULL,NULL);

--
-- Table structure for table `nearby_places`
--

CREATE TABLE `nearby_places` (
  `id` int(10) unsigned NOT NULL AUTO_INCREMENT,
  `slug` varchar(150) NOT NULL,
  `user_id` int(10) unsigned DEFAULT NULL,
  `category` int(11) NOT NULL DEFAULT '0',
  `title` varchar(255) NOT NULL,
  `address` varchar(255) NOT NULL,
  `longitude` varchar(255) NOT NULL,
  `latitude` varchar(255) NOT NULL,
  `email` varchar(255) DEFAULT NULL,
  `phone` varchar(255) DEFAULT NULL,
  `web_url` varchar(255) DEFAULT NULL,
  `description` text NOT NULL,
  `image_url` varchar(255) NOT NULL,
  `image_width` varchar(255) NOT NULL,
  `image_height` varchar(255) NOT NULL,
  `role` varchar(255) NOT NULL DEFAULT 'owner',
  `slots` longtext,
  `status` enum('1','0') NOT NULL DEFAULT '1',
  `created_at` datetime DEFAULT NULL,
  `updated_at` datetime DEFAULT NULL,
  `deleted_at` timestamp NULL DEFAULT NULL,
  PRIMARY KEY (`id`),
  UNIQUE KEY `nearby_places_slug_unique` (`slug`),
  KEY `nearby_places_user_id_foreign` (`user_id`),
  CONSTRAINT `nearby_places_user_id_foreign` FOREIGN KEY (`user_id`) REFERENCES `users` (`id`) ON DELETE CASCADE ON UPDATE NO ACTION
) ENGINE=InnoDB AUTO_INCREMENT=3 DEFAULT CHARSET=utf8mb4;

--
-- Dumping data for table `nearby_places`
--

INSERT INTO `nearby_places` VALUES (1,'gr',3,2,'Gr','RTC Cross Road, P & T Colony, Ashok Nagar, Himayatnagar, Hyderabad, Telangana, India','78.49330773577094','17.402571454744972',NULL,NULL,NULL,'Vvf','https://dolittlemedia.s3.amazonaws.com/uploads/place/1674543774909.jpeg','0','0','suggest','{\"Mon\":{\"day\":\"Monday\",\"nick\":\"Mon\",\"start_time\":\"09:00\",\"end_time\":\"12:00\",\"is_active\":true,\"is_valid\":true},\"Tues\":{\"day\":\"Tuesday\",\"nick\":\"Tues\",\"start_time\":\"09:00\",\"end_time\":\"12:00\",\"is_active\":false,\"is_valid\":true},\"Wed\":{\"day\":\"Wednesday\",\"nick\":\"Wed\",\"start_time\":\"09:00\",\"end_time\":\"12:00\",\"is_active\":false,\"is_valid\":true},\"Thur\":{\"day\":\"Thrusday\",\"nick\":\"Thur\",\"start_time\":\"09:00\",\"end_time\":\"12:00\",\"is_active\":false,\"is_valid\":true},\"Fri\":{\"day\":\"Friday\",\"nick\":\"Fri\",\"start_time\":\"09:00\",\"end_time\":\"12:00\",\"is_active\":false,\"is_valid\":true},\"Sat\":{\"day\":\"Saturday\",\"nick\":\"Sat\",\"start_time\":\"09:00\",\"end_time\":\"12:00\",\"is_active\":false,\"is_valid\":true},\"Sun\":{\"day\":\"Sunday\",\"nick\":\"Sun\",\"start_time\":\"09:00\",\"end_time\":\"12:00\",\"is_active\":false,\"is_valid\":true}}','1','2023-01-24 02:02:56','2023-01-24 02:02:56',NULL),(2,'helens-place',2,4,'Helen’s Place','Beştepe, AŞTİ, Yenimahalle/Ankara, Türkiye','32.81000280000009','39.91868710000003',NULL,NULL,NULL,'Dsada','https://dolittlemedia.s3.amazonaws.com/uploads/place/1675933074755.octet-stream','0','0','suggest','{\"Mon\":{\"day\":\"Monday\",\"nick\":\"Mon\",\"start_time\":\"09:00\",\"end_time\":\"12:00\",\"is_active\":true,\"is_valid\":true},\"Tues\":{\"day\":\"Tuesday\",\"nick\":\"Tues\",\"start_time\":\"09:00\",\"end_time\":\"12:00\",\"is_active\":true,\"is_valid\":true},\"Wed\":{\"day\":\"Wednesday\",\"nick\":\"Wed\",\"start_time\":\"09:00\",\"end_time\":\"12:00\",\"is_active\":false,\"is_valid\":true},\"Thur\":{\"day\":\"Thrusday\",\"nick\":\"Thur\",\"start_time\":\"09:00\",\"end_time\":\"12:00\",\"is_active\":false,\"is_valid\":true},\"Fri\":{\"day\":\"Friday\",\"nick\":\"Fri\",\"start_time\":\"09:00\",\"end_time\":\"12:00\",\"is_active\":false,\"is_valid\":true},\"Sat\":{\"day\":\"Saturday\",\"nick\":\"Sat\",\"start_time\":\"09:00\",\"end_time\":\"12:00\",\"is_active\":false,\"is_valid\":true},\"Sun\":{\"day\":\"Sunday\",\"nick\":\"Sun\",\"start_time\":\"09:00\",\"end_time\":\"12:00\",\"is_active\":false,\"is_valid\":true}}','1','2023-01-25 00:20:05','2023-02-09 03:57:55',NULL);

--
-- Table structure for table `news_feeds`
--

CREATE TABLE `news_feeds` (
  `id` int(10) unsigned NOT NULL AUTO_INCREMENT,
  `user_id` int(10) unsigned DEFAULT NULL,
  `type` varchar(150) DEFAULT NULL,
  `title` varchar(150) DEFAULT NULL,
  `slug` varchar(150) NOT NULL,
  `description` text,
  `total_like` int(11) DEFAULT '0',
  `total_comments` int(11) DEFAULT '0',
  `total_save` int(11) DEFAULT '0',
  `total_boookmark` int(11) DEFAULT '0',
  `is_view` int(11) DEFAULT '0' COMMENT '0:All,1:Local,2:Follower',
  `post_group_id` int(11) DEFAULT '0',
  `status` enum('1','0') NOT NULL DEFAULT '1',
  `created_at` datetime DEFAULT NULL,
  `updated_at` datetime DEFAULT NULL,
  `deleted_at` timestamp NULL DEFAULT NULL,
  PRIMARY KEY (`id`),
  UNIQUE KEY `news_feeds_slug_unique` (`slug`),
  KEY `news_feeds_user_id_foreign` (`user_id`),
  CONSTRAINT `news_feeds_user_id_foreign` FOREIGN KEY (`user_id`) REFERENCES `users` (`id`) ON DELETE CASCADE ON UPDATE NO ACTION
) ENGINE=InnoDB AUTO_INCREMENT=19 DEFAULT CHARSET=utf8mb4;

--
-- Dumping data for table `news_feeds`
--

INSERT INTO `news_feeds` VALUES (1,4,'post','title','title','Lium post',0,0,0,0,1,0,'1','2023-01-24 02:01:03','2023-01-24 02:01:03',NULL),(2,2,'post','title','title1676','Helen post',0,0,0,0,1,0,'1','2023-01-24 02:01:39','2023-01-24 02:01:39',NULL),(3,3,'post','title','title1407','Joe post',0,0,0,0,1,0,'1','2023-01-24 02:01:42','2023-01-24 02:01:42',NULL),(4,2,'post','title','title1472','Posted on lium group by helen',0,0,0,0,0,1,'1','2023-01-24 02:06:54','2023-01-24 02:06:54',NULL),(5,3,'post','title','title1760','Posted by joe on lium’s group',0,0,0,0,1,1,'1','2023-01-24 02:09:08','2023-01-24 05:43:02',NULL),(6,4,'post','title','title1901','Okayyy',0,0,0,0,0,6,'1','2023-01-24 03:19:49','2023-01-24 05:18:42',NULL),(7,2,'post','title','title1300','Dsad',0,0,0,0,0,8,'1','2023-01-25 01:42:20','2023-01-25 01:42:20',NULL),(8,2,'post','title','title1945','Dsd',0,0,0,0,1,0,'1','2023-01-25 02:36:08','2023-01-25 02:36:08',NULL),(9,2,'post','title','title1401',NULL,0,0,0,0,1,0,'1','2023-01-25 02:46:15','2023-01-25 02:46:15',NULL),(10,2,'post','title','title1172',NULL,0,0,0,0,1,0,'1','2023-01-25 02:48:21','2023-01-25 02:48:21',NULL),(11,2,'post','title','title1412',NULL,0,0,0,0,1,0,'1','2023-01-25 02:49:33','2023-01-25 02:49:33',NULL),(12,2,'post','title','title1816',NULL,0,0,0,0,1,0,'1','2023-01-25 02:54:12','2023-01-25 02:54:12',NULL),(13,2,'post','title','title1542',NULL,0,0,0,0,1,0,'1','2023-01-25 03:00:59','2023-01-25 03:00:59',NULL),(14,2,'post','title','title1507',NULL,0,0,0,0,1,0,'1','2023-01-25 03:02:01','2023-01-25 03:02:01',NULL),(15,2,'post','title','title1203',NULL,0,0,0,0,1,0,'1','2023-01-25 03:03:20','2023-01-25 03:03:20',NULL),(16,2,'post','title','title1450','Dsdsd',0,0,0,0,1,0,'1','2023-01-25 03:04:27','2023-01-25 03:39:45',NULL),(17,2,'post','title','title1780','Njkkk',0,0,0,0,2,0,'1','2023-02-09 01:27:54','2023-02-09 01:27:54',NULL),(18,3,'post','title','title1781','Dasdsad',0,0,0,0,0,9,'1','2023-02-09 01:51:22','2023-02-09 01:51:22',NULL);

--
-- Table structure for table `news_feeds_likes`
--

CREATE TABLE `news_feeds_likes` (
  `id` int(10) unsigned NOT NULL AUTO_INCREMENT,
  `slug` varchar(255) NOT NULL,
  `user_id` int(11) NOT NULL,
  `module` varchar(100) NOT NULL,
  `module_id` int(11) NOT NULL,
  `is_like` int(11) NOT NULL,
  `created_at` datetime DEFAULT NULL,
  `updated_at` datetime DEFAULT NULL,
  `deleted_at` timestamp NULL DEFAULT NULL,
  PRIMARY KEY (`id`)
) ENGINE=InnoDB DEFAULT CHARSET=utf8mb4;

--
-- Dumping data for table `news_feeds_likes`
--


--
-- Table structure for table `notification_settings`
--

CREATE TABLE `notification_settings` (
  `id` int(10) unsigned NOT NULL AUTO_INCREMENT,
  `user_id` int(10) unsigned DEFAULT NULL,
  `meta_key` varchar(100) NOT NULL,
  `meta_value` text NOT NULL,
  `created_at` datetime DEFAULT NULL,
  `updated_at` datetime DEFAULT NULL,
  `deleted_at` timestamp NULL DEFAULT NULL,
  PRIMARY KEY (`id`),
  KEY `notification_settings_user_id_foreign` (`user_id`),
  KEY `notification_settings_meta_key_index` (`meta_key`),
  CONSTRAINT `notification_settings_user_id_foreign` FOREIGN KEY (`user_id`) REFERENCES `users` (`id`) ON DELETE CASCADE ON UPDATE NO ACTION
) ENGINE=InnoDB DEFAULT CHARSET=utf8mb4;

--
-- Dumping data for table `notification_settings`
--


--
-- Table structure for table `notifications`
--

CREATE TABLE `notifications` (
  `id` int(10) unsigned NOT NULL AUTO_INCREMENT,
  `unique_id` varchar(200) NOT NULL,
  `identifier` varchar(200) NOT NULL,
  `actor_id` int(10) unsigned DEFAULT NULL,
  `target_id` int(10) unsigned DEFAULT NULL,
  `module` varchar(100) NOT NULL,
  `module_id` int(11) NOT NULL,
  `module_slug` varchar(100) NOT NULL,
  `reference_module` varchar(255) DEFAULT NULL,
  `reference_id` int(11) DEFAULT NULL,
  `reference_slug` varchar(100) DEFAULT NULL,
  `title` varchar(255) DEFAULT NULL,
  `description` text,
  `web_redirect_link` text,
  `is_read` enum('1','0') NOT NULL DEFAULT '0',
  `is_view` enum('1','0') NOT NULL DEFAULT '0',
  `created_at` datetime DEFAULT NULL,
  `updated_at` datetime DEFAULT NULL,
  `deleted_at` timestamp NULL DEFAULT NULL,
  PRIMARY KEY (`id`),
  UNIQUE KEY `notifications_unique_id_unique` (`unique_id`),
  KEY `notifications_actor_id_foreign` (`actor_id`),
  KEY `notifications_target_id_foreign` (`target_id`),
  CONSTRAINT `notifications_actor_id_foreign` FOREIGN KEY (`actor_id`) REFERENCES `users` (`id`) ON DELETE CASCADE ON UPDATE NO ACTION,
  CONSTRAINT `notifications_target_id_foreign` FOREIGN KEY (`target_id`) REFERENCES `users` (`id`) ON DELETE CASCADE ON UPDATE NO ACTION
) ENGINE=InnoDB DEFAULT CHARSET=utf8mb4;

--
-- Dumping data for table `notifications`
--


--
-- Table structure for table `pet_document_categories`
--

CREATE TABLE `pet_document_categories` (
  `id` int(10) unsigned NOT NULL AUTO_INCREMENT,
  `slug` varchar(150) NOT NULL,
  `title` varchar(255) NOT NULL,
  `status` enum('1','0') NOT NULL DEFAULT '1',
  `created_at` datetime DEFAULT NULL,
  `updated_at` datetime DEFAULT NULL,
  `deleted_at` timestamp NULL DEFAULT NULL,
  PRIMARY KEY (`id`),
  UNIQUE KEY `pet_document_categories_slug_unique` (`slug`)
) ENGINE=InnoDB AUTO_INCREMENT=13 DEFAULT CHARSET=utf8mb4;

--
-- Dumping data for table `pet_document_categories`
--

INSERT INTO `pet_document_categories` VALUES (1,'pedigree','Pedigree','1','2023-01-24 01:54:55',NULL,NULL),(2,'certificate','Certificate','1','2023-01-24 01:54:55',NULL,NULL),(3,'passport','Passport','1','2023-01-24 01:54:55',NULL,NULL),(4,'esa-letter','ESA Letter','1','2023-01-24 01:54:55',NULL,NULL),(5,'dna-test','DNA Test','1','2023-01-24 01:54:55',NULL,NULL),(6,'allergy-test','Allergy Test','1','2023-01-24 01:54:55',NULL,NULL),(7,'insurance','Insurance','1','2023-01-24 01:54:55',NULL,NULL),(8,'vaccination','Vaccination','1','2023-01-24 01:54:55',NULL,NULL),(9,'hygiene','Hygiene','1','2023-01-24 01:54:55',NULL,NULL),(10,'nutrition','Nutrition','1','2023-01-24 01:54:55',NULL,NULL),(11,'treatment','Treatment','1','2023-01-24 01:54:55',NULL,NULL),(12,'other','Other','1','2023-01-24 01:54:55',NULL,NULL);

--
-- Table structure for table `pet_managments`
--

CREATE TABLE `pet_managments` (
  `id` int(10) unsigned NOT NULL AUTO_INCREMENT,
  `user_id` int(10) unsigned DEFAULT NULL,
  `slug` varchar(150) NOT NULL,
  `name` varchar(255) NOT NULL,
  `species` varchar(255) NOT NULL,
  `dob` varchar(255) NOT NULL,
  `weight` varchar(255) NOT NULL,
  `color` varchar(255) NOT NULL,
  `image_url` varchar(255) NOT NULL,
  `image_width` varchar(255) NOT NULL,
  `image_height` varchar(255) NOT NULL,
  `gender` varchar(255) NOT NULL,
  `breed` varchar(255) NOT NULL,
  `age` varchar(255) NOT NULL,
  `vaccinated` varchar(255) NOT NULL,
  `pedigree` varchar(255) NOT NULL,
  `about_us` text NOT NULL,
  `status` enum('1','0') NOT NULL DEFAULT '1',
  `created_at` datetime DEFAULT NULL,
  `updated_at` datetime DEFAULT NULL,
  `deleted_at` timestamp NULL DEFAULT NULL,
  PRIMARY KEY (`id`),
  UNIQUE KEY `pet_managments_slug_unique` (`slug`),
  KEY `pet_managments_user_id_foreign` (`user_id`),
  CONSTRAINT `pet_managments_user_id_foreign` FOREIGN KEY (`user_id`) REFERENCES `users` (`id`) ON DELETE CASCADE ON UPDATE NO ACTION
) ENGINE=InnoDB DEFAULT CHARSET=utf8mb4;

--
-- Dumping data for table `pet_managments`
--


--
-- Table structure for table `post_group_members`
--

CREATE TABLE `post_group_members` (
  `id` int(10) unsigned NOT NULL AUTO_INCREMENT,
  `slug` varchar(150) NOT NULL,
  `post_group_id` int(10) unsigned DEFAULT NULL,
  `user_id` int(10) unsigned DEFAULT NULL,
  `admin_id` int(10) unsigned DEFAULT NULL,
  `is_invitation` int(11) NOT NULL DEFAULT '1',
  `invitation_send_by` int(11) NOT NULL DEFAULT '1',
  `is_admin` int(11) NOT NULL DEFAULT '0',
  `status` enum('1','0') NOT NULL DEFAULT '1',
  `created_at` datetime DEFAULT NULL,
  `updated_at` datetime DEFAULT NULL,
  `deleted_at` timestamp NULL DEFAULT NULL,
  PRIMARY KEY (`id`),
  UNIQUE KEY `post_group_members_slug_unique` (`slug`),
  KEY `post_group_members_post_group_id_foreign` (`post_group_id`),
  KEY `post_group_members_user_id_foreign` (`user_id`),
  KEY `post_group_members_admin_id_foreign` (`admin_id`),
  CONSTRAINT `post_group_members_admin_id_foreign` FOREIGN KEY (`admin_id`) REFERENCES `users` (`id`) ON DELETE CASCADE ON UPDATE NO ACTION,
  CONSTRAINT `post_group_members_post_group_id_foreign` FOREIGN KEY (`post_group_id`) REFERENCES `post_groups` (`id`) ON DELETE CASCADE ON UPDATE NO ACTION,
  CONSTRAINT `post_group_members_user_id_foreign` FOREIGN KEY (`user_id`) REFERENCES `users` (`id`) ON DELETE CASCADE ON UPDATE NO ACTION
) ENGINE=InnoDB AUTO_INCREMENT=53 DEFAULT CHARSET=utf8mb4;

--
-- Dumping data for table `post_group_members`
--

INSERT INTO `post_group_members` VALUES (1,'pgm_18357',1,4,4,1,1,1,'1','2023-01-24 02:06:05',NULL,NULL),(3,'pgm_17717',1,2,4,2,1,0,'1','2023-01-24 02:06:05','2023-01-24 02:06:13','2023-01-24 07:44:12'),(6,'pgm_21821',2,4,4,1,1,1,'1','2023-01-24 02:45:03',NULL,NULL),(7,'pgm_8451',2,3,4,2,2,0,'1','2023-01-24 02:45:07','2023-01-24 02:45:07',NULL),(8,'pgm_31619',3,4,4,1,1,1,'1','2023-01-24 02:46:19',NULL,NULL),(10,'pgm_48312',4,4,4,1,1,1,'1','2023-01-24 02:47:43',NULL,NULL),(12,'pgm_4283',4,3,4,2,2,0,'1','2023-01-24 02:48:31','2023-01-24 02:48:31',NULL),(13,'pgm_8747',3,3,4,1,2,0,'1','2023-01-24 02:48:39','2023-01-24 02:48:39',NULL),(14,'pgm_54830',5,3,3,1,1,1,'1','2023-01-24 02:50:12',NULL,NULL),(15,'pgm_66011',6,3,3,1,1,1,'1','2023-01-24 02:50:34',NULL,NULL),(18,'pgm_2375',5,4,3,2,2,0,'1','2023-01-24 02:51:29','2023-01-24 02:51:29','2023-01-24 11:13:17'),(19,'pgm_6681',6,4,3,2,2,0,'1','2023-01-24 03:01:43','2023-01-24 03:01:49','2023-01-24 08:02:04'),(20,'pgm_5164',6,4,3,2,2,0,'1','2023-01-24 05:38:01','2023-01-24 05:39:11',NULL),(21,'pgm_9015',5,4,3,2,2,0,'1','2023-01-24 05:38:04','2023-01-24 05:38:04','2023-01-24 11:13:17'),(22,'pgm_1596',6,2,3,2,2,0,'1','2023-01-24 05:38:20','2023-01-24 05:39:10','2023-01-24 10:41:16'),(23,'pgm_2799',5,2,3,2,2,0,'1','2023-01-24 05:38:23','2023-01-24 05:38:23','2023-01-24 11:15:55'),(24,'pgm_2696',6,2,3,2,2,0,'1','2023-01-24 05:41:40','2023-01-24 05:41:51',NULL),(25,'pgm_72349',7,3,3,1,1,1,'1','2023-01-24 06:21:30',NULL,NULL),(27,'pgm_87484',8,2,2,1,1,1,'1','2023-01-25 00:21:51',NULL,NULL),(28,'pgm_1734',8,4,2,2,2,0,'1','2023-01-25 00:22:49','2023-01-25 00:22:49','2023-01-25 06:07:31'),(29,'pgm_9897',8,3,2,2,2,0,'1','2023-01-25 00:23:25','2023-01-25 00:23:25','2023-01-25 06:02:51'),(30,'pgm_4994',8,3,2,2,2,0,'1','2023-01-25 00:49:55','2023-01-25 00:49:55','2023-01-25 06:02:51'),(31,'pgm_9498',8,3,2,2,2,0,'1','2023-01-25 00:53:46','2023-01-25 00:53:46','2023-01-25 06:02:51'),(32,'pgm_9221',8,3,2,2,2,0,'1','2023-01-25 00:54:45','2023-01-25 00:54:45','2023-01-25 06:02:51'),(33,'pgm_9787',8,4,2,2,2,0,'1','2023-01-25 01:02:07','2023-01-25 01:02:07','2023-01-25 06:07:31'),(34,'pgm_5704',8,4,2,2,2,0,'1','2023-01-25 01:05:28','2023-01-25 01:05:28','2023-01-25 06:07:31'),(45,'pgm_104579',10,3,3,1,1,1,'1','2023-02-09 01:47:51',NULL,NULL),(49,'pgm_2363',10,2,3,2,2,0,'1','2023-02-09 03:58:56','2023-02-09 03:58:56',NULL),(50,'pgm_4231',9,2,3,1,2,0,'1','2023-02-09 03:59:09','2023-02-09 03:59:09',NULL),(51,'pgm_116963',11,3,3,1,1,1,'1','2023-02-09 04:01:52',NULL,NULL),(52,'pgm_129872',12,2,2,1,1,1,'1','2023-02-09 23:36:11',NULL,NULL);

--
-- Table structure for table `post_groups`
--

CREATE TABLE `post_groups` (
  `id` int(10) unsigned NOT NULL AUTO_INCREMENT,
  `slug` varchar(150) NOT NULL,
  `user_id` int(10) unsigned DEFAULT NULL,
  `title` varchar(255) NOT NULL,
  `description` text,
  `image_url` varchar(255) NOT NULL,
  `is_public` int(11) NOT NULL DEFAULT '1',
  `status` enum('1','0') NOT NULL DEFAULT '1',
  `created_at` datetime DEFAULT NULL,
  `updated_at` datetime DEFAULT NULL,
  `deleted_at` timestamp NULL DEFAULT NULL,
  PRIMARY KEY (`id`),
  UNIQUE KEY `post_groups_slug_unique` (`slug`),
  KEY `post_groups_user_id_foreign` (`user_id`),
  CONSTRAINT `post_groups_user_id_foreign` FOREIGN KEY (`user_id`) REFERENCES `users` (`id`) ON DELETE CASCADE ON UPDATE NO ACTION
) ENGINE=InnoDB AUTO_INCREMENT=13 DEFAULT CHARSET=utf8mb4;

--
-- Dumping data for table `post_groups`
--

INSERT INTO `post_groups` VALUES (1,'lium-created',4,'Lium created','Dasd','https://dolittlemedia.s3.amazonaws.com/uploads/users/1674543961003.jpeg',0,'1','2023-01-24 02:06:04','2023-01-24 02:06:04',NULL),(2,'liym-publi-',4,'Liym publi ','Shs','https://dolittlemedia.s3.amazonaws.com/uploads/users/1674546301627.jpeg',1,'1','2023-01-24 02:45:02','2023-01-24 02:45:02',NULL),(3,'privat-lium',4,'Privat lium','Sus','https://dolittlemedia.s3.amazonaws.com/uploads/users/1674546377574.jpeg',0,'1','2023-01-24 02:46:18','2023-01-24 02:46:18',NULL),(4,'publi',4,'Publi','Ssy','https://dolittlemedia.s3.amazonaws.com/uploads/users/1674546461335.jpeg',1,'1','2023-01-24 02:47:42','2023-01-24 02:47:42',NULL),(5,'joe-public-group',3,'Joe Public Group','Dsad\n','https://dolittlemedia.s3.amazonaws.com/uploads/users/1674546609861.jpeg',1,'1','2023-01-24 02:50:12','2023-01-24 02:50:12',NULL),(6,'joe-private-group',3,'Joe PRivate group','Dsadsa','https://dolittlemedia.s3.amazonaws.com/uploads/users/1674546632904.jpeg',0,'1','2023-01-24 02:50:33','2023-01-24 06:01:44','2023-01-24 11:01:44'),(7,'joe-public-group1963',3,'Joe Public Group','Dasdasd','https://dolittlemedia.s3.amazonaws.com/uploads/users/1674559289353.jpeg',1,'1','2023-01-24 06:21:30','2023-01-24 06:21:30',NULL),(8,'helens-group',2,'Helen’s Group','It’s a public group anyone can join this group\n','https://dolittlemedia.s3.amazonaws.com/uploads/users/1674624107402.jpeg',1,'1','2023-01-25 00:21:51','2023-01-25 00:21:51',NULL),(9,'joe-group',3,'Joe group','Dasd','https://dolittlemedia.s3.amazonaws.com/uploads/users/1675923988334.jpeg',0,'1','2023-02-09 01:26:30','2023-02-09 01:26:30',NULL),(10,'public-group',3,'             Public GRoup','Dasd','https://dolittlemedia.s3.amazonaws.com/uploads/users/1675925267318.jpeg',1,'1','2023-02-09 01:47:51','2023-02-09 04:01:21',NULL),(11,'-das',3,'              Das','Adsad','https://dolittlemedia.s3.amazonaws.com/uploads/users/1675933311030.jpeg',1,'1','2023-02-09 04:01:51','2023-02-09 04:01:51',NULL),(12,'-okay',2,'               Okay','               Okay               Okay               Okay               Okay               Okay               Okay               Okay               Okay               Okay               Okay               Okay               Okay               Okay               Okay               Okay               Okay               Okay','https://dolittlemedia.s3.amazonaws.com/uploads/users/1676003767012.jpeg',0,'1','2023-02-09 23:36:10','2023-02-09 23:36:10',NULL);

--
-- Table structure for table `save_posts`
--

CREATE TABLE `save_posts` (
  `id` int(10) unsigned NOT NULL AUTO_INCREMENT,
  `slug` varchar(150) NOT NULL,
  `user_id` int(10) unsigned DEFAULT NULL,
  `module` varchar(100) NOT NULL,
  `module_id` int(11) NOT NULL,
  `is_save` int(11) NOT NULL,
  `status` enum('1','0') NOT NULL DEFAULT '1',
  `created_at` datetime DEFAULT NULL,
  `updated_at` datetime DEFAULT NULL,
  `deleted_at` timestamp NULL DEFAULT NULL,
  PRIMARY KEY (`id`),
  UNIQUE KEY `save_posts_slug_unique` (`slug`),
  KEY `save_posts_user_id_foreign` (`user_id`),
  CONSTRAINT `save_posts_user_id_foreign` FOREIGN KEY (`user_id`) REFERENCES `users` (`id`) ON DELETE CASCADE ON UPDATE NO ACTION
) ENGINE=InnoDB DEFAULT CHARSET=utf8mb4;

--
-- Dumping data for table `save_posts`
--


--
-- Table structure for table `user_follows`
--

CREATE TABLE `user_follows` (
  `id` int(10) unsigned NOT NULL AUTO_INCREMENT,
  `slug` varchar(150) NOT NULL,
  `follower_id` int(10) unsigned DEFAULT NULL,
  `following_id` int(11) NOT NULL,
  `is_follow` int(11) NOT NULL,
  `is_accept` int(11) NOT NULL,
  `is_friend` int(11) NOT NULL,
  `created_at` datetime DEFAULT NULL,
  `updated_at` datetime DEFAULT NULL,
  `deleted_at` timestamp NULL DEFAULT NULL,
  PRIMARY KEY (`id`),
  UNIQUE KEY `user_follows_slug_unique` (`slug`),
  KEY `user_follows_follower_id_foreign` (`follower_id`),
  CONSTRAINT `user_follows_follower_id_foreign` FOREIGN KEY (`follower_id`) REFERENCES `users` (`id`) ON DELETE CASCADE ON UPDATE NO ACTION
) ENGINE=InnoDB AUTO_INCREMENT=7 DEFAULT CHARSET=utf8mb4;

--
-- Dumping data for table `user_follows`
--

INSERT INTO `user_follows` VALUES (1,'ufol_6811',3,4,1,2,1,'2023-01-24 02:02:20','2023-01-24 02:05:30',NULL),(2,'ufol_9179',2,3,1,2,1,'2023-01-24 02:03:19','2023-01-24 02:03:44',NULL),(3,'ufol_9122',3,2,1,2,1,'2023-01-24 02:03:43','2023-01-24 02:03:44',NULL),(4,'ufol_4217',2,4,1,2,1,'2023-01-24 02:04:52','2023-01-24 02:05:34',NULL),(5,'ufol_8426',4,3,1,2,1,'2023-01-24 02:05:30','2023-01-24 02:05:30',NULL),(6,'ufol_5070',4,2,1,2,1,'2023-01-24 02:05:34','2023-01-24 02:05:34',NULL);

--
-- Table structure for table `user_groups`
--

CREATE TABLE `user_groups` (
  `id` int(10) unsigned NOT NULL AUTO_INCREMENT,
  `title` varchar(100) NOT NULL,
  `slug` varchar(100) NOT NULL,
  `description` varchar(255) DEFAULT NULL,
  `type` enum('admin','user') NOT NULL DEFAULT 'user',
  `is_super_admin` enum('1','0') NOT NULL DEFAULT '0',
  `status` enum('1','0') NOT NULL DEFAULT '1',
  `created_at` datetime DEFAULT NULL,
  `updated_at` datetime DEFAULT NULL,
  `deleted_at` timestamp NULL DEFAULT NULL,
  PRIMARY KEY (`id`),
  UNIQUE KEY `user_groups_title_unique` (`title`),
  UNIQUE KEY `user_groups_slug_unique` (`slug`)
) ENGINE=InnoDB AUTO_INCREMENT=3 DEFAULT CHARSET=utf8mb4;

--
-- Dumping data for table `user_groups`
--

INSERT INTO `user_groups` VALUES (1,'Super Admin','super-admin',NULL,'admin','1','1','2023-01-24 01:54:55',NULL,NULL),(2,'App User','app-user',NULL,'user','0','1','2023-01-24 01:54:55',NULL,NULL);


