-- https://www.phpmyadmin.net/
--

START TRANSACTION;



--
-- Database: `retrocubedevs_kingdom_couples`
--

-- --------------------------------------------------------

--
-- Table structure for table `adonis_schema`
--

CREATE TABLE `adonis_schema` (
  `id` int(10) UNSIGNED NOT NULL,
  `name` varchar(255) COLLATE utf8mb4_unicode_ci DEFAULT NULL,
  `batch` int(11) DEFAULT NULL,
  `migration_time` timestamp NOT NULL DEFAULT CURRENT_TIMESTAMP
) ENGINE=InnoDB DEFAULT CHARSET=utf8mb4 COLLATE=utf8mb4_unicode_ci;

--
-- Dumping data for table `adonis_schema`
--

INSERT INTO `adonis_schema` (`id`, `name`, `batch`, `migration_time`) VALUES
(45, '1651857415145_user_groups_schema', 1, '2023-09-22 06:27:52'),
(46, '1651857549873_users_schema', 1, '2023-09-22 06:27:52'),
(47, '1651857557185_user_api_tokens_schema', 1, '2023-09-22 06:27:53'),
(48, '1651857581696_cms_modules_schema', 1, '2023-09-22 06:27:53'),
(49, '1651857589816_cms_module_permissions_schema', 1, '2023-09-22 06:27:53'),
(50, '1651857603473_mail_template_schema', 1, '2023-09-22 06:27:53'),
(51, '1651857615934_reset_password_schema', 1, '2023-09-22 06:27:53'),
(52, '1651857629953_application_setting_schema', 1, '2023-09-22 06:27:53'),
(53, '1651857674340_content_management_schema', 1, '2023-09-22 06:27:53'),
(54, '1651857681926_faqs_schema', 1, '2023-09-22 06:27:53'),
(55, '1651857690517_media_schema', 1, '2023-09-22 06:27:53'),
(56, '1651857728996_notifications_schema', 1, '2023-09-22 06:27:53'),
(57, '1651857735074_notification_setting_schema', 1, '2023-09-22 06:27:53'),
(58, '1692362004035_partners_schema', 1, '2023-09-22 06:27:53'),
(59, '1692362661753_categories_schema', 1, '2023-09-22 06:27:53'),
(60, '1692362730729_events_schema', 1, '2023-09-22 06:27:53'),
(61, '1692362769791_event_category_schema', 1, '2023-09-22 06:27:53'),
(62, '1692362934533_event_share_schema', 1, '2023-09-22 06:27:53'),
(63, '1695036285303_chatgpt_schema', 1, '2023-09-22 06:27:53'),
(64, '1699528976733_bible_quotes_schema', 2, '2024-01-04 04:24:23'),
(65, '1703760434429_subscription_packages_schema', 2, '2024-01-04 04:24:23'),
(66, '1703760448746_user_subscriptions_schema', 2, '2024-01-04 04:24:23'),
(67, '1709881820843_video_categories_schema', 3, '2024-03-13 06:15:00'),
(68, '1709881835420_videos_schema', 3, '2024-03-13 06:15:00'),
(69, '1710484782912_video_watchtime_schema', 4, '2024-03-15 09:18:20');

-- --------------------------------------------------------

--
-- Table structure for table `application_settings`
--

CREATE TABLE `application_settings` (
  `id` int(10) UNSIGNED NOT NULL,
  `identifier` varchar(200) COLLATE utf8mb4_unicode_ci DEFAULT NULL,
  `meta_key` varchar(200) COLLATE utf8mb4_unicode_ci DEFAULT NULL,
  `value` mediumtext COLLATE utf8mb4_unicode_ci,
  `is_file` enum('1','0') COLLATE utf8mb4_unicode_ci NOT NULL DEFAULT '0',
  `created_at` datetime DEFAULT NULL,
  `updated_at` datetime DEFAULT NULL,
  `deleted_at` timestamp NULL DEFAULT NULL
) ENGINE=InnoDB DEFAULT CHARSET=utf8mb4 COLLATE=utf8mb4_unicode_ci;

--
-- Dumping data for table `application_settings`
--

INSERT INTO `application_settings` (`id`, `identifier`, `meta_key`, `value`, `is_file`, `created_at`, `updated_at`, `deleted_at`) VALUES
(5, 'application_setting', 'logo', 'application_setting/1705642156161.png', '1', '2024-01-19 05:29:16', '2024-01-19 05:29:16', NULL),
(7, 'application_setting', 'favicon', 'application_setting/1705642163664.png', '1', '2024-01-19 05:29:23', '2024-01-19 05:29:23', NULL),
(9, 'application_setting', 'app_name', 'Kingdom Couples', '', '2024-03-25 10:49:59', '2024-03-25 10:49:59', NULL);

-- --------------------------------------------------------

--
-- Table structure for table `bible_quotes`
--

CREATE TABLE `bible_quotes` (
  `id` int(10) UNSIGNED NOT NULL,
  `slug` varchar(255) COLLATE utf8mb4_unicode_ci NOT NULL,
  `quote` varchar(255) COLLATE utf8mb4_unicode_ci NOT NULL,
  `created_at` datetime DEFAULT NULL,
  `updated_at` datetime DEFAULT NULL,
  `deleted_at` timestamp NULL DEFAULT NULL
) ENGINE=InnoDB DEFAULT CHARSET=utf8mb4 COLLATE=utf8mb4_unicode_ci;

--
-- Dumping data for table `bible_quotes`
--

INSERT INTO `bible_quotes` (`id`, `slug`, `quote`, `created_at`, `updated_at`, `deleted_at`) VALUES
(1, '5vzx1dclosheti5', 'Life doesn\'t make any sense without interdependence. We need each other, and the sooner we learn that, the better for us all.', '2023-11-10 10:35:19', '2023-11-10 10:35:19', NULL),
(2, '5vzx1dcloshew65', 'Life doesn\'t make any sense without interdependence. We need each other, and the sooner we learn that, the better for us all.', '2023-11-10 10:35:23', '2023-11-10 10:35:23', NULL),
(3, '722eakjlu145h7e', 'Test Quote One Test Quote One Test Quote One Test Quote One Test Quote One Test Quote One Test Quote One Test Quote One Test Quote One Test Quote One Test Quote One Test Quote One Test Quote One Test Quote One Test Quote One Test Quote One Test Quote One ', '2024-03-21 10:52:36', '2024-03-21 10:53:45', '2024-03-21 14:53:45'),
(4, '722eakjlu14nond', 'wal;sadkl;sdak;sadkls;adlkasdk;laksd;k;asdk;kl;lkasd;k k;sadkl;sdak;lsadk;sdalka; k;lsadks;aldksad;lksadl;ks;adlk;sdl;;ask;ldask;saldk l;ksdk;asldkl;sadksdkl;aklas;dasdsda;lksd;akl asdl;ksdkl;a asdkljsadklsdja lkjsalkjsdlkjdasljkkl lkdjaskljdsklajkldaj dn', '2024-03-21 11:06:45', '2024-03-25 07:24:00', '2024-03-25 11:24:00'),
(5, '722emdjlu6mzpjv', 'asdsadsdaasdasdsdasadsdadasasdsadsad asdsadasd asdasd asd asdasda sadsadsad dasdsadsa', '2024-03-25 07:38:50', '2024-03-25 07:40:18', '2024-03-25 11:40:18');

-- --------------------------------------------------------

--
-- Table structure for table `categories`
--

CREATE TABLE `categories` (
  `id` int(10) UNSIGNED NOT NULL,
  `slug` varchar(255) COLLATE utf8mb4_unicode_ci NOT NULL,
  `parent_id` int(10) UNSIGNED DEFAULT NULL,
  `name` varchar(255) COLLATE utf8mb4_unicode_ci NOT NULL,
  `detail` mediumtext COLLATE utf8mb4_unicode_ci,
  `description` mediumtext COLLATE utf8mb4_unicode_ci,
  `color` varchar(255) COLLATE utf8mb4_unicode_ci DEFAULT NULL,
  `approved` enum('1','0') COLLATE utf8mb4_unicode_ci NOT NULL DEFAULT '0',
  `status` enum('1','0') COLLATE utf8mb4_unicode_ci NOT NULL DEFAULT '1',
  `event_count` int(11) NOT NULL DEFAULT '0',
  `created_at` datetime DEFAULT NULL,
  `updated_at` datetime DEFAULT NULL,
  `deleted_at` timestamp NULL DEFAULT NULL
) ENGINE=InnoDB DEFAULT CHARSET=utf8mb4 COLLATE=utf8mb4_unicode_ci;



-- --------------------------------------------------------

--
-- Table structure for table `chatgpt`
--

CREATE TABLE `chatgpt` (
  `id` int(10) UNSIGNED NOT NULL,
  `slug` varchar(255) COLLATE utf8mb4_unicode_ci NOT NULL,
  `user_id` int(10) UNSIGNED NOT NULL,
  `type` enum('pray','questions') COLLATE utf8mb4_unicode_ci NOT NULL,
  `question` mediumtext COLLATE utf8mb4_unicode_ci NOT NULL,
  `answer` mediumtext COLLATE utf8mb4_unicode_ci NOT NULL,
  `created_at` datetime DEFAULT NULL,
  `updated_at` datetime DEFAULT NULL,
  `deleted_at` timestamp NULL DEFAULT NULL
) ENGINE=InnoDB DEFAULT CHARSET=utf8mb4 COLLATE=utf8mb4_unicode_ci;

--
-- Dumping data for table `chatgpt`
--

INSERT INTO `chatgpt` (`id`, `slug`, `user_id`, `type`, `question`, `answer`, `created_at`, `updated_at`, `deleted_at`) VALUES
(1, '722ejs7lrfuu9xv', 111, 'pray', 'I need a deliverance prayer ', 'Certainly! Here is a sample deliverance prayer based on the Bible:\n\nHeavenly Father, I come before you in the name of Jesus, recognizing my need for deliverance from the powers of darkness. According to your word in Colossians 1:13, you have delivered us from the power of darkness and translated us into the kingdom of your Son. I thank you for the victory we have in Christ.\n\nI confess any sins and ungodly behavior in my life that may have given the enemy a foothold. I ask for your forgiveness and cleansing. By the power of the blood of Jesus, I break and renounce any agreements, covenants, or generational curses that may have been passed down through my family line or that I have personally entered into unknowingly or willingly.\n\nIn the authority of Jesus Christ, I command every demonic spirit that is operating in my life and causing me harm, torment, temptation, or bondage to leave now. I bind every demonic power, influence, and stronghold in my life and command them to be broken and destroyed. I declare that Jesus Christ has already overcome the enemy, and I choose to stand firm in that victory.\n\nHeavenly Father, please fill me afresh with your Holy Spirit and empower me to resist and overcome every attack of the enemy. Set me free from any addiction, fear, anxiety, or any other form of bondage. Thank you, Lord, for your faithfulness and for hearing and answering my prayer.\n\nI pray all these things in the mighty name of Jesus. Amen.\n\nRemember, deliverance is not just a one-time event but an ongoing process of surrendering to God, submitting to His Word, and continually renewing your mind in Him. It may also be helpful to seek guidance from a trusted Christian leader or pastor who can provide additional support and prayer.', '2024-01-16 04:29:22', '2024-01-16 04:29:22', NULL),
(2, '722e7jvlrqm2f2t', 120, 'questions', 'how to restrain from sex in godly relationships?', 'In a godly relationship, it is important to prioritize purity and honor God with your actions and choices. Here are some principles to help you restrain from engaging in sexual activity:\n\n1. Honor God\'s design for sexuality: Recognize that God has designed sex to be enjoyed within the context of marriage (Hebrews 13:4, 1 Corinthians 6:18-20). Acknowledge that abstaining from sexual activity before marriage is a way of honoring and obeying God.\n\n2. Set boundaries: Clearly communicate with your partner about your commitment to purity and establish physical boundaries. Discuss what actions or situations may lead to temptation and agree to avoid them. Commit to practicing self-control and respecting each other\'s boundaries.\n\n3. Build a strong spiritual foundation: Invest time in personal and shared prayer, reading the Bible, and attending church together. Strengthening your relationship with God will help you have a broader perspective on intimacy and make it easier to resist temptation.\n\n4. Surround yourselves with accountability: Seek out a small group or mentor who can provide guidance and accountability in your relationship. Regularly check in with them, share your struggles and successes, and ask for prayer and support.\n\n5. Stay in community: Spend time with other couples who share your commitment to purity. This can provide encouragement, accountability, and healthy examples to follow.\n\n6. Focus on non-sexual forms of intimacy: Build emotional, intellectual, and spiritual connection with your partner. Engage in activities that deepen your bond, such as conversation, quality time, serving others together, and engaging in shared hobbies and interests.\n\n7. Seek guidance from your pastor or spiritual leaders: If you\'re struggling with temptation or finding it difficult to remain pure in your relationship, don\'t hesitate to seek wise counsel from spiritual mentors who can provide guidance and help you navigate these challenges.\n\nRemember, restraining from sex in a godly relationship requires a commitment to purity and a desire to honor God above all else. It may not always be easy, but seeking after God\'s will and leaning on His strength will help you stay on the right path.', '2024-01-23 17:09:14', '2024-01-23 17:09:14', NULL),
(3, '722e7jvlrqpi91x', 121, 'questions', ' What do I do if I constantly go to arguments with my wife?', 'In situations where you constantly find yourself in arguments with your spouse, it is important to approach the issue with love, patience, and a desire for resolution. The Bible provides guidance on how to handle conflict in relationships, particularly in the book of Ephesians.\n\n1. Communication and Understanding: Ephesians 4:29 encourages us to speak edifying words that build others up, rather than engaging in harmful or hurtful speech. It is important to communicate honestly and effectively, expressing your thoughts and feelings while actively listening to your spouse\'s perspective. Seek to understand each other\'s needs, concerns, and desires.\n\n2. Self-Reflection: Take time to reflect on your own actions and emotions, considering if there are any patterns or triggers that contribute to the arguments. Self-awareness and personal growth are essential in overcoming relationship challenges. The Bible reminds us in Psalm 139:23-24 to ask God to search our hearts and lead us in the path of righteousness.\n\n3. Patience and Forgiveness: Ephesians 4:2-3 encourages us to be patient and gentle with one another, bearing with each other in love and maintaining unity. Remember that forgiveness is a crucial aspect of any healthy relationship. Let go of past hurts and grudges, and choose to forgive your spouse as Christ forgave us (Colossians 3:13).\n\n4. Seek Guidance and Support: When facing persistent conflicts, it can be helpful to seek guidance from a trusted pastor or Christian counselor who can offer biblical wisdom and practical advice. They can help you navigate the challenges and provide a neutral, unbiased perspective.\n\nRemember, a strong marriage is built on God\'s principles of love, grace, and humility. Seek His guidance and allow His Word to direct your actions and responses in order to cultivate a peaceful and harmonious relationship with your spouse.', '2024-01-23 18:45:31', '2024-01-23 18:45:31', NULL),
(4, '722e7jvlrrv42ch', 120, 'questions', 'How to reconcile with your partner after an argument?', 'In the Bible, there are several principles that can guide you in reconciling with your partner after an argument:\n\n1. Seek forgiveness: If you have said or done something hurtful, humbly acknowledge your mistake and genuinely ask for forgiveness from both your partner and from God. Proverbs 28:13 says, \"Whoever conceals their sins does not prosper, but the one who confesses and renounces them finds mercy.\"\n\n2. Show empathy and understanding: Put yourself in your partner\'s shoes and try to understand their perspective. Proverbs 18:13 encourages us to listen before answering, which can help cultivate empathy and avoid jumping to hasty conclusions.\n\n3. Communicate openly and honestly: Have a calm and honest conversation with your partner about the issues that caused the argument. Ephesians 4:26 advises us not to let the sun go down while we are still angry, implying the importance of resolving conflicts promptly.\n\n4. Practice forgiveness: Choosing to forgive your partner and letting go of grudges is essential for reconciliation. In Colossians 3:13, we are instructed to forgive one another just as the Lord forgave us.\n\n5. Seek guidance and restoration through prayer: Pray individually and together as a couple, seeking God\'s wisdom and healing. Ask Him to help restore harmony and unity in your relationship.\n\nRemember, reconciliation is a process that requires both parties to be willing to forgive, communicate, and work towards rebuilding trust. It may take time and effort, but with God\'s guidance and grace, restoration and reconciliation are possible.', '2024-01-24 14:10:13', '2024-01-24 14:10:13', NULL),
(5, '722e7jvlrrv8ylu', 120, 'questions', 'How to lead my wife in the word ?', 'Leading your wife in the Word of God is a beautiful and sacred responsibility. Here are some practical steps you can take to lead your wife in the Word:\n\n1. Personal Commitment: Develop a strong personal relationship with God and a consistent habit of studying and applying His Word. This will enable you to lead by example and inspire your wife to do the same.\n\n2. Prayer: Make prayer a priority in your relationship. Seek God\'s wisdom, guidance, and discernment as you lead your wife spiritually. Pray for her spiritual growth and understanding of the Word.\n\n3. Study Together: Set aside specific times to study the Bible together as a couple. Choose passages or topics that you both find relevant and engaging. Discuss and reflect on what you\'ve learned, and encourage your wife to share her thoughts and insights.\n\n4. Provide Resources: Share helpful and inspiring Christian books, devotionals, podcasts, or sermons with your wife. Encourage her to explore different resources that will deepen her understanding of God\'s Word and strengthen her faith.\n\n5. Encourage Deeper Engagement: Encourage your wife to take an active role in her spiritual growth. Help her find opportunities to join Bible studies, attend women\'s retreats or conferences, and connect with other like-minded women in the church.\n\n6. Be Supportive: Show genuine interest and support in your wife\'s spiritual journey. Encourage her to ask questions, seek clarification, and share her doubts or struggles. Offer your understanding, love, and patience as she grows in her faith.\n\n7. Cultivate a Godly Atmosphere: Foster an environment of love, respect, and grace within your marriage. Lead with humility and integrity, and embody the biblical principles you are learning together. Your words and actions should consistently reflect Christ\'s love.\n\nRemember, leading your wife in the Word is not about authority or control, but about serving and walking alongside her on your collective journey of faith. Seek the Holy Spirit\'s guidance, be patient, and trust that God will work in both of you as you grow closer to Him and to each other.', '2024-01-24 14:14:02', '2024-01-24 14:14:02', NULL),
(6, '722e7jvlrrvjflz', 120, 'questions', 'how help my wife through a spiritual attack ?', 'In situations like a spiritual attack, it is important to provide support and guidance for your wife. Here are a few suggestions:\n\n1. Pray together: Begin by praying together, asking for protection and strength from God. Seek His wisdom and guidance in navigating this spiritual attack.\n\n2. Encourage her to seek God: Encourage your wife to deepen her relationship with God through prayer, worship, and reading His Word. Remind her that God is always present and ready to help in times of spiritual attack.\n\n3. Provide a safe space: Create an environment where your wife feels safe and secure. Be a listening ear and offer reassurance. Avoid judgment or blame, as this may only add to her distress.\n\n4. Seek spiritual counsel: Consider reaching out to a trusted spiritual leader, pastor, or counselor who can offer guidance and prayer support.\n\n5. Declare God\'s promises: Remind your wife of God\'s promises found in the Bible. Encourage her to speak these out loud and declare them over her life. This can help strengthen her faith and combat any negative thoughts or attacks.\n\n6. Engage in spiritual warfare: Teach your wife about spiritual warfare and equip her with tools like praying and fasting. Encourage her to put on the armor of God (Ephesians 6:10-18) and engage in spiritual warfare through prayer, rebuking the enemy, and declaring God\'s truth.\n\nRemember, everyone\'s spiritual journey is unique, so it\'s important to adapt these suggestions to your wife\'s specific needs and preferences. Continue to be patient, loving, and supportive throughout this process.', '2024-01-24 14:22:10', '2024-01-24 14:22:10', NULL),
(7, '722e7jvlrtal555', 121, 'pray', ' Prayers The I hope your walk with Christ', 'Thank you for your well wishes. As an assistant, I am here to help answer questions based on the Bible. If you have any specific questions or would like guidance on a particular topic, please feel free to ask.', '2024-01-25 14:11:10', '2024-01-25 14:11:10', NULL),
(8, '722e7jvlrtamtho', 121, 'questions', ' How to help your partner come to Christ', 'Helping your partner come to Christ is a personal journey that requires patience, love, and prayer. Here are a few suggestions on how to assist them in their spiritual journey:\n\n1. Show the love of Christ: Reflect the love and compassion of Jesus in your actions and words towards your partner. Live out your faith authentically and let them see the positive impact it has on your life.\n\n2. Pray for them: Pray earnestly for your partner\'s spiritual transformation. Ask God to soften their heart, open their eyes to His truth, and draw them closer to Him.\n\n3. Be a listening ear: Create a safe space for your partner to express their thoughts, doubts, and questions about faith. Listen actively and empathetically to their concerns. Avoid arguing or trying to force your beliefs on them, but instead seek to understand and provide gentle guidance.\n\n4. Share your testimony: Share your personal journey of faith, including the ways in which you came to know Christ and the transformation it has brought to your life. A personal testimony can be a powerful tool for illustrating the real-life impact of a relationship with Jesus.\n\n5. Invite them to church or Christian events: Encourage your partner to attend church services, Bible studies, or other Christian gatherings with you. Experiencing a worshipping community can provide them with support, opportunities for further exploration, and exposure to the teachings of the Bible.\n\n6. Study the Bible together: Offer to read and discuss the Bible together. This can be a collaborative and educational process where you can explore the foundational teachings and principles of Christianity. Be open to their questions and doubts, and provide biblical answers or seek guidance from pastors or other trusted Christians.\n\n7. Be patient and allow God to work: Recognize that your partner\'s journey to faith is ultimately in God\'s hands. Trust in His timing and sovereignty. Remember that everyone\'s spiritual journey is unique, and forcing or pressuring your partner may have the opposite effect. Continue to love and support them, allowing God to work in their hearts.\n\nRemember, your role is to be a faithful witness and support system. Ultimately, it is God who brings about the transformation of the heart.', '2024-01-25 14:12:29', '2024-01-25 14:12:29', NULL),
(9, '722e7jvlrtd4g4o', 122, 'pray', 'I need a prayer for my husband in sickness', 'Heavenly Father, \nI come before you today with a heavy heart, seeking your healing touch upon my husband who is ill. Lord, you are the Great Physician, and nothing is impossible for you. I believe in your power to heal and restore him to full health.\n\nI pray that you would bring comfort and peace to my husband during this time of sickness. Grant him strength to endure the physical pain and the emotional strain that accompanies illness. Surround him with your loving presence and let him feel your tender care.\n\nLord, I ask that you guide the hands of the medical professionals who are treating him. Give them wisdom and discernment to make the right decisions for his health and well-being. May they be instruments of your healing grace.\n\nFather, I also pray for my husband\'s spiritual and emotional well-being. May he find hope and encouragement in your word, knowing that you are with him every step of the way. Renew his faith and give him peace that surpasses all understanding.\n\nLord, I commit my husband into your loving hands. Your will be done in his life, knowing that you work all things together for the good of those who love you. Strengthen our marriage and deepen our love and commitment to one another through this difficult season.\n\nIn Jesus\' name, I pray. Amen.', '2024-01-25 15:22:10', '2024-01-25 15:22:10', NULL),
(10, '722e7jvlrtd66gk', 111, 'pray', 'I have an interview and need a prayer for that', 'Dear Heavenly Father,\n\nI come before you today with confidence, knowing that you are a God who is both loving and powerful. I lift up [Your Name] before you, who is preparing for an important interview.\n\nI pray for your wisdom to fill their mind, that they may answer questions with clarity and insight. Give them the ability to recall the information they have learned and express it in a way that is compelling to the interviewer.\n\nLord, I ask for your peace to guard their hearts and minds during this interview. Help them to remain calm and composed as they navigate through each question and interaction. Remove any anxiety or doubt that may hinder their performance.\n\nRemind [Your Name] of the gifts and talents you have given them and let their true potential shine through during this interview. May their words reflect their passion, enthusiasm, and integrity.\n\nAbove all, Lord, may your will be done. If this opportunity is aligned with your purpose for [Your Name], I ask for favor and an open door. However, if it is not your plan, I trust that you have something better in store for them.\n\nI commit this interview into your hands, knowing that you are with [Your Name] every step of the way. In Jesus\' name, I pray. Amen.\n\nRemember to trust in God\'s timing and guidance throughout the entire interview process.', '2024-01-25 15:23:31', '2024-01-25 15:23:31', NULL),
(11, '722e7jvlrtd790x', 122, 'pray', 'this interview is for me melissa', 'Hello, Melissa! How can I assist you today with questions related to the Bible?', '2024-01-25 15:24:21', '2024-01-25 15:24:21', NULL),
(12, '722e7jvlrtd7zhn', 111, 'pray', 'a prayer for a job that I have an interview for', 'Heavenly Father,\n\nI come before you today with a humble heart and a deep desire for a new job opportunity. You know the interview that I have scheduled, and I pray that you would guide me and grant me wisdom, confidence, and favor as I prepare and present myself to the prospective employer.\n\nLord, I ask for your divine guidance in this process. Open the right doors for me and close any that are not meant for me. Help me to display my skills, abilities, and qualifications with clarity and precision. Give me the words to speak and help me to answer their questions with confidence and grace.\n\nFather, I pray for your peace to rule in my heart during this interview. Remove any anxiety or fear that may try to hinder my performance. Instead, fill me with your peace that surpasses all understanding and allows me to showcase the skills and experience that I bring to the table.\n\nI fully trust in your perfect timing, knowing that you have a plan and purpose for each step of my journey. Help me to trust in you and your provision, knowing that you care deeply for me and my future.\n\nFinally, I commit this interview and my job search into your hands. Your will be done in my life, and I trust that you have a perfect job opportunity waiting for me. Thank you, Lord, for hearing my prayer and for guiding me through this process. In Jesus\' name, I pray. Amen.\n\nRemember to have faith and trust in God\'s plan for your life. He knows what is best for you and will lead you to the right job opportunity. Be confident in your abilities and let your light shine during the interview process.', '2024-01-25 15:24:55', '2024-01-25 15:24:55', NULL),
(13, '722e7jvlrtd8b72', 122, 'questions', 'when should I marry my girlfriend?', 'The Bible does not prescribe an exact age or timeframe for when individuals should get married. However, there are some principles and considerations that can be taken into account when discerning marriage. \n\nFirst, it is important to make sure that both individuals are mature enough to handle the responsibilities and commitments that come with marriage. This includes being emotionally, mentally, and spiritually prepared.\n\nSecond, seeking God\'s guidance and wisdom through prayer is crucial. The Bible encourages believers to trust in the Lord and acknowledge Him in all their ways (Proverbs 3:5-6). Inviting God into your decision-making process can provide clarity and direction.\n\nAdditionally, it is important to consider factors such as compatibility, shared values, and goals for the future. Marriage should be built on a foundation of love, respect, and commitment. \n\nUltimately, the decision to marry should be prayerfully considered and made with the counsel of trusted mentors or spiritual leaders who can provide guidance and support. Remember that each person\'s journey is unique, and what works for one couple may not be the same for another.', '2024-01-25 15:25:10', '2024-01-25 15:25:10', NULL),
(14, '722e7jvlrtdva4u', 122, 'questions', 'what scripture do you recommend for a couple building their foundation on Christ?', 'I would recommend the following scripture for a couple building their foundation on Christ:\n\nMatthew 7:24-27 - \"Everyone then who hears these words of mine and does them will be like a wise man who built his house on the rock. And the rain fell, and the floods came, and the winds blew and beat on that house, but it did not fall, because it had been founded on the rock. And everyone who hears these words of mine and does not do them will be like a foolish man who built his house on the sand. And the rain fell, and the floods came, and the winds blew and beat against that house, and it fell, and great was the fall of it.\"\n\nThis scripture emphasizes the importance of not only hearing the teachings of Christ, but also putting them into practice. By building their relationship on a strong foundation of living out the principles and teachings of Jesus, the couple can withstand the challenges and trials that may come their way.', '2024-01-25 15:43:02', '2024-01-25 15:43:02', NULL),
(15, '722e7jvlrup46tl', 121, 'questions', ' My partner is not being honest', 'Dishonesty is a difficult issue to address in a relationship. It\'s important to approach the situation with love, understanding, and open communication. The Bible encourages honesty and warns against lying and deceit. In Ephesians 4:25, it says, \"Therefore, having put away falsehood, let each one of you speak the truth with his neighbor, for we are members one of another.\" \n\nFirst, pray for guidance and wisdom in dealing with this situation. Then, find an appropriate time to have an honest and open conversation with your partner. Express your concerns and feelings, emphasizing the importance of truthfulness and trust in a relationship. Encourage them to share their thoughts and provide an opportunity for them to explain their actions. \n\nIf your partner continues to be dishonest and shows no willingness to change, it may be necessary to seek further guidance from a trusted counselor or spiritual advisor. Remember, forgiveness and grace are important aspects of a relationship, but trust needs to be earned and maintained for a healthy and thriving partnership.', '2024-01-26 13:45:40', '2024-01-26 13:45:40', NULL),
(16, '722e7jvls29o68r', 111, 'questions', 'when my husband gives examples of the kids on his bus and how they are disrespectful, he tells me what they say but instead of saying the full curse word he says the first letter and sound but not the word. I told him that it was wrong and god says not to even cause someone to sin by what you say. he said he wasn’t wrong. what does the word of god say', 'The Word of God teaches us to be mindful of our words and the influence they can have on others. In Ephesians 4:29, it says, \"Let no unwholesome word proceed from your mouth, but only such a word as is good for edification according to the need of the moment, so that it will give grace to those who hear.\" This verse encourages us to use language that builds up and encourages others.\n\nIn Matthew 5:37, Jesus says, \"Simply let your \'Yes\' be \'Yes,\' and your \'No,\' \'No\'; anything beyond this comes from the evil one.\" This passage encourages honesty and sincerity in our speech, rather than using euphemisms or half-words that can still convey harmful meanings.\n\nWhile your husband may have been trying to avoid using explicit language, it is important to consider the spirit of the scripture and how our words can impact others. It would be beneficial for your husband to seek alternative ways of expressing his concerns about the children\'s behavior without compromising the commandments of God.\n\nUltimately, each individual should seek God\'s wisdom, pray for guidance, and be open to correction when it comes to their speech.', '2024-01-31 20:55:28', '2024-01-31 20:55:28', NULL),
(17, '722e7jvls29qbi0', 111, 'questions', 'he doesn’t believe that he’s doing anything wrong. ', 'In the Bible, it is important to discern what is right and wrong according to God\'s Word. It is possible for someone to believe they are not doing anything wrong, but that does not necessarily align with God\'s standards. Proverbs 14:12 says, \"There is a way that appears to be right, but in the end it leads to death.\" It is important for us to seek God\'s wisdom and guidance to understand and discern what is truly right according to His principles.', '2024-01-31 20:57:08', '2024-01-31 20:57:08', NULL),
(18, '722e7jvls3kllrd', 120, 'questions', 'Is it good restrain from your partner to get closer to the lord ? ', 'The Bible encourages believers to draw closer to the Lord and cultivate a relationship with Him. In a committed relationship, it can be beneficial for both partners to grow spiritually together. Sharing in the pursuit of faith can strengthen the bond between partners and provide a solid foundation for the relationship. However, it is important to respect each other\'s individual journey with God. If one partner desires to draw closer to the Lord and the other does not, it is important to communicate openly and respectfully about this and find a balance that allows both individuals to pursue their faith. It is not necessarily good or healthy to restrain or hinder someone from getting closer to the Lord, as each person has a personal relationship with God that should be respected and nurtured.', '2024-02-01 18:49:10', '2024-02-01 18:49:10', NULL),
(19, '722e7jvls3lionr', 111, 'pray', 'I’m struggling with fear', 'It\'s understandable to struggle with fear at times, as it is a very common emotion. However, as a Christian, we have hope and encouragement from the Bible to help us overcome fear. Here are a few verses to remember:\n\n1. Isaiah 41:10 - \"So do not fear, for I am with you; do not be dismayed, for I am your God. I will strengthen you and help you; I will uphold you with my righteous right hand.\" This verse reminds us that God is with us, and He will give us strength and help us in times of fear.\n\n2. 2 Timothy 1:7 - \"For God has not given us a spirit of fear, but of power and of love and of a sound mind.\" This verse assures us that fear does not come from God, but rather He empowers us to have courage, love, and a sound mind.\n\n3. Psalm 34:4 - \"I sought the Lord, and he answered me; he delivered me from all my fears.\" This verse encourages us to trust in God and seek His presence. As we turn to Him and rely on His guidance, He can deliver us from our fears.\n\nRemember that overcoming fear is a process, and it\'s important to have patience and faith. God is always there for us, ready to offer peace and comfort. Additionally, seeking support from fellow believers and praying for God\'s guidance can also be helpful during times of fear.', '2024-02-01 19:14:53', '2024-02-01 19:14:53', NULL),
(20, '722e7jvls3lj89a', 111, 'pray', 'I need a prayer for feeling fear', 'Dear Heavenly Father,\n\nI come before you today with a heavy heart, burdened by fear and anxiety. Your Word says that you have not given us a spirit of fear, but of power, love, and a sound mind. I pray that you would remind me of this truth in the midst of my fear.\n\nLord, I confess that I often allow fear to overpower me, to control my thoughts and actions. I ask for your forgiveness and your strength to overcome this fear. Help me to trust in you completely, for you are my refuge and strength, a very present help in times of trouble.\n\nGrant me peace in my heart, Lord, that surpasses all understanding. Fill me with your Holy Spirit, who is the source of comfort and courage. Help me to cast all my anxieties on you, for you care for me.\n\nI pray that as I face future uncertainties and challenges, my faith would be strengthened. Help me to remember your promises, that you are with me always, and that you will never leave nor forsake me. Give me the confidence to step out in faith, knowing that you are in control and will guide me every step of the way.\n\nIn Jesus\' precious name, I pray. Amen.', '2024-02-01 19:15:19', '2024-02-01 19:15:19', NULL),
(21, '722e7jvls3lkezb', 111, 'questions', 'my husband looks at other women. what does the Bible say', 'The Bible does not explicitly address the specific behavior of a husband looking at other women. However, the Bible does provide some general guidance on relationships and marital fidelity. \n\nIn Matthew 5:27-28, Jesus emphasizes the importance of controlling one\'s thoughts and avoiding lustful desires: \"You have heard that it was said, \'You shall not commit adultery.\' But I tell you that anyone who looks at a woman lustfully has already committed adultery with her in his heart.\"\n\nIn 1 Corinthians 7:2, the apostle Paul emphasizes the importance of each spouse fulfilling their marital duties, which includes emotional and sexual fidelity: \"But because of the temptation to sexual immorality, each man should have his own wife and each woman her own husband.\"\n\nIt is important to have open and honest communication with your husband about your concerns and feelings. Working together to understand and respect each other\'s boundaries can help strengthen your relationship. Seeking guidance from a trusted pastor, counselor, or marriage therapist may also be beneficial in resolving any issues or concerns in your marriage.', '2024-02-01 19:16:14', '2024-02-01 19:16:14', NULL),
(22, '722enpplt0v3gk2', 111, 'questions', 'I am frustrated right now. my girlfriend is talking to another guy. what does the Bible say?', 'It\'s understandable to feel frustrated in this situation. The Bible encourages us to trust in God and seek guidance in times of trouble. It also emphasizes the importance of communication and honesty in relationships. You may want to consider discussing your concerns with your girlfriend in a calm and respectful manner, being open about how you feel and listening to her perspective as well. Remember to seek God\'s guidance and trust in His plan for your life.', '2024-02-25 01:59:23', '2024-02-25 01:59:23', NULL),
(23, '722enppltfh2i31', 98, 'questions', 'cchcjvncfzuxxufzfjd', 'It seems like you may have typed a random string of characters. If you have any questions about the Bible or would like me to explain a specific passage, feel free to ask!', '2024-03-06 07:23:16', '2024-03-06 07:23:16', NULL),
(24, '722enppltfh2o7n', 98, 'questions', 'xkgjvx hi xjfzffufzfgxjzjfzkg', 'It seems like you may have accidentally entered some random characters. If you have any questions about the Bible or need any assistance, feel free to ask!', '2024-03-06 07:23:24', '2024-03-06 07:23:24', NULL),
(25, '722enppltfh2vu8', 98, 'questions', 'hi buddy ', 'Hello! How can I assist you today?', '2024-03-06 07:23:34', '2024-03-06 07:23:34', NULL),
(26, '722enppltfh35m1', 98, 'questions', 'please help me', 'Of course! How can I help you today?', '2024-03-06 07:23:47', '2024-03-06 07:23:47', NULL),
(27, '722e2w2ltzoj7rh', 98, 'pray', 'when did Michael Jackson die', 'I\'m sorry, but I can only provide answers related to prayers, bible verses, or spiritual questions. If you have any other question about that, feel free to ask.', '2024-03-20 10:47:37', '2024-03-20 10:47:37', NULL),
(28, '722e2w2ltzojp1h', 98, 'pray', 'prayer for health and wealth', '\"Beloved, I pray that you may prosper in all things and be in health, just as your soul prospers.\" - 3 John 1:2', '2024-03-20 10:47:59', '2024-03-20 10:47:59', NULL),
(29, '722e2w2ltzojv17', 98, 'pray', 'more', 'Please specify if you have a specific prayer or question related to the bible that you would like an answer to.', '2024-03-20 10:48:07', '2024-03-20 10:48:07', NULL),
(30, '722e2w2ltzok9y1', 98, 'pray', 'how I can serve my parents', 'One way to serve your parents is by honoring them, as it is commanded in the Bible. Ephesians 6:2-3 says, \"Honor your father and mother — which is the first commandment with a promise — so that it may go well with you and that you may enjoy long life on the earth.\" Serve your parents with love, respect, and care, just as God commands, and you will be fulfilling your duty towards them.', '2024-03-20 10:48:26', '2024-03-20 10:48:26', NULL),
(31, '722e2w2ltzopu2w', 98, 'questions', 'when did Michael Jackson die ', 'Michael Jackson died on June 25, 2009.', '2024-03-20 10:52:46', '2024-03-20 10:52:46', NULL),
(32, '722e2w2ltzorskx', 98, 'pray', 'what is 2 plus 2', 'I\'m sorry, I can only provide answers related to prayers or questions about the Bible. Let me know if you have any other queries related to that.', '2024-03-20 10:54:17', '2024-03-20 10:54:17', NULL),
(33, '722e2w2ltzot4ql', 98, 'questions', 'prayer for health of parents', 'Dear Lord,\n\nI come to you with a heavy heart, asking for your healing and protection over my parents. You have blessed them with life and love, and I am grateful for the time that we have shared together. I pray that you will surround them with your love and comfort, giving them strength and courage in times of illness and weakness.\n\nPlease bless them with good health and healing, both physically and mentally. Help them to overcome any sickness or disease that may be affecting them, and restore them to full health and vitality. I pray that you will guide their doctors and caretakers, giving them wisdom and skill to provide the best possible care.\n\nLord, I ask that you watch over my parents and keep them safe from harm. Protect them from accidents and injuries, and guard them from any danger or harm that may come their way. Give them peace of mind and a sense of calm as they navigate through the challenges of life.\n\nI thank you for the gift of my parents and for the love and support that they have given me throughout my life. I pray that you will continue to bless them with many more years of health and happiness, so that we may continue to share in the joy of family and the blessings of your presence.\n\nIn your loving and merciful name, I pray. Amen.', '2024-03-20 10:55:19', '2024-03-20 10:55:19', NULL),
(34, '722e2w2lu0vjwib', 98, 'pray', 'hi', 'Hello! How can I help you today?', '2024-03-21 06:51:52', '2024-03-21 06:51:52', NULL),
(35, '722e2w2lu0vk78y', 98, 'pray', 'what is your name ', 'I am here to answer any prayers or questions you may have about the Bible. How can I assist you today?', '2024-03-21 06:52:06', '2024-03-21 06:52:06', NULL),
(36, '722e2w2lu0vkjef', 98, 'pray', 'I’m athiest', 'That\'s okay. How may I assist you today?', '2024-03-21 06:52:22', '2024-03-21 06:52:22', NULL),
(37, '722e2w2lu0vlclo', 98, 'pray', 'What does bible say about atheism ', 'The Bible does not specifically mention atheism as we understand it today. However, it does talk about the existence of God and the consequences of denying Him. Psalm 14:1 says, \"The fool says in his heart, \'There is no God.\' They are corrupt, their deeds are vile; there is no one who does good.\" This verse conveys the idea that denying God\'s existence is considered foolish and leads to corrupt behavior.', '2024-03-21 06:53:00', '2024-03-21 06:53:00', NULL),
(38, '722e2w2lu0vmm45', 98, 'pray', 'atheism or Christianity what is good?', 'Prayer: Heavenly Father, I pray that you guide this individual in their search for truth and understanding. Help them to seek you with an open heart and mind. Amen. \n\nReference: \"Trust in the Lord with all your heart and lean not on your own understanding; in all your ways submit to him, and he will make your paths straight.\" - Proverbs 3:5-6', '2024-03-21 06:53:59', '2024-03-21 06:53:59', NULL),
(39, '722eakjlu0xxyi4', 148, 'questions', '😊😊😊😊', 'Hello! How can I assist you today? 😊', '2024-03-21 07:58:47', '2024-03-21 07:58:47', NULL),
(40, '722eduvlu6sl9i8', 155, 'questions', 'fer', 'Hello! How can I assist you today?', '2024-03-25 10:15:34', '2024-03-25 10:15:34', NULL),
(41, '722eduvlu6slihr', 155, 'questions', 'by doing nothing', ', you may risk missing out on opportunities, not achieving your goals, and feeling unfulfilled. It is important to take action, make decisions, and pursue your desires in order to live a fulfilling and successful life.', '2024-03-25 10:15:46', '2024-03-25 10:15:46', NULL),
(44, '722e15ilu9m8tcl', 124, 'questions', 'ggggg', 'Hello! How can I assist you today?', '2024-03-27 09:41:14', '2024-03-27 09:41:14', NULL),
(45, '722e15ilu9m92ga', 124, 'pray', 'hyyy', 'Hello! How can I assist you today?', '2024-03-27 09:41:26', '2024-03-27 09:41:26', NULL),
(46, '722e15ilu9maqv1', 124, 'pray', 'hghhh', 'I\'m sorry, could you please provide more information or clarify your question or prayer request?', '2024-03-27 09:42:44', '2024-03-27 09:42:44', NULL),
(47, '722e4bklu9oub0e', 181, 'pray', 'jejdjdjdkr', 'I\'m sorry, I didn\'t understand your query. How can I assist you today?', '2024-03-27 10:53:56', '2024-03-27 10:53:56', NULL),
(49, '722efyiluckziq9', 184, 'questions', 'gg', 'Hello! How can I assist you today?', '2024-03-29 11:29:19', '2024-03-29 11:29:19', NULL),
(50, '722efyilucnppn7', 193, 'pray', 'president of Pakistan', 'I\'m sorry, I can only provide answers to prayers/pray questions or queries with reference to the Bible. Would you like to ask a different question?', '2024-03-29 12:45:41', '2024-03-29 12:45:41', NULL),
(51, '722efyilucnqf4z', 193, 'questions', 'Pakistan is created by?', 'Pakistan was created on August 14, 1947 by the British Indian Empire\'s partition and the subsequent creation of the separate state of Pakistan in order to provide a separate homeland for Muslims in South Asia. The founding father of Pakistan is Muhammad Ali Jinnah, who led the All-India Muslim League in the movement for Pakistan\'s independence.', '2024-03-29 12:46:14', '2024-03-29 12:46:14', NULL);

-- --------------------------------------------------------

--
-- Table structure for table `cms_modules`
--

CREATE TABLE `cms_modules` (
  `id` int(10) UNSIGNED NOT NULL,
  `parent_id` int(11) DEFAULT '0',
  `name` varchar(100) COLLATE utf8mb4_unicode_ci DEFAULT NULL,
  `route_name` varchar(100) COLLATE utf8mb4_unicode_ci DEFAULT NULL,
  `icon` varchar(100) COLLATE utf8mb4_unicode_ci DEFAULT NULL,
  `status` enum('1','0') COLLATE utf8mb4_unicode_ci DEFAULT '1',
  `sort_order` decimal(8,2) DEFAULT NULL,
  `created_at` datetime DEFAULT NULL,
  `updated_at` datetime DEFAULT NULL,
  `deleted_at` timestamp NULL DEFAULT NULL
) ENGINE=InnoDB DEFAULT CHARSET=utf8mb4 COLLATE=utf8mb4_unicode_ci;

--
-- Dumping data for table `cms_modules`
--

INSERT INTO `cms_modules` (`id`, `parent_id`, `name`, `route_name`, `icon`, `status`, `sort_order`, `created_at`, `updated_at`, `deleted_at`) VALUES
(1, 0, 'Cms Roles Management', 'cms-roles-management.index', 'fa fa-key', '1', 1.00, '2023-09-22 02:27:54', NULL, NULL),
(2, 0, 'Cms Users Management', 'cms-users-management.index', 'fa fa-users', '1', 2.00, '2023-09-22 02:27:54', NULL, NULL),
(3, 0, 'Application Setting', 'admin.application-setting', 'fa fa-cog', '1', 3.00, '2023-09-22 02:27:54', NULL, NULL),
(4, 0, 'Users Management', 'app-users.index', 'fa fa-users', '1', 4.00, '2023-09-22 02:27:54', NULL, NULL),
(5, 0, 'Content Management', 'content-management.index', 'fa fa-tasks', '1', 5.00, '2023-09-22 02:27:54', NULL, NULL),
(6, 0, 'FAQ\'s', 'faq.index', 'fa fa-question-circle-o', '1', 6.00, '2023-09-22 02:27:54', NULL, NULL);

-- --------------------------------------------------------

--
-- Table structure for table `cms_module_permissions`
--

CREATE TABLE `cms_module_permissions` (
  `id` int(10) UNSIGNED NOT NULL,
  `user_group_id` int(10) UNSIGNED DEFAULT NULL,
  `user_id` int(10) UNSIGNED DEFAULT NULL,
  `cms_module_id` int(10) UNSIGNED DEFAULT NULL,
  `is_add` enum('1','0') COLLATE utf8mb4_unicode_ci DEFAULT '0',
  `is_view` enum('1','0') COLLATE utf8mb4_unicode_ci DEFAULT '0',
  `is_update` enum('1','0') COLLATE utf8mb4_unicode_ci DEFAULT '0',
  `is_delete` enum('1','0') COLLATE utf8mb4_unicode_ci DEFAULT '0',
  `created_at` datetime DEFAULT NULL,
  `updated_at` datetime DEFAULT NULL,
  `deleted_at` timestamp NULL DEFAULT NULL
) ENGINE=InnoDB DEFAULT CHARSET=utf8mb4 COLLATE=utf8mb4_unicode_ci;

-- --------------------------------------------------------

--
-- Table structure for table `content_managements`
--

CREATE TABLE `content_managements` (
  `id` int(10) UNSIGNED NOT NULL,
  `title` varchar(150) COLLATE utf8mb4_unicode_ci NOT NULL,
  `slug` varchar(150) COLLATE utf8mb4_unicode_ci NOT NULL,
  `content` mediumtext COLLATE utf8mb4_unicode_ci,
  `status` enum('1','0') COLLATE utf8mb4_unicode_ci DEFAULT '1',
  `created_at` datetime DEFAULT NULL,
  `updated_at` datetime DEFAULT NULL,
  `deleted_at` timestamp NULL DEFAULT NULL
) ENGINE=InnoDB DEFAULT CHARSET=utf8mb4 COLLATE=utf8mb4_unicode_ci;

--
-- Dumping data for table `content_managements`
--

INSERT INTO `content_managements` (`id`, `title`, `slug`, `content`, `status`, `created_at`, `updated_at`, `deleted_at`) VALUES
(1, 'About US', 'about-us', 'Lorem Ipsum is simply dummy text of the printing and typesetting industry. Lorem Ipsum has been the industry\'s standard dummy text ever since the 1500s, when an unknown printer took a galley of type and scrambled it to make a type specimen book. It has survived not only five centuries, but also the leap into electronic typesetting, remaining essentially unchanged. It was popularised in the 1960s with the release of Letraset sheets containing Lorem Ipsum passages, and more recently with desktop publishing software like Aldus PageMaker including versions of Lorem Ipsum.', '1', '2023-09-22 02:27:54', NULL, NULL),
(2, 'Privacy Policy', 'privacy-policy', '<p>The (Kingdom Couples) values its users&#39; privacy. This Privacy Policy (&quot;Policy&quot;) will help you understand how we collect and use personal information from those who visit our website and app or make use of our online facilities and services and what we will do with the information we collect. Our Policy has been designed and created to ensure those affiliated with (Kingdom Couples) of our commitment and realization of our obligation not only to meet but exceed most existing privacy standards.&nbsp;</p>\r\n\r\n<p>We reserve the right to make changes to this Policy at any given time. If you want to make sure that you are up to date with the latest changes, we advise you to frequently visit this page. If at any point in time (Kingdom Couples) decides to make use of any personally identifiable information on file in a manner vastly different from what was stated when this information was initially collected, the user or users shall be promptly notified by email. Users at that time shall have the option as to whether to permit the use of their information in this separate manner.&nbsp;</p>\r\n\r\n<p>This Policy applies to (Kingdom Couples), and it governs any data collection and usage by us. Through the use of (Kingdom Couples).com, you are therefore consenting to the data collection procedures expressed in this Policy.&nbsp;</p>\r\n\r\n<p>Please note that this Policy does not govern the collection and use of information by companies that (Kingdom Couples) does not control, nor by individuals not employed or managed by us. If you visit a website that we mention or link to, be sure to review its privacy policy before providing the site with information. It is highly recommended and suggested that you review the privacy policies and statements of any website you choose to use or frequent to better understand the way in which websites garner, make and use of and share the information collected.</p>\r\n\r\n<p>Specifically, this Policy will inform you of the following:</p>\r\n\r\n<ol>\r\n	<li>What personally identifiable information collected from you through our website or app;</li>\r\n	<li>Why we collect personally identifiable information and the legal basis for such collection;</li>\r\n	<li>How we use the collected information and with whom it may be shared;</li>\r\n	<li>What choices are available to you regarding the use of your data; and the security procedures in place to protect the misuse of your information?</li>\r\n</ol>\r\n\r\n<p><strong>Information We Collect</strong></p>\r\n\r\n<p>It is always up to you whether to disclose personally identifiable information to us; although you may elect not to do so, we reserve the right not to register you as a user or provide you with any products or services.&nbsp;</p>\r\n\r\n<p>In addition, (Kingdom Couples) may have the occasion to collect non-personal anonymous demographic information, such as age, gender, household income, political affiliation, race, and religion, as well as the type of browser you are using, IP address, or type of operating system, which will assist us in providing and maintaining superior quality service.</p>\r\n\r\n<p><strong>Why We Collect Information and For How Long</strong></p>\r\n\r\n<p><strong>We are collecting your data for several reasons:</strong></p>\r\n\r\n<ul>\r\n	<li>To better understand your needs and provide you with the services you have requested.</li>\r\n	<li>To fulfill our legitimate interest in improving our services and products.</li>\r\n	<li>To customize our website and app according to your personal preferences.</li>\r\n</ul>\r\n\r\n<p>The data we collect from you will be stored for no longer than necessary. The length of time we retain said information would be determined based upon the following criteria: the length of time your personal information remains relevant; the length of time it is reasonable to keep records to demonstrate that we have fulfilled our duties and obligations; and limitation periods within which claims might be made; any retention periods prescribed by law or recommended by regulators, professional bodies or associations; the type of contract we have with you, the existence of your consent, and our legitimate interest in keeping such information as stated in this Policy.</p>\r\n\r\n<p><strong>Use of Information Collected</strong></p>\r\n\r\n<p>(Kingdom Couples) does not now, or will it in the future, sell, rent or lease any of its customer lists and names to any third parties.&nbsp;</p>\r\n\r\n<p>(Kingdom Couples) may collect and make use of personal information to assist in the operation of our website and to ensure delivery of the services you need and request. At times, we may find it necessary to use personally identifiable information as a means to keep you informed of other possible products and services that may be available to you from (Kingdom Couples).&nbsp;</p>\r\n\r\n<p>(Kingdom Couples) may also be in contact with you regarding completing surveys and research questionnaires related to your opinion of current or potential future services that may be offered.</p>\r\n\r\n<p><strong>Disclosure of Information</strong></p>\r\n\r\n<p>(Kingdom Couples) may not use or disclose the information provided by you except under the following circumstances:</p>\r\n\r\n<ul>\r\n	<li>As necessary to provide services.</li>\r\n	<li>In other ways described in this Policy or to which you have been otherwise contacted.</li>\r\n	<li>In the aggregate with other information in such a way so that your identity cannot reasonably be determined, except the information you are posting.</li>\r\n	<li>As necessary to enforce the Terms of Service.</li>\r\n	<li>As necessary to maintain, safeguard and preserve all the rights and property of the (Kingdom Couples).</li>\r\n</ul>\r\n\r\n<p><strong>Non-Marketing Purposes</strong></p>\r\n\r\n<p>(Kingdom Couples) greatly respects your privacy. We do maintain and reserve the right to contact you if needed for non-marketing purposes (such as bug alerts, security breaches, account issues, and changes in (Kingdom Couples) products and services). In certain circumstances, we may use our website, newspapers, or other public means to post a notice.&nbsp;</p>\r\n\r\n<p><strong>Children Under the Age of 13</strong></p>\r\n\r\n<p>(Kingdom Couples) website and app are not directed to and do not knowingly collect personally identifiable information from children under the age of thirteen (13). If it is determined that such information has been inadvertently collected on anyone under the age of thirteen (13), we shall immediately take necessary steps to ensure that such information is deleted from our system&#39;s database or in the alternative, that verifiable parental consent is obtained for the use and storage of such information. Anyone under the age of thirteen (13) must seek and obtain parent or guardian permission to use this website.</p>\r\n\r\n<p><strong>Unsubscribe or Opt-out</strong></p>\r\n\r\n<p>All users and visitors to our website have the option to discontinue receiving communication from us by way of email or newsletter. To discontinue or unsubscribe from our website, please send an email that you wish to unsubscribe (App Email). If you wish to unsubscribe or opt-out from any third-party websites, you must go to that specific website to unsubscribe or opt-out. (Kingdom Couples) will continue to adhere to this Policy with respect to any personal information previously collected.</p>\r\n\r\n<p><strong>Links to Other Websites</strong></p>\r\n\r\n<p>Our website does contain links to affiliates and other websites.&nbsp; (Kingdom Couples) does not claim nor accept responsibility for any privacy policies, practices, and procedures of other websites. Therefore, we encourage all users and visitors to be aware when they leave our website and to read the privacy statements of every website that collects personally identifiable information. This Privacy Policy Agreement applies only solely to the information collected by our website.</p>\r\n\r\n<p><strong>Notice to European Union Users</strong></p>\r\n\r\n<p>(Kingdom Couples) operations are located primarily in the United States. If you provide information to us, the information will be transferred out of the European Union (EU) and sent to the United States. (The adequacy decision on the EU-US Privacy became operational on (app date). This framework protects the fundamental rights of anyone in the EU whose personal data is transferred to the United States for commercial purposes. It allows the free transfer of data to companies that are certified in the US under the Privacy Shield.)&nbsp; By providing us with personal information, you consent to its storage and use as described in this Policy.</p>\r\n\r\n<p><strong>Security</strong></p>\r\n\r\n<p>(Kingdom Couples) take precautions to protect your information. When you submit sensitive information via the website, your information is protected both online and offline. You can verify this by looking for &quot;HTTPS&quot; at the beginning of the address of the webpage.</p>\r\n\r\n<p><strong>Acceptance of Terms</strong></p>\r\n\r\n<p>By using this website and app, you are hereby accepting the terms and conditions stipulated within the Privacy Policy Agreement. If you are not in agreement with our terms and conditions, then you should refrain from further use of our sites. In addition, your continued use of our website and app following the posting of any updates or changes to our terms and conditions shall mean that you agree and are in acceptance of such changes.</p>\r\n', '1', '2023-09-22 02:27:54', '2023-12-26 06:13:36', NULL),
(3, 'Terms & Conditions', 'terms-conditions', 'Lorem Ipsum is simply dummy text of the printing and typesetting industry. Lorem Ipsum has been the industry\'s standard dummy text ever since the 1500s, when an unknown printer took a galley of type and scrambled it to make a type specimen book. It has survived not only five centuries, but also the leap into electronic typesetting, remaining essentially unchanged. It was popularised in the 1960s with the release of Letraset sheets containing Lorem Ipsum passages, and more recently with desktop publishing software like Aldus PageMaker including versions of Lorem Ipsum.', '1', '2023-09-22 02:27:54', NULL, NULL),
(4, 'FAQ', 'faq', 'Lorem Ipsum is simply dummy text of the printing and typesetting industry. Lorem Ipsum has been the industry\'s standard dummy text ever since the 1500s, when an unknown printer took a galley of type and scrambled it to make a type specimen book. It has survived not only five centuries, but also the leap into electronic typesetting, remaining essentially unchanged. It was popularised in the 1960s with the release of Letraset sheets containing Lorem Ipsum passages, and more recently with desktop publishing software like Aldus PageMaker including versions of Lorem Ipsum.', '1', '2023-09-22 02:27:54', NULL, NULL);

-- --------------------------------------------------------

--
-- Table structure for table `events`
--

CREATE TABLE `events` (
  `id` int(10) UNSIGNED NOT NULL,
  `slug` varchar(255) COLLATE utf8mb4_unicode_ci NOT NULL,
  `user_id` int(10) UNSIGNED NOT NULL,
  `title` varchar(255) COLLATE utf8mb4_unicode_ci NOT NULL,
  `description` mediumtext COLLATE utf8mb4_unicode_ci NOT NULL,
  `created_at` datetime DEFAULT NULL,
  `updated_at` datetime DEFAULT NULL,
  `deleted_at` timestamp NULL DEFAULT NULL
) ENGINE=InnoDB DEFAULT CHARSET=utf8mb4 COLLATE=utf8mb4_unicode_ci;

--
-- Dumping data for table `events`
--

INSERT INTO `events` (`id`, `slug`, `user_id`, `title`, `description`, `created_at`, `updated_at`, `deleted_at`) VALUES
(1, '722efqqlrep3h75', 106, 'Miscommunication ', 'jsjsjsjsvbhhh', '2024-01-15 09:00:48', '2024-01-15 09:02:00', NULL),
(2, '722efqqlrep3wql', 105, 'Disagreement ', 'usueieie jjjj', '2024-01-15 09:01:08', '2024-01-15 09:02:18', NULL),
(3, '722efqqlreplg7c', 107, 'Zmg', 'mmgmgz', '2024-01-15 09:14:46', '2024-01-15 09:14:46', NULL),
(4, '722ejs7lrexgty0', 108, 'Miscommunication', 'jejdjd', '2024-01-15 12:55:08', '2024-01-15 12:55:08', NULL),
(5, '722ejs7lrexj43h', 109, 'Disagreement ', 'jsjsjs', '2024-01-15 12:56:54', '2024-01-15 12:56:54', NULL),
(6, '722ejs7lrexm21v', 109, 'Misunderstanding ', 'jdjdjdbdhjee', '2024-01-15 12:59:11', '2024-01-15 12:59:21', NULL),
(7, '722ejs7lrexml4y', 108, 'tone', 'hdjdj hhh', '2024-01-15 12:59:36', '2024-01-15 12:59:46', NULL),
(8, '722ejs7lrf02jfi', 111, 'Fhbn', 'ghjm', '2024-01-15 14:08:00', '2024-01-15 14:08:00', NULL),
(9, '722e7jvlrkmj6rc', 111, 'Love', 'love', '2024-01-19 12:35:39', '2024-01-19 12:35:39', NULL),
(10, '722e7jvlrp93hgt', 111, 'Mis', 'fhj', '2024-01-22 18:18:22', '2024-01-22 18:18:22', NULL),
(11, '722e7jvlrr13he8', 111, 'Dyuhg', 'dgnvf', '2024-01-24 00:09:57', '2024-01-24 00:09:57', NULL),
(12, '722e7jvls0gos9q', 112, 'Jxxjxh', 'zhsh\n\n', '2024-01-30 14:36:21', '2024-01-30 14:36:21', NULL),
(13, '722e7jvls0gpxu4', 112, 'Dudh', 'duduch', '2024-01-30 14:37:15', '2024-01-30 14:37:15', NULL),
(14, '722e7jvls0hhrkx', 114, 'Hshsheh', 'hwhehehhe', '2024-01-30 14:58:53', '2024-01-30 14:58:53', NULL),
(15, '722e7jvls0hi0j2', 114, 'Hhwhwj', 'bbwh3h', '2024-01-30 14:59:05', '2024-01-30 14:59:05', NULL),
(16, '722e7jvls1i4ld2', 98, 'Ggg', 'fggg', '2024-01-31 08:04:24', '2024-01-31 08:04:24', NULL),
(17, '722e7jvls1i51yc', 98, 'Ffds', 'dzzz', '2024-01-31 08:04:46', '2024-01-31 08:04:46', NULL),
(18, '722e7jvls1i7drn', 98, 'Ffcc', 'xdd', '2024-01-31 08:06:35', '2024-01-31 08:06:35', NULL),
(19, '722enpplsu4xh5x', 98, 'Djdj', 'eieiei', '2024-02-20 09:00:17', '2024-02-20 09:00:17', NULL),
(20, '722enpplsu4zah0', 98, 'Djdj', 'djdjdj', '2024-02-20 09:01:41', '2024-02-20 09:01:41', NULL),
(21, '722enppltfh1zfa', 98, 'Hejjejjd', 'ybbgbh grcyvyct', '2024-03-06 07:22:52', '2024-03-06 07:22:52', NULL),
(22, '722ebsyltqrc39s', 98, 'Hii', 'hello', '2024-03-14 04:56:08', '2024-03-14 04:56:08', NULL),
(23, '722ebsyltr45s50', 98, 'Jdgjdy', 'zgjjgky', '2024-03-14 10:55:08', '2024-03-14 10:55:08', NULL),
(24, '722ebsyltr46oi5', 98, 'Ggggg', 'GC uvuvuv', '2024-03-14 10:55:50', '2024-03-14 10:55:50', NULL),
(25, '722ebsyltr47j3c', 98, 'Fcc', 'cc ', '2024-03-14 10:56:30', '2024-03-14 10:56:30', NULL),
(26, '722ebsyltr48r5j', 98, 'Nhdhfm', 'mhdmhs', '2024-03-14 10:57:27', '2024-03-14 10:57:27', NULL),
(27, '722ebsyltr49e8u', 98, 'Xxx', 'zxxx', '2024-03-14 10:57:57', '2024-03-14 10:57:57', NULL),
(28, '722ebsyltr49twx', 98, 'T. ', 'rff', '2024-03-14 10:58:17', '2024-03-14 10:58:17', NULL),
(29, '722ebsyltr4auq9', 98, 'Eddd', 'cfrd', '2024-03-14 10:59:05', '2024-03-14 10:59:05', NULL),
(30, '722ebsyltr4bpd2', 98, 'Fgjh', 'ukdukdkus', '2024-03-14 10:59:45', '2024-03-14 10:59:45', NULL),
(31, '722ebsyltr4c7ta', 98, 'Ggg', 'gggg', '2024-03-14 11:00:08', '2024-03-14 11:00:08', NULL),
(32, '722ebsyltr4df71', 98, 'Dfvv', 'vffgg', '2024-03-14 11:01:05', '2024-03-14 11:01:05', NULL),
(33, '722ebsyltr4e0l6', 98, 'Ggg', 'ggg', '2024-03-14 11:01:32', '2024-03-14 11:01:32', NULL),
(34, '722elr9ltr4ry2j', 98, 'Ccds', 'dxdd', '2024-03-14 11:12:22', '2024-03-14 11:12:22', NULL),
(35, '722elr9ltr4s95c', 98, 'Nvxz V Of', 'Mal', '2024-03-14 11:12:37', '2024-03-14 11:12:37', NULL),
(36, '722elr9lts8h59t', 98, 'Bbbb', 'vvgyy', '2024-03-15 05:43:43', '2024-03-15 05:43:43', NULL),
(37, '722elr9lts8ikex', 98, 'Gyub', 'fujv', '2024-03-15 05:44:49', '2024-03-15 05:44:49', NULL),
(38, '722elr9lts8jhwb', 98, 'Ggg', 'vv', '2024-03-15 05:45:33', '2024-03-15 05:45:33', NULL),
(39, '722elr9lts8kbu4', 98, 'Good ', 'good ', '2024-03-15 05:46:12', '2024-03-15 05:46:12', NULL),
(40, '722eijyltzlzqef', 98, 'Miscommunication ', 'miscommunication ', '2024-03-20 09:36:29', '2024-03-20 09:36:29', NULL),
(41, '722eijyltzm0gzp', 98, 'Combined', 'combined ', '2024-03-20 09:37:03', '2024-03-20 09:37:03', NULL),
(42, '722eijyltzm0x51', 98, 'Combination', 'combination ', '2024-03-20 09:37:24', '2024-03-20 09:37:24', NULL),
(43, '722eijyltzm4eu4', 98, 'Misunderstood ', 'jsjsjs', '2024-03-20 09:40:07', '2024-03-20 09:40:07', NULL),
(44, '722eijyltzm6nr8', 98, 'Tone', 'tobe', '2024-03-20 09:41:52', '2024-03-20 09:41:52', NULL),
(45, '722eijyltzm9h1d', 98, 'Dhdhx', 'dhd', '2024-03-20 09:44:03', '2024-03-20 09:44:03', NULL),
(46, '722eijyltzm9xxf', 98, 'Xndn', 'jdjdj', '2024-03-20 09:44:25', '2024-03-20 09:44:25', NULL),
(47, '722eijyltzmljly', 98, 'Yusususu', 'jdjdjd', '2024-03-20 09:53:26', '2024-03-20 09:53:26', NULL),
(48, '722e2w2lu0u36yw', 98, 'Gvvv', 'gggh', '2024-03-21 06:10:53', '2024-03-21 06:10:53', NULL),
(49, '722eakjlu11fbok', 148, 'Miscommunication ', 'nsmsmsmsm', '2024-03-21 09:36:16', '2024-03-21 09:36:16', NULL),
(50, '722eakjlu11i08j', 147, 'Disagreement And Arguement', 'nsnsnsnsnsns desee', '2024-03-21 09:38:22', '2024-03-21 09:39:39', NULL),
(51, '722eakjlu11na3r', 148, 'Jskdmsmskskskskskskskkeekkesndndndndndm', 'nsnsndndndnndndndmdmdmdmdmdmdmdmdkddkddkdkdk', '2024-03-21 09:42:28', '2024-03-21 09:42:28', NULL),
(52, '722eakjlu11o9nr', 147, 'Ndnsnsndndnndndndndndndndndndndndndndndnndnddnndd', 'hdhdhdjdndndnfnnfnfnfnffnfnfnnfnfnfnffnfndn', '2024-03-21 09:43:14', '2024-03-21 09:43:14', NULL),
(53, '722eakjlu263ovn', 98, 'Roof foo oh go Go To Do To oh up if so if do g Do if during if do do if cu', 'JC to oh 😁 the same as you have been a ', '2024-03-22 04:34:58', '2024-03-22 04:34:58', NULL),
(54, '722ekbilu2apl2j', 128, 'Cvvv', 'v bi street vi co', '2024-03-22 06:43:58', '2024-03-22 06:43:58', NULL),
(55, '722eklclu2k0qob', 148, 'Jejekekekekkekrkrkrkdjdkdkfkfkfkfkkf Mmmkd Jdkdkkdkdkdkdkdkdndmdnd', 'jdjdj', '2024-03-22 11:04:35', '2024-03-22 11:04:35', NULL),
(56, '722eklclu2k1ckc', 147, 'f Skdkdk Djdjdjdj Jdkfkfkfk Jskdkdkd Kdkdmdkdm Kdkdmdk', 'idkdndndjfm djdmp', '2024-03-22 11:05:03', '2024-03-22 11:05:03', NULL),
(58, '722e15ilu9n80iw', 124, 'Bbjb', 'vv', '2024-03-27 10:08:36', '2024-03-27 10:08:36', NULL),
(60, '722efyilu9uhdsn', 187, 'Robert ', 'gyygg', '2024-03-27 13:31:51', '2024-03-27 13:31:51', NULL),
(61, '722efyiluc9wonp', 128, 'Ghjj', 'vvhhb', '2024-03-29 06:19:11', '2024-03-29 06:19:11', NULL),
(62, '722efyilucmbss9', 193, 'Vvv', 'vvvbv', '2024-03-29 12:06:52', '2024-03-29 12:06:52', NULL);

-- --------------------------------------------------------

--
-- Table structure for table `event_category`
--

CREATE TABLE `event_category` (
  `event_id` int(10) UNSIGNED NOT NULL,
  `category_id` int(10) UNSIGNED NOT NULL
) ENGINE=InnoDB DEFAULT CHARSET=utf8mb4 COLLATE=utf8mb4_unicode_ci;

--
-- Dumping data for table `event_category`
--

INSERT INTO `event_category` (`event_id`, `category_id`) VALUES
(1, 5),
(1, 4),
(1, 6),
(1, 7),
(1, 8),
(2, 12),
(2, 13),
(2, 14),
(2, 15),
(2, 16),
(3, 6),
(4, 4),
(4, 6),
(4, 8),
(4, 7),
(4, 5),
(5, 12),
(5, 13),
(5, 14),
(5, 15),
(5, 16),
(6, 4),
(7, 6),
(8, 4),
(8, 14),
(8, 21),
(9, 4),
(10, 4),
(11, 4),
(11, 5),
(12, 4),
(13, 6),
(13, 7),
(13, 8),
(13, 9),
(13, 10),
(14, 5),
(14, 9),
(14, 11),
(14, 8),
(14, 7),
(15, 7),
(15, 13),
(16, 5),
(17, 7),
(18, 7),
(18, 9),
(19, 27),
(19, 20),
(19, 21),
(19, 22),
(19, 23),
(20, 27),
(21, 11),
(21, 10),
(21, 5),
(21, 4),
(21, 6),
(22, 10),
(22, 8),
(22, 6),
(22, 4),
(23, 4),
(23, 6),
(23, 8),
(23, 10),
(24, 4),
(25, 8),
(25, 10),
(25, 12),
(25, 14),
(25, 15),
(26, 8),
(26, 10),
(26, 12),
(26, 14),
(26, 15),
(27, 8),
(27, 10),
(27, 12),
(27, 14),
(27, 15),
(28, 8),
(28, 10),
(28, 12),
(28, 14),
(28, 15),
(29, 8),
(29, 14),
(29, 10),
(29, 6),
(29, 4),
(30, 8),
(30, 14),
(30, 10),
(30, 6),
(30, 4),
(31, 8),
(31, 14),
(31, 10),
(31, 6),
(31, 4),
(32, 4),
(32, 6),
(32, 8),
(32, 10),
(32, 11),
(33, 8),
(33, 10),
(33, 6),
(33, 4),
(34, 4),
(34, 6),
(34, 8),
(34, 12),
(35, 4),
(35, 12),
(35, 14),
(35, 16),
(35, 17),
(36, 4),
(36, 13),
(36, 9),
(36, 26),
(36, 24),
(37, 4),
(37, 6),
(37, 9),
(37, 8),
(37, 10),
(38, 4),
(38, 6),
(38, 9),
(38, 8),
(38, 10),
(39, 4),
(39, 6),
(39, 9),
(39, 8),
(39, 10),
(40, 4),
(40, 5),
(40, 7),
(40, 6),
(40, 8),
(41, 4),
(41, 14),
(41, 18),
(41, 20),
(42, 4),
(42, 14),
(42, 18),
(42, 20),
(42, 16),
(43, 4),
(43, 5),
(44, 6),
(45, 8),
(45, 5),
(45, 7),
(45, 4),
(46, 4),
(46, 5),
(46, 7),
(47, 5),
(48, 4),
(48, 7),
(49, 4),
(49, 6),
(49, 8),
(49, 10),
(49, 11),
(50, 12),
(50, 14),
(50, 15),
(50, 20),
(50, 22),
(51, 14),
(52, 10),
(53, 7),
(54, 11),
(55, 4),
(56, 6),
(58, 4),
(58, 5),
(60, 6),
(61, 7),
(62, 4),
(62, 5),
(62, 6),
(62, 7);

-- --------------------------------------------------------

--
-- Table structure for table `event_share`
--

CREATE TABLE `event_share` (
  `event_id` int(10) UNSIGNED NOT NULL,
  `user_id` int(10) UNSIGNED NOT NULL
) ENGINE=InnoDB DEFAULT CHARSET=utf8mb4 COLLATE=utf8mb4_unicode_ci;

--
-- Dumping data for table `event_share`
--

INSERT INTO `event_share` (`event_id`, `user_id`) VALUES
(1, 106),
(2, 105),
(3, 107),
(4, 108),
(5, 109),
(6, 109),
(6, 108),
(7, 108),
(7, 109),
(8, 111),
(9, 111),
(10, 111),
(11, 111),
(12, 112),
(13, 112),
(14, 114),
(15, 114),
(16, 98),
(17, 98),
(18, 98),
(19, 98),
(20, 98),
(21, 98),
(22, 98),
(23, 98),
(24, 98),
(25, 98),
(26, 98),
(27, 98),
(28, 98),
(29, 98),
(30, 98),
(31, 98),
(32, 98),
(33, 98),
(34, 98),
(35, 98),
(36, 98),
(37, 98),
(38, 98),
(39, 98),
(40, 98),
(41, 98),
(42, 98),
(43, 98),
(44, 98),
(45, 98),
(46, 98),
(47, 98),
(48, 98),
(49, 148),
(50, 147),
(51, 148),
(52, 147),
(53, 98),
(54, 128),
(55, 148),
(56, 147),
(58, 124),
(60, 187),
(61, 128),
(62, 193);

-- --------------------------------------------------------

--
-- Table structure for table `faqs`
--

CREATE TABLE `faqs` (
  `id` int(10) UNSIGNED NOT NULL,
  `slug` varchar(200) COLLATE utf8mb4_unicode_ci NOT NULL,
  `question` mediumtext COLLATE utf8mb4_unicode_ci NOT NULL,
  `answer` mediumtext COLLATE utf8mb4_unicode_ci NOT NULL,
  `created_at` datetime DEFAULT NULL,
  `updated_at` datetime DEFAULT NULL,
  `deleted_at` timestamp NULL DEFAULT NULL
) ENGINE=InnoDB DEFAULT CHARSET=utf8mb4 COLLATE=utf8mb4_unicode_ci;

-- --------------------------------------------------------

--
-- Table structure for table `mail_templates`
--

CREATE TABLE `mail_templates` (
  `id` int(10) UNSIGNED NOT NULL,
  `identifier` varchar(100) COLLATE utf8mb4_unicode_ci DEFAULT NULL,
  `subject` varchar(200) COLLATE utf8mb4_unicode_ci DEFAULT NULL,
  `body` mediumtext COLLATE utf8mb4_unicode_ci NOT NULL,
  `wildcard` mediumtext COLLATE utf8mb4_unicode_ci NOT NULL,
  `created_at` datetime DEFAULT NULL,
  `updated_at` datetime DEFAULT NULL,
  `deleted_at` timestamp NULL DEFAULT NULL
) ENGINE=InnoDB DEFAULT CHARSET=utf8mb4 COLLATE=utf8mb4_unicode_ci;



-- --------------------------------------------------------

--
-- Table structure for table `media`
--

CREATE TABLE `media` (
  `id` int(10) UNSIGNED NOT NULL,
  `module` varchar(100) COLLATE utf8mb4_unicode_ci NOT NULL,
  `module_id` int(11) NOT NULL,
  `filename` varchar(200) COLLATE utf8mb4_unicode_ci NOT NULL,
  `original_name` varchar(200) COLLATE utf8mb4_unicode_ci NOT NULL,
  `file_url` mediumtext COLLATE utf8mb4_unicode_ci NOT NULL,
  `file_url_blur` varchar(200) COLLATE utf8mb4_unicode_ci NOT NULL,
  `thumbnail_url` mediumtext COLLATE utf8mb4_unicode_ci,
  `mime_type` varchar(255) COLLATE utf8mb4_unicode_ci DEFAULT NULL,
  `file_type` varchar(255) COLLATE utf8mb4_unicode_ci DEFAULT NULL,
  `driver` varchar(50) COLLATE utf8mb4_unicode_ci NOT NULL DEFAULT 'local',
  `media_type` enum('public','private') COLLATE utf8mb4_unicode_ci NOT NULL DEFAULT 'public',
  `meta` mediumtext COLLATE utf8mb4_unicode_ci,
  `created_at` datetime DEFAULT NULL,
  `updated_at` datetime DEFAULT NULL,
  `deleted_at` timestamp NULL DEFAULT NULL
) ENGINE=InnoDB DEFAULT CHARSET=utf8mb4 COLLATE=utf8mb4_unicode_ci;

--
-- Dumping data for table `media`
--

INSERT INTO `media` (`id`, `module`, `module_id`, `filename`, `original_name`, `file_url`, `file_url_blur`, `thumbnail_url`, `mime_type`, `file_type`, `driver`, `media_type`, `meta`, `created_at`, `updated_at`, `deleted_at`) VALUES
(3, 'video', 2, 'video_1710504454160.mp4', 'video_1710504454160.mp4', 'video/1710934289220.mp4', 'video/1710934289220.mp4', 'video/thumbnail-)Ect0kY@!^.jpg', NULL, NULL, 'local', '', NULL, '2024-03-20 11:31:29', '2024-03-20 11:31:29', NULL),
(4, 'video', 3, 'pexels-pavel-danilyuk-5734710 (1440p).mp4', 'pexels-pavel-danilyuk-5734710 (1440p).mp4', 'video/1711004262202.mp4', 'video/1711004262202.mp4', 'video/thumbnail-QIAZ5ga5lI.jpg', NULL, NULL, 'local', '', NULL, '2024-03-21 06:57:42', '2024-03-21 06:57:42', NULL),
(5, 'video', 5, 'video_1710504454160.mp4', 'video_1710504454160.mp4', 'video/1711016147615.mp4', 'video/1711016147615.mp4', 'video/thumbnail-jpM5T*6#@l.jpg', NULL, NULL, 'local', '', NULL, '2024-03-21 10:15:47', '2024-03-21 10:15:47', NULL),
(6, 'video', 6, 'pexels-pavel-danilyuk-5734710 (1440p).mp4', 'pexels-pavel-danilyuk-5734710 (1440p).mp4', 'video/1711016365012.mp4', 'video/1711016365012.mp4', 'video/thumbnail-iPYq*jKKO5.jpg', NULL, NULL, 'local', '', NULL, '2024-03-21 10:19:25', '2024-03-21 10:19:25', NULL),
(7, 'video', 7, 'pexels-pavel-danilyuk-5734710 (1440p).mp4', 'pexels-pavel-danilyuk-5734710 (1440p).mp4', 'video/1711016674514.mp4', 'video/1711016674514.mp4', 'video/thumbnail-hrlaf50AAg.jpg', NULL, NULL, 'local', '', NULL, '2024-03-21 10:24:34', '2024-03-21 10:24:34', NULL),
(8, 'video', 8, 'video_1710504454160.mp4', 'video_1710504454160.mp4', 'video/1711018258111.mp4', 'video/1711018258111.mp4', 'video/thumbnail-mq7pMxG4Jz.jpg', NULL, NULL, 'local', '', NULL, '2024-03-21 10:50:58', '2024-03-21 10:50:58', NULL),
(9, 'video', 9, 'pexels-pavel-danilyuk-5734710 (1440p).mp4', 'pexels-pavel-danilyuk-5734710 (1440p).mp4', 'video/1711090185092.mp4', 'video/1711090185092.mp4', 'video/thumbnail-Yr2ub^Kw2j.jpg', NULL, NULL, 'local', '', NULL, '2024-03-22 06:49:45', '2024-03-22 06:49:45', NULL),
(10, 'video', 10, 'video_1710504454160.mp4', 'video_1710504454160.mp4', 'video/1711352241422.mp4', 'video/1711352241422.mp4', 'video/thumbnail-Dp6hdP7fnQ.jpg', NULL, NULL, 'local', '', NULL, '2024-03-25 07:37:21', '2024-03-25 07:37:21', NULL),
(11, 'video', 11, 'video_1710504454160.mp4', 'video_1710504454160.mp4', 'video/1711363085984.mp4', 'video/1711363085984.mp4', 'video/thumbnail-mS4QGyUwcE.jpg', NULL, NULL, 'local', '', NULL, '2024-03-25 10:38:06', '2024-03-25 10:38:06', NULL),
(12, 'video', 1, 'Christ Centered Marriage - Intro (1).mp4', 'Christ Centered Marriage - Intro (1).mp4', 'video/1711715400675.mp4', 'video/1711715400675.mp4', 'video/thumbnail-2fq5A9N04G.jpg', NULL, NULL, 'local', '', NULL, '2024-03-29 12:30:01', '2024-03-29 12:30:01', NULL);

-- --------------------------------------------------------

--
-- Table structure for table `notifications`
--

CREATE TABLE `notifications` (
  `id` int(10) UNSIGNED NOT NULL,
  `unique_id` varchar(200) COLLATE utf8mb4_unicode_ci NOT NULL,
  `identifier` varchar(200) COLLATE utf8mb4_unicode_ci NOT NULL,
  `actor_id` int(10) UNSIGNED DEFAULT NULL,
  `target_id` int(10) UNSIGNED DEFAULT NULL,
  `module` varchar(100) COLLATE utf8mb4_unicode_ci NOT NULL,
  `module_id` int(11) NOT NULL,
  `module_slug` varchar(100) COLLATE utf8mb4_unicode_ci NOT NULL,
  `reference_module` varchar(255) COLLATE utf8mb4_unicode_ci DEFAULT NULL,
  `reference_id` int(11) DEFAULT NULL,
  `reference_slug` varchar(100) COLLATE utf8mb4_unicode_ci DEFAULT NULL,
  `title` varchar(255) COLLATE utf8mb4_unicode_ci DEFAULT NULL,
  `description` mediumtext COLLATE utf8mb4_unicode_ci,
  `web_redirect_link` mediumtext COLLATE utf8mb4_unicode_ci,
  `is_read` enum('1','0') COLLATE utf8mb4_unicode_ci NOT NULL DEFAULT '0',
  `is_view` enum('1','0') COLLATE utf8mb4_unicode_ci NOT NULL DEFAULT '0',
  `created_at` datetime DEFAULT NULL,
  `updated_at` datetime DEFAULT NULL,
  `deleted_at` timestamp NULL DEFAULT NULL
) ENGINE=InnoDB DEFAULT CHARSET=utf8mb4 COLLATE=utf8mb4_unicode_ci;

--
-- Dumping data for table `notifications`
--

INSERT INTO `notifications` (`id`, `unique_id`, `identifier`, `actor_id`, `target_id`, `module`, `module_id`, `module_slug`, `reference_module`, `reference_id`, `reference_slug`, `title`, `description`, `web_redirect_link`, `is_read`, `is_view`, `created_at`, `updated_at`, `deleted_at`) VALUES
(1, '0eb79cf0fc087bab32046cbb734841a5', 'partner_request_accepted', 84, 85, 'partners', 84, 'kc-one', NULL, NULL, NULL, 'Partner added', 'Partner added! You\'re now connected!', NULL, '0', '1', '2024-01-12 11:16:05', '2024-01-12 13:40:17', NULL),
(2, '95027a70dd99be31b6fa4e1d2f599e32', 'partner_request_accepted', 85, 84, 'partners', 85, 'kc-two', NULL, NULL, NULL, 'Partner added', 'Partner added! You\'re now connected!', NULL, '0', '1', '2024-01-12 12:30:46', '2024-01-15 10:51:49', NULL),
(3, '626fb5ab8a1a973686d67916a53d81cc', 'partner_request_accepted', 84, 85, 'partners', 84, 'kc-one', NULL, NULL, NULL, 'Partner added', 'Partner added! You\'re now connected!', NULL, '0', '1', '2024-01-12 12:59:37', '2024-01-12 13:40:17', NULL),
(4, 'd20eb9dc484668de408520782bd450e3', 'partner_request_accepted', 85, 84, 'partners', 85, 'kc-two', NULL, NULL, NULL, 'Partner added', 'Partner added! You\'re now connected!', NULL, '0', '1', '2024-01-12 13:40:33', '2024-01-15 10:51:49', NULL),
(5, 'd00d2b3bc1d489c760851ba6f6f9fbb7', 'partner_request_accepted', 88, 84, 'partners', 88, 'test', NULL, NULL, NULL, 'Partner added', 'Partner added! You\'re now connected!', NULL, '0', '1', '2024-01-12 13:43:24', '2024-01-15 10:51:49', NULL),
(6, 'ee1d64b2fdc09e288e2b1323ed0bc7f2', 'partner_request_accepted', 85, 84, 'partners', 85, 'kc-two', NULL, NULL, NULL, 'Partner added', 'Partner added! You\'re now connected!', NULL, '0', '1', '2024-01-12 14:00:16', '2024-01-15 10:51:49', NULL),
(7, '56b4e8d085d33e5020402b753dcaf3ac', 'partner_request_accepted', 93, 92, 'partners', 93, 'kc-four', NULL, NULL, NULL, 'Partner added', 'Partner added! You\'re now connected!', NULL, '0', '1', '2024-01-12 15:11:31', '2024-01-12 15:12:53', NULL),
(8, 'e66e477389ac3ebb1044903be746fa13', 'partner_request_accepted', 90, 93, 'partners', 90, 'hhh', NULL, NULL, NULL, 'Partner added', 'Partner added! You\'re now connected!', NULL, '0', '1', '2024-01-12 15:13:17', '2024-01-12 15:13:51', NULL),
(9, 'c484eece7cc52bfcdb85fa373f9ac3eb', 'partner_request_accepted', 106, 105, 'partners', 106, 'kc-eight', NULL, NULL, NULL, 'Partner added', 'Partner added! You\'re now connected!', NULL, '1', '1', '2024-01-15 08:58:11', '2024-01-15 11:23:49', NULL),
(10, 'c1e4b9c153045b748b81e7f150bae43b', 'partner_request_accepted', 106, 105, 'partners', 106, 'kc-eight', NULL, NULL, NULL, 'Partner added', 'Partner added! You\'re now connected!', NULL, '1', '1', '2024-01-15 08:58:40', '2024-01-15 11:23:49', NULL),
(11, 'e3d25f6ea2f37e171bc243eac0c2ef79', 'partner_request_accepted', 105, 106, 'partners', 105, 'kc-seven', NULL, NULL, NULL, 'Partner added', 'Partner added! You\'re now connected!', NULL, '1', '1', '2024-01-15 08:59:08', '2024-01-15 11:22:53', NULL),
(12, 'f16cbe5a2ecda7b2278110b949b740da', 'partner_request_accepted', 105, 106, 'partners', 105, 'kc-seven', NULL, NULL, NULL, 'Partner added', 'Partner added! You\'re now connected!', NULL, '0', '1', '2024-01-15 09:00:18', '2024-01-15 11:22:53', NULL),
(13, '375c42b007e817cc586b4d2875d85672', 'new_event_by_partner', 106, 105, 'events', 1, '722efqqlrep3h75', NULL, NULL, NULL, 'New event added by Kc Eight', 'New event added by Kc Eight! Check it out!', NULL, '1', '1', '2024-01-15 09:00:48', '2024-01-15 11:23:49', NULL),
(14, '2372dd54975992738ba77c0311495ba4', 'new_event_by_partner', 105, 106, 'events', 2, '722efqqlrep3wql', NULL, NULL, NULL, 'New event added by Kc Seven', 'New event added by Kc Seven! Check it out!', NULL, '1', '1', '2024-01-15 09:01:08', '2024-01-15 11:22:53', NULL),
(15, '576906f28acfb34846b11a7af62e2958', 'partner_event_updated', 106, 105, 'events', 1, '722efqqlrep3h75', NULL, NULL, NULL, 'Update: Kc Eight edited their event. Take a look!', 'Update: Kc Eight edited their event. Take a look!', NULL, '1', '1', '2024-01-15 09:02:00', '2024-01-15 11:23:49', NULL),
(16, '45e0b13e635659a9ebf88178b2681dd1', 'partner_event_updated', 105, 106, 'events', 2, '722efqqlrep3wql', NULL, NULL, NULL, 'Update: Kc Seven edited their event. Take a look!', 'Update: Kc Seven edited their event. Take a look!', NULL, '1', '1', '2024-01-15 09:02:18', '2024-01-15 11:22:53', NULL),
(17, '6a18af9cd1d72d95ac092c763136f6f1', 'partner_request_accepted', 106, 105, 'partners', 106, 'kc-eight', NULL, NULL, NULL, 'Partner added', 'Partner added! You\'re now connected!', NULL, '0', '1', '2024-01-15 09:05:06', '2024-01-15 11:23:49', NULL),
(18, 'bf819066c0f0dabbdf30abeda6d252d6', 'partner_request_accepted', 105, 106, 'partners', 105, 'kc-seven', NULL, NULL, NULL, 'Partner added', 'Partner added! You\'re now connected!', NULL, '0', '1', '2024-01-15 09:07:15', '2024-01-15 11:22:53', NULL),
(19, '2fe0abddd37862da65a89062ae45b1d4', 'partner_request_accepted', 106, 105, 'partners', 106, 'kc-eight', NULL, NULL, NULL, 'Partner added', 'Partner added! You\'re now connected!', NULL, '0', '1', '2024-01-15 09:28:43', '2024-01-15 11:23:49', NULL),
(20, 'b71472b5a289253ef203172dd77496c3', 'partner_request_accepted', 105, 94, 'partners', 105, 'kc-seven', NULL, NULL, NULL, 'Partner added', 'Partner added! You\'re now connected!', NULL, '0', '1', '2024-01-15 09:30:24', '2024-01-15 11:23:36', NULL),
(21, '1f37f82474c41dffeabed09a93564602', 'partner_request_accepted', 94, 105, 'partners', 94, 'kc-five', NULL, NULL, NULL, 'Partner added', 'Partner added! You\'re now connected!', NULL, '0', '1', '2024-01-15 09:33:57', '2024-01-15 11:23:49', NULL),
(22, '61a0dd52ffe76f179194cf1445253800', 'partner_request_accepted', 106, 94, 'partners', 106, 'kc-eight', NULL, NULL, NULL, 'Partner added', 'Partner added! You\'re now connected!', NULL, '0', '1', '2024-01-15 09:36:43', '2024-01-15 11:23:36', NULL),
(23, 'edd37ea5570722ac7684207b1afcd841', 'partner_request_accepted', 105, 106, 'partners', 105, 'kc-seven', NULL, NULL, NULL, 'Partner added', 'Partner added! You\'re now connected!', NULL, '0', '1', '2024-01-15 09:41:28', '2024-01-15 11:22:53', NULL),
(24, 'a1d5308e5dcd20834524ffb0a652bb96', 'partner_request_accepted', 106, 94, 'partners', 106, 'kc-eight', NULL, NULL, NULL, 'Partner added', 'Partner added! You\'re now connected!', NULL, '0', '1', '2024-01-15 09:43:53', '2024-01-15 11:23:36', NULL),
(25, 'aa2bb95a1ed541d6a174adbb5a4890f4', 'partner_request_accepted', 106, 105, 'partners', 106, 'kc-eight', NULL, NULL, NULL, 'Partner added', 'Partner added! You\'re now connected!', NULL, '0', '1', '2024-01-15 09:45:56', '2024-01-15 11:23:49', NULL),
(26, 'a369fc7a1ce9e5ea3dcbb30a0a711561', 'partner_request_accepted', 106, 94, 'partners', 106, 'kc-eight', NULL, NULL, NULL, 'Partner added', 'Partner added! You\'re now connected!', NULL, '0', '1', '2024-01-15 10:55:41', '2024-01-15 11:23:36', NULL),
(27, '97ad7b33ab01b447adcd71fd335fa8c2', 'partner_request_accepted', 105, 94, 'partners', 105, 'kc-seven', NULL, NULL, NULL, 'Partner added', 'Partner added! You\'re now connected!', NULL, '1', '1', '2024-01-15 11:04:38', '2024-01-15 11:23:36', NULL),
(28, '34432095491d2e5ff8c819ea5b21e89b', 'partner_request_accepted', 94, 106, 'partners', 94, 'kc-five', NULL, NULL, NULL, 'Partner added', 'Partner added! You\'re now connected!', NULL, '0', '1', '2024-01-15 11:07:35', '2024-01-15 11:22:53', NULL),
(29, '04910a784d74b54d930b56409ce3e376', 'partner_request_accepted', 105, 94, 'partners', 105, 'kc-seven', NULL, NULL, NULL, 'Partner added', 'Partner added! You\'re now connected!', NULL, '0', '1', '2024-01-15 11:21:44', '2024-01-15 11:23:36', NULL),
(30, 'e080113945f93d88151a8f0ada0fa94c', 'partner_request_accepted', 94, 106, 'partners', 94, 'kc-five', NULL, NULL, NULL, 'Partner added', 'Partner added! You\'re now connected!', NULL, '0', '0', '2024-01-15 11:23:45', NULL, NULL),
(31, 'aa62d705b49bdff3c8d8c22d9ea099a6', 'partner_request_accepted', 109, 108, 'partners', 109, 'kc-ten', NULL, NULL, NULL, 'Partner added', 'Partner added! You\'re now connected!', NULL, '1', '1', '2024-01-15 12:53:49', '2024-01-15 12:53:50', NULL),
(32, '476960e57c94a7d6de1b0988376c4520', 'new_event_by_partner', 108, 109, 'events', 4, '722ejs7lrexgty0', NULL, NULL, NULL, 'New event added by kc twenty', 'New event added by kc twenty! Check it out!', NULL, '1', '1', '2024-01-15 12:55:08', '2024-01-15 12:58:31', NULL),
(33, 'f8e8465e70fc2b29129b75eef03366d9', 'new_event_by_partner', 109, 108, 'events', 5, '722ejs7lrexj43h', NULL, NULL, NULL, 'New event added by Kc Ten', 'New event added by Kc Ten! Check it out!', NULL, '1', '1', '2024-01-15 12:56:55', '2024-01-15 12:56:56', NULL),
(34, '6bc6a0f0c9310320de84e0e914579af0', 'partner_request_accepted', 108, 109, 'partners', 108, 'kc-twenty', NULL, NULL, NULL, 'Partner added', 'Partner added! You\'re now connected!', NULL, '0', '0', '2024-01-15 12:58:54', NULL, NULL),
(35, '9315a767e16e5c4cfe05706e16888a23', 'new_event_by_partner', 109, 108, 'events', 6, '722ejs7lrexm21v', NULL, NULL, NULL, 'New event added by Kc Ten', 'New event added by Kc Ten! Check it out!', NULL, '1', '1', '2024-01-15 12:59:12', '2024-01-15 12:59:13', NULL),
(36, 'b2d276f467745d2b92aadafb6d0bc76a', 'partner_event_updated', 109, 108, 'events', 6, '722ejs7lrexm21v', NULL, NULL, NULL, 'Update: Kc Ten edited their event. Take a look!', 'Update: Kc Ten edited their event. Take a look!', NULL, '1', '1', '2024-01-15 12:59:21', '2024-01-15 12:59:23', NULL),
(37, '99d87b662d2f94d4730902c42afe9783', 'new_event_by_partner', 108, 109, 'events', 7, '722ejs7lrexml4y', NULL, NULL, NULL, 'New event added by kc twenty', 'New event added by kc twenty! Check it out!', NULL, '1', '1', '2024-01-15 12:59:37', '2024-01-15 12:59:39', NULL),
(38, '22a64f0ed491ae33599c22039ef1b4bb', 'partner_event_updated', 108, 109, 'events', 7, '722ejs7lrexml4y', NULL, NULL, NULL, 'Update: kc twenty edited their event. Take a look!', 'Update: kc twenty edited their event. Take a look!', NULL, '1', '1', '2024-01-15 12:59:46', '2024-01-15 12:59:48', NULL),
(39, 'c4bf42195021787164e723776cb3be97', 'partner_request_accepted', 111, 98, 'partners', 111, 'melissa-johnson', NULL, NULL, NULL, 'Partner added', 'Partner added! You\'re now connected!', NULL, '0', '1', '2024-03-18 11:46:21', '2024-03-29 06:33:53', NULL),
(40, '6e8bcaf57746f469c71b3c3fd26d8b1c', 'new_event_by_partner', 98, 111, 'events', 40, '722eijyltzlzqef', NULL, NULL, NULL, 'New event added by Den', 'New event added by Den! Check it out!', NULL, '0', '0', '2024-03-20 09:36:29', NULL, NULL),
(41, '360650c1c2454c524af04480ea213017', 'new_event_by_partner', 98, 111, 'events', 41, '722eijyltzm0gzp', NULL, NULL, NULL, 'New event added by Den', 'New event added by Den! Check it out!', NULL, '0', '0', '2024-03-20 09:37:04', NULL, NULL),
(42, 'e7fcc86c3be9554df5428d9298ebf8ea', 'new_event_by_partner', 98, 111, 'events', 42, '722eijyltzm0x51', NULL, NULL, NULL, 'New event added by Den', 'New event added by Den! Check it out!', NULL, '0', '0', '2024-03-20 09:37:24', NULL, NULL),
(43, '8da768a73cf0dbb6fc25c40367e677de', 'new_event_by_partner', 98, 111, 'events', 43, '722eijyltzm4eu4', NULL, NULL, NULL, 'New event added by Den', 'New event added by Den! Check it out!', NULL, '0', '0', '2024-03-20 09:40:07', NULL, NULL),
(44, '9763d49c6ebce30781e20c6356d2d664', 'new_event_by_partner', 98, 111, 'events', 44, '722eijyltzm6nr8', NULL, NULL, NULL, 'New event added by Den', 'New event added by Den! Check it out!', NULL, '0', '0', '2024-03-20 09:41:52', NULL, NULL),
(45, '74ee22a49677c512289d30937987f65f', 'new_event_by_partner', 98, 111, 'events', 45, '722eijyltzm9h1d', NULL, NULL, NULL, 'New event added by Den', 'New event added by Den! Check it out!', NULL, '0', '0', '2024-03-20 09:44:03', NULL, NULL),
(46, 'b8a6d11b28b697d5337773004d9dbbe0', 'new_event_by_partner', 98, 111, 'events', 46, '722eijyltzm9xxf', NULL, NULL, NULL, 'New event added by Den', 'New event added by Den! Check it out!', NULL, '0', '0', '2024-03-20 09:44:25', NULL, NULL),
(47, 'a8b6ca2445aab9e87229bd5c30b12735', 'new_event_by_partner', 98, 111, 'events', 47, '722eijyltzmljly', NULL, NULL, NULL, 'New event added by Den', 'New event added by Den! Check it out!', NULL, '0', '0', '2024-03-20 09:53:27', NULL, NULL),
(48, '0214892031ad5865ec4235f3d41f2e57', 'new_event_by_partner', 98, 111, 'events', 48, '722e2w2lu0u36yw', NULL, NULL, NULL, 'New event added by Den', 'New event added by Den! Check it out!', NULL, '0', '0', '2024-03-21 06:10:54', NULL, NULL),
(49, '6b620907b98b77628d3bd97dc75eaeb0', 'partner_request_accepted', 148, 147, 'partners', 148, 'jeff-bezos', NULL, NULL, NULL, 'Partner added', 'Partner added! You\'re now connected!', NULL, '0', '1', '2024-03-21 07:53:39', '2024-03-25 09:18:08', NULL),
(50, 'cf2d609b1d3cc53256a9b1322842e1a5', 'partner_request_accepted', 148, 147, 'partners', 148, 'jeff-bezos', NULL, NULL, NULL, 'Partner added', 'Partner added! You\'re now connected!', NULL, '0', '1', '2024-03-21 07:54:43', '2024-03-25 09:18:08', NULL),
(51, '635f06b9b59312a8443e837ec844f5ad', 'partner_request_accepted', 147, 148, 'partners', 147, 'jack-ma1715', NULL, NULL, NULL, 'Partner added', 'Partner added! You\'re now connected!', NULL, '0', '1', '2024-03-21 07:57:29', '2024-03-25 09:18:30', NULL),
(52, '41551cd3d024bc46b332cd920b0814d4', 'partner_request_accepted', 148, 147, 'partners', 148, 'jeff-bezos', NULL, NULL, NULL, 'Partner added', 'Partner added! You\'re now connected!', NULL, '0', '1', '2024-03-21 09:34:54', '2024-03-25 09:18:08', NULL),
(53, 'd92f07e5cf3d93937b9b331faf5c6257', 'new_event_by_partner', 148, 147, 'events', 49, '722eakjlu11fbok', NULL, NULL, NULL, 'New event added by Jeff Bezos', 'New event added by Jeff Bezos! Check it out!', NULL, '1', '1', '2024-03-21 09:36:17', '2024-03-25 09:18:08', NULL),
(54, '3e5e2c998857ec1fe95b325937fb387a', 'new_event_by_partner', 147, 148, 'events', 50, '722eakjlu11i08j', NULL, NULL, NULL, 'New event added by Jack Ma', 'New event added by Jack Ma! Check it out!', NULL, '1', '1', '2024-03-21 09:38:22', '2024-03-25 09:18:30', NULL),
(55, 'f45a9bfaa812f6138d0188d02ee2ab04', 'partner_event_updated', 147, 148, 'events', 50, '722eakjlu11i08j', NULL, NULL, NULL, 'Update: Jack Ma edited their event. Take a look!', 'Update: Jack Ma edited their event. Take a look!', NULL, '1', '1', '2024-03-21 09:39:40', '2024-03-25 09:18:30', NULL),
(56, 'b1e6591e15905df7554537c1fcb1a6f5', 'new_event_by_partner', 148, 147, 'events', 51, '722eakjlu11na3r', NULL, NULL, NULL, 'New event added by Jeff Bezos', 'New event added by Jeff Bezos! Check it out!', NULL, '1', '1', '2024-03-21 09:42:28', '2024-03-25 09:18:08', NULL),
(57, 'a979ac1a2b6e1948325f943d25109bc3', 'new_event_by_partner', 147, 148, 'events', 52, '722eakjlu11o9nr', NULL, NULL, NULL, 'New event added by Jack Ma', 'New event added by Jack Ma! Check it out!', NULL, '1', '1', '2024-03-21 09:43:14', '2024-03-25 09:18:30', NULL),
(58, '0d65d1d0e836a31877d61db7c48ff8d6', 'new_event_by_partner', 98, 111, 'events', 53, '722eakjlu263ovn', NULL, NULL, NULL, 'New event added by Den', 'New event added by Den! Check it out!', NULL, '0', '0', '2024-03-22 04:34:58', NULL, NULL),
(59, '5412b36929d57cd3535d1cf040326522', 'partner_request_accepted', 147, 128, 'partners', 147, 'jack-ma1715', NULL, NULL, NULL, 'Partner added', 'Partner added! You\'re now connected!', NULL, '1', '1', '2024-03-22 06:43:34', '2024-03-29 06:33:43', NULL),
(60, '63319beb6ae2b51b9201699a90ce2a56', 'new_event_by_partner', 128, 147, 'events', 54, '722ekbilu2apl2j', NULL, NULL, NULL, 'New event added by Test', 'New event added by Test! Check it out!', NULL, '1', '1', '2024-03-22 06:43:58', '2024-03-25 09:18:08', NULL),
(61, '3ff256948344b5ce55079d4d2a112e12', 'partner_request_accepted', 147, 128, 'partners', 147, 'jack-ma1715', NULL, NULL, NULL, 'Partner added', 'Partner added! You\'re now connected!', NULL, '1', '1', '2024-03-22 06:44:56', '2024-03-29 06:33:43', NULL),
(62, '35e5a26fec6725be0ac7c53d0ad74984', 'partner_request_accepted', 147, 148, 'partners', 147, 'jack-ma1715', NULL, NULL, NULL, 'Partner added', 'Partner added! You\'re now connected!', NULL, '0', '1', '2024-03-22 11:04:08', '2024-03-25 09:18:30', NULL),
(63, 'e9399378d76395b234a28431566fc259', 'new_event_by_partner', 148, 147, 'events', 55, '722eklclu2k0qob', NULL, NULL, NULL, 'New event added by Jeff Bezos', 'New event added by Jeff Bezos! Check it out!', NULL, '0', '1', '2024-03-22 11:04:35', '2024-03-25 09:18:08', NULL),
(64, '06c710e9cff2f3a733af2831bacb401c', 'new_event_by_partner', 147, 148, 'events', 56, '722eklclu2k1ckc', NULL, NULL, NULL, 'New event added by Jack Ma', 'New event added by Jack Ma! Check it out!', NULL, '1', '1', '2024-03-22 11:05:04', '2024-03-25 09:18:30', NULL),
(65, 'e9e66d738bc89b22daf747f4ee4160b5', 'partner_request_accepted', 147, 148, 'partners', 147, 'jack-ma1715', NULL, NULL, NULL, 'Partner added', 'Partner added! You\'re now connected!', NULL, '0', '1', '2024-03-25 09:18:27', '2024-03-25 09:18:30', NULL),
(69, '58845618a8914590b2f0f50ca4e49d4f', 'partner_request_accepted', 128, 98, 'partners', 128, 'test1667', NULL, NULL, NULL, 'Partner added', 'Partner added! You\'re now connected!', NULL, '0', '1', '2024-03-29 06:33:46', '2024-03-29 06:33:53', NULL);

-- --------------------------------------------------------

--
-- Table structure for table `notification_settings`
--

CREATE TABLE `notification_settings` (
  `id` int(10) UNSIGNED NOT NULL,
  `user_id` int(10) UNSIGNED DEFAULT NULL,
  `meta_key` varchar(100) COLLATE utf8mb4_unicode_ci NOT NULL,
  `meta_value` mediumtext COLLATE utf8mb4_unicode_ci NOT NULL,
  `created_at` datetime DEFAULT NULL,
  `updated_at` datetime DEFAULT NULL,
  `deleted_at` timestamp NULL DEFAULT NULL
) ENGINE=InnoDB DEFAULT CHARSET=utf8mb4 COLLATE=utf8mb4_unicode_ci;

-- --------------------------------------------------------

--
-- Table structure for table `partners`
--

CREATE TABLE `partners` (
  `id` int(10) UNSIGNED NOT NULL,
  `slug` varchar(255) COLLATE utf8mb4_unicode_ci NOT NULL,
  `user_id` int(10) UNSIGNED NOT NULL,
  `partner_id` int(10) UNSIGNED NOT NULL,
  `status` enum('pending','accepted') COLLATE utf8mb4_unicode_ci NOT NULL DEFAULT 'pending',
  `created_at` datetime DEFAULT NULL,
  `updated_at` datetime DEFAULT NULL,
  `deleted_at` timestamp NULL DEFAULT NULL
) ENGINE=InnoDB DEFAULT CHARSET=utf8mb4 COLLATE=utf8mb4_unicode_ci;

--
-- Dumping data for table `partners`
--

INSERT INTO `partners` (`id`, `slug`, `user_id`, `partner_id`, `status`, `created_at`, `updated_at`, `deleted_at`) VALUES
(12, '722ecqalras2l3t', 92, 93, 'pending', '2024-01-12 15:13:00', '2024-01-12 15:13:00', NULL),
(15, '722ecqalras7nvp', 90, 93, 'pending', '2024-01-12 15:16:57', '2024-01-12 15:16:57', NULL),
(16, '722ecqalras8hwm', 90, 85, 'pending', '2024-01-12 15:17:36', '2024-01-12 15:17:36', NULL),
(62, '722ejs7lrexllff', 109, 108, 'accepted', '2024-01-15 12:58:50', '2024-01-15 12:58:53', NULL),
(64, '722e7jvls0gs2bk', 112, 114, 'pending', '2024-01-30 14:38:54', '2024-01-30 14:38:54', NULL),
(78, '722e18elu6s3wsd', 147, 158, 'pending', '2024-03-25 10:02:04', '2024-03-25 10:02:04', NULL),
(79, '722eduvlu6skdx4', 155, 84, 'pending', '2024-03-25 10:14:53', '2024-03-25 10:14:53', NULL),
(80, '722e15ilu9n8x85', 124, 84, 'pending', '2024-03-27 10:09:19', '2024-03-27 10:09:19', NULL);

-- --------------------------------------------------------

--
-- Table structure for table `reset_passwords`
--

CREATE TABLE `reset_passwords` (
  `id` int(10) UNSIGNED NOT NULL,
  `email` varchar(150) COLLATE utf8mb4_unicode_ci DEFAULT NULL,
  `token` varchar(255) COLLATE utf8mb4_unicode_ci DEFAULT NULL,
  `created_at` datetime DEFAULT NULL,
  `updated_at` datetime DEFAULT NULL,
  `deleted_at` timestamp NULL DEFAULT NULL
) ENGINE=InnoDB DEFAULT CHARSET=utf8mb4 COLLATE=utf8mb4_unicode_ci;

--
-- Dumping data for table `reset_passwords`
--

INSERT INTO `reset_passwords` (`id`, `email`, `token`, `created_at`, `updated_at`, `deleted_at`) VALUES
(1, 'Den@yopmail.com', '98%7C1706514501599', '2024-01-29 07:48:22', NULL, NULL),
(2, 'Den@yopmail.com', '98%7C1706514533976', '2024-01-29 07:48:54', NULL, NULL),
(3, 'Den@yopmail.com', '98%7C1706515930980', '2024-01-29 08:12:11', NULL, NULL),
(4, 'kc1@yopmail.com', '84%7C1706516427427', '2024-01-29 08:20:27', NULL, NULL);

-- --------------------------------------------------------

--
-- Table structure for table `subscription_packages`
--

CREATE TABLE `subscription_packages` (
  `id` int(10) UNSIGNED NOT NULL,
  `slug` varchar(255) COLLATE utf8mb4_unicode_ci NOT NULL,
  `title` varchar(255) COLLATE utf8mb4_unicode_ci NOT NULL,
  `description` mediumtext COLLATE utf8mb4_unicode_ci,
  `amount` varchar(255) COLLATE utf8mb4_unicode_ci NOT NULL,
  `trial_period` int(11) NOT NULL,
  `status` enum('1','0') COLLATE utf8mb4_unicode_ci NOT NULL DEFAULT '1',
  `duration` varchar(255) COLLATE utf8mb4_unicode_ci NOT NULL,
  `duration_unit` enum('day','week','month','year') COLLATE utf8mb4_unicode_ci NOT NULL,
  `created_at` datetime DEFAULT NULL,
  `updated_at` datetime DEFAULT NULL,
  `deleted_at` timestamp NULL DEFAULT NULL
) ENGINE=InnoDB DEFAULT CHARSET=utf8mb4 COLLATE=utf8mb4_unicode_ci;

--
-- Dumping data for table `subscription_packages`
--

INSERT INTO `subscription_packages` (`id`, `slug`, `title`, `description`, `amount`, `trial_period`, `status`, `duration`, `duration_unit`, `created_at`, `updated_at`, `deleted_at`) VALUES
(1, '1month', '1 Month', '1 Month', '5.99', 0, '1', '1', 'month', NULL, NULL, NULL),
(2, '6month', '6 Month', '6 Month', '34.99', 0, '1', '6', 'month', NULL, NULL, NULL),
(3, '1year', '1 Year', '1 Year', '69.99', 0, '1', '1', 'year', NULL, NULL, NULL),
(4, 'trial', 'Trial', 'Trial', '0', 0, '1', '7', 'day', NULL, NULL, NULL);

-- --------------------------------------------------------

--
-- Table structure for table `users`
--

CREATE TABLE `users` (
  `id` int(10) UNSIGNED NOT NULL,
  `user_group_id` int(10) UNSIGNED DEFAULT NULL,
  `user_type` enum('admin','user') COLLATE utf8mb4_unicode_ci NOT NULL DEFAULT 'user',
  `name` varchar(150) COLLATE utf8mb4_unicode_ci NOT NULL,
  `username` varchar(150) COLLATE utf8mb4_unicode_ci NOT NULL,
  `slug` varchar(150) COLLATE utf8mb4_unicode_ci NOT NULL,
  `email` varchar(150) COLLATE utf8mb4_unicode_ci DEFAULT NULL,
  `mobile_no` varchar(100) COLLATE utf8mb4_unicode_ci DEFAULT NULL,
  `password` varchar(255) COLLATE utf8mb4_unicode_ci NOT NULL,
  `image_url` mediumtext COLLATE utf8mb4_unicode_ci,
  `blur_image` varchar(200) COLLATE utf8mb4_unicode_ci DEFAULT NULL,
  `status` enum('1','0') COLLATE utf8mb4_unicode_ci NOT NULL DEFAULT '1',
  `is_email_verify` enum('1','0') COLLATE utf8mb4_unicode_ci NOT NULL DEFAULT '0',
  `email_verify_at` timestamp NULL DEFAULT NULL,
  `is_mobile_verify` enum('1','0') COLLATE utf8mb4_unicode_ci DEFAULT '1',
  `mobile_verify_at` timestamp NULL DEFAULT NULL,
  `platform_type` enum('custom','facebook','google','apple') COLLATE utf8mb4_unicode_ci DEFAULT 'custom',
  `platform_id` varchar(255) COLLATE utf8mb4_unicode_ci DEFAULT NULL,
  `country` varchar(100) COLLATE utf8mb4_unicode_ci DEFAULT NULL,
  `city` varchar(100) COLLATE utf8mb4_unicode_ci DEFAULT NULL,
  `state` varchar(100) COLLATE utf8mb4_unicode_ci DEFAULT NULL,
  `zipcode` varchar(100) COLLATE utf8mb4_unicode_ci DEFAULT NULL,
  `address` varchar(100) COLLATE utf8mb4_unicode_ci DEFAULT NULL,
  `latitude` varchar(100) COLLATE utf8mb4_unicode_ci DEFAULT NULL,
  `longitude` varchar(100) COLLATE utf8mb4_unicode_ci DEFAULT NULL,
  `online_status` enum('1','0') COLLATE utf8mb4_unicode_ci NOT NULL DEFAULT '0',
  `mobile_otp` varchar(100) COLLATE utf8mb4_unicode_ci DEFAULT NULL,
  `email_otp` varchar(100) COLLATE utf8mb4_unicode_ci DEFAULT NULL,
  `subscription_expiry_date` date DEFAULT NULL,
  `created_at` datetime DEFAULT NULL,
  `updated_at` datetime DEFAULT NULL,
  `deleted_at` timestamp NULL DEFAULT NULL
) ENGINE=InnoDB DEFAULT CHARSET=utf8mb4 COLLATE=utf8mb4_unicode_ci;

--
-- Dumping data for table `users`
--

INSERT INTO `users` (`id`, `user_group_id`, `user_type`, `name`, `username`, `slug`, `email`, `mobile_no`, `password`, `image_url`, `blur_image`, `status`, `is_email_verify`, `email_verify_at`, `is_mobile_verify`, `mobile_verify_at`, `platform_type`, `platform_id`, `country`, `city`, `state`, `zipcode`, `address`, `latitude`, `longitude`, `online_status`, `mobile_otp`, `email_otp`, `subscription_expiry_date`, `created_at`, `updated_at`, `deleted_at`) VALUES
(1, 1, 'admin', 'RetroCube', 'retrocube', 'retrocube', 'admin@retrocube.com', '1-8882051816', '$2a$10$bJUnxEE23OjkwBGtkkJO2ugIyTNl0Ek94wTUOUMPNpU0jsZ0R92Wa', NULL, NULL, '1', '1', '2023-09-22 06:27:54', '1', '2023-09-22 06:27:54', 'custom', NULL, NULL, NULL, NULL, NULL, NULL, NULL, NULL, '0', NULL, NULL, NULL, '2023-09-22 02:27:54', NULL, NULL),
(84, 3, 'user', 'Kc One', 'kc-one', 'kc-one', 'kc1@yopmail.com', '+1-3216547890', '$2a$10$sWga7FBEJFz2A.fmVkaan.QNTYeLmUsRhWTZRcc.qzXgD1joEfL3G', 'user/1705058071050.jpeg', NULL, '1', '0', NULL, '1', NULL, 'custom', NULL, NULL, NULL, NULL, NULL, NULL, NULL, NULL, '0', NULL, NULL, NULL, '2024-01-12 11:14:31', '2024-01-12 11:14:31', NULL),
(85, 3, 'user', 'Kc Two', 'kc-two', 'kc-two', 'kc2@yopmail.com', '+1-2314567890', '$2a$10$0XuXTEVv/yAFTgprIL0kNeOKYtlI6TyW.QCejvXY5G.gxqa7FecPu', 'user/1705058126033.jpeg', NULL, '1', '0', NULL, '1', NULL, 'custom', NULL, NULL, NULL, NULL, NULL, NULL, NULL, NULL, '0', NULL, NULL, NULL, '2024-01-12 11:15:26', '2024-01-12 11:15:26', NULL),
(86, 3, 'user', 'Kc Three', 'kc-three', 'kc-three', 'kc3@yopmail.com', '+1-3124569870', '$2a$10$9ViK.WiHOGJ/flD0bpGgcepyO2LpIrUXYG2q7An4iF5ul5HBQk1OK', 'user/1705062808299.jpeg', NULL, '1', '0', NULL, '1', NULL, 'custom', NULL, NULL, NULL, NULL, NULL, NULL, NULL, NULL, '0', NULL, NULL, NULL, '2024-01-12 12:33:28', '2024-01-12 12:33:28', NULL),
(88, 3, 'user', 'Test', 'test', 'test', 'Tt@t.com', '+1-9464646646', '$2a$10$zeYdMlXTCQ7WEV/s5dVuDOXi2AmwTG8yhkmIy9eAmkRZIzK5DEW8C', 'user/1705063380029.jpeg', NULL, '1', '0', NULL, '1', NULL, 'custom', NULL, NULL, NULL, NULL, NULL, NULL, NULL, NULL, '0', NULL, NULL, '2024-02-12', '2024-01-12 12:43:00', '2024-01-12 14:04:36', NULL),
(89, 3, 'user', 'Hahah', 'hahah', 'hahah', 'Aa@a.com', '+1-6497818818', '$2a$10$7HtTafkF0aVUXnlAidmN1emWirp1cdrlAkQFT/WNrrLmNHfaH8LDq', 'user/1705068958292.jpeg', NULL, '1', '0', NULL, '1', NULL, 'custom', NULL, NULL, NULL, NULL, NULL, NULL, NULL, NULL, '0', NULL, NULL, '2024-02-15', '2024-01-12 14:15:58', '2024-01-15 04:27:34', NULL),
(90, 3, 'user', 'Hhh', 'hhh', 'hhh', 'H@h.com', '+1-3169427254', '$2a$10$b67ojVpBqbDuZhMvJ.UIQ.1drTxoMrAXJkfN6H4zCcwkxHo12pSwG', 'user/1705071544647.jpeg', NULL, '1', '0', NULL, '1', NULL, 'custom', NULL, NULL, NULL, NULL, NULL, NULL, NULL, NULL, '0', NULL, NULL, NULL, '2024-01-12 14:59:04', '2024-01-12 14:59:04', NULL),
(91, 3, 'user', 'Laa', 'laa', 'laa', 'L@l.com', '+1-9988521333', '$2a$10$2pohRPt/MMotTkSm2vCP/uLjZ5lx90axqe3CZ.tkahHe037LHMPyO', 'user/1705071679755.jpeg', NULL, '1', '0', NULL, '1', NULL, 'custom', NULL, NULL, NULL, NULL, NULL, NULL, NULL, NULL, '0', NULL, NULL, NULL, '2024-01-12 15:01:19', '2024-01-12 15:01:19', NULL),
(92, 3, 'user', 'Ppp', 'ppp', 'ppp', 'P@p.com', '+1-4963127845', '$2a$10$7DF13n/ec3m91TF05XNBL.0tGfCyia4mPaS1xUwBjIaI8fGhccumq', 'user/1705071927858.jpeg', NULL, '1', '0', NULL, '1', NULL, 'custom', NULL, NULL, NULL, NULL, NULL, NULL, NULL, NULL, '0', NULL, NULL, NULL, '2024-01-12 15:05:27', '2024-01-12 15:05:27', NULL),
(93, 3, 'user', 'Kc Four', 'kc-four', 'kc-four', 'kc4@yopmail.com', '+1-3124598790', '$2a$10$BpT3aFhnlnhsb8sOCiSUmunUpmbUZoPrHYZBtu9UZDpTL.fVJlI42', 'user/1705072196250.jpeg', NULL, '1', '0', NULL, '1', NULL, 'custom', NULL, NULL, NULL, NULL, NULL, NULL, NULL, NULL, '0', NULL, NULL, NULL, '2024-01-12 15:09:56', '2024-01-12 15:09:56', NULL),
(94, 3, 'user', 'Kc Five', 'kc-five', 'kc-five', 'kc5@yopmail.com', '+1-1236547890', '$2a$10$DhWlTZzk3mKu/9ScmB83.O527KnesCedUs5DLGGW7Ic35I2KLq2Dm', 'user/1705072576962.jpeg', NULL, '1', '0', NULL, '1', NULL, 'custom', NULL, NULL, NULL, NULL, NULL, NULL, NULL, NULL, '0', NULL, NULL, NULL, '2024-01-12 15:16:16', '2024-01-12 15:16:16', NULL),
(95, 3, 'user', 'Okz', 'okz', 'okz', 'Ok@ok.com', '+1-1100882233', '$2a$10$6wrFNUagyUOA0dPkMQYkE.A4fcsp.VednkMSHzfRdWw5CNUILj09a', 'user/1705072686924.jpeg', NULL, '1', '0', NULL, '1', NULL, 'custom', NULL, NULL, NULL, NULL, NULL, NULL, NULL, NULL, '0', NULL, NULL, NULL, '2024-01-12 15:18:06', '2024-01-12 15:18:06', NULL),
(96, 3, 'user', 'Watch', 'watch', 'watch', 'Wa@w.com', '+1-1963457822', '$2a$10$tR2lobfcwC8.SXNKFSDIWOIXUUXCnJu8G0vc858tv2J5x3pAej4DO', 'user/1705073507704.jpeg', NULL, '1', '0', NULL, '1', NULL, 'custom', NULL, NULL, NULL, NULL, NULL, NULL, NULL, NULL, '0', NULL, NULL, NULL, '2024-01-12 15:31:47', '2024-01-12 15:31:47', NULL),
(97, 3, 'user', 'Fff', 'fff', 'fff', 'Ff@f.com', '+1-1472580000', '$2a$10$NQheCmRjmCTWKyLAwEjSueX.gZEFv7wUDypaqIL7iPIp8H4X1Js6O', 'user/1705158849156.jpeg', NULL, '1', '0', NULL, '1', NULL, 'custom', NULL, NULL, NULL, NULL, NULL, NULL, NULL, NULL, '0', NULL, NULL, NULL, '2024-01-13 15:14:09', '2024-01-13 15:14:09', NULL),
(98, 3, 'user', 'Den', 'den', 'den', 'Den@yopmail.com', '+1-4664646464', '$2a$10$e2lC6OVmkXjr2MIylRsX5ua89.RZQ4326xvVCeu/Iz2KmAMIW88fu', 'user/1705290552519.jpeg', NULL, '1', '0', NULL, '1', NULL, 'custom', NULL, NULL, NULL, NULL, NULL, NULL, NULL, NULL, '0', NULL, NULL, '2024-04-26', '2024-01-15 03:49:12', '2024-03-12 09:36:03', NULL),
(99, 3, 'user', 'Elssa', 'elssa', 'elssa', 'Elssa@yopmail.com', '+1-4785885858', '$2a$10$.Zz.ICIOGHMX/6ICv1c0x.wr0ZvI70Wh9NMYtdovNPdzevA8AlN2q', 'user/1705291821915.jpeg', NULL, '1', '0', NULL, '1', NULL, 'custom', NULL, NULL, NULL, NULL, NULL, NULL, NULL, NULL, '0', NULL, NULL, NULL, '2024-01-15 04:10:21', '2024-01-15 04:10:21', NULL),
(100, 3, 'user', 'Pppp', 'pppp', 'pppp', 'Pp@p.com', '+1-2585585858', '$2a$10$BoqkA6E44AnMt7yYLI./Xek7fLt6z.o8avsTKcCxmbPKMtgXYbpDm', 'user/1705292429621.jpeg', NULL, '1', '0', NULL, '1', NULL, 'custom', NULL, NULL, NULL, NULL, NULL, NULL, NULL, NULL, '0', NULL, NULL, NULL, '2024-01-15 04:20:29', '2024-01-15 04:20:29', NULL),
(101, 3, 'user', 'den', 'den1887', 'den1887', 'den1@yopmail.com', '+1-9464646313', '$2a$10$EkWBfZyGUtNFHppFGubyxuelxpI1Pkt1EK2PejOVwCMBp/GXYege.', 'user/1705293227638.jpeg', NULL, '1', '0', NULL, '1', NULL, 'custom', NULL, NULL, NULL, NULL, NULL, NULL, NULL, NULL, '0', NULL, NULL, '2024-02-15', '2024-01-15 04:33:47', '2024-01-15 05:21:12', NULL),
(102, 3, 'user', 'Deer', 'deer', 'deer', 'Deer@yopmail.com', '+1-4466797337', '$2a$10$gzOXdNHo/Nyegmm5yxMdsulsKd4Hmu2QIXu2bdBvvHm/gf56T/6lu', 'user/1705296504190.jpeg', NULL, '1', '0', NULL, '1', NULL, 'custom', NULL, NULL, NULL, NULL, NULL, NULL, NULL, NULL, '0', NULL, NULL, NULL, '2024-01-15 05:28:24', '2024-01-15 05:28:24', NULL),
(103, 3, 'user', 'Ttt', 'ttt', 'ttt', 'tt1@t.com', '+1-1331646467', '$2a$10$e.CgDBSiQqHT4tayA5yg4utwoVFwl5m0euZYSk6yAYo86zbQB.QIy', 'user/1705298026816.jpeg', NULL, '1', '0', NULL, '1', NULL, 'custom', NULL, NULL, NULL, NULL, NULL, NULL, NULL, NULL, '0', NULL, NULL, '2024-02-15', '2024-01-15 05:53:46', '2024-01-15 05:55:51', NULL),
(104, 3, 'user', 'Tttt', 'tttt', 'tttt', 'ttt2@yopmail.com', '+1-3437373737', '$2a$10$HtF.Qe.lPlAekOO5nBc35OwE84BoGX/VZgQnlGL0jGwvarPRESBuO', 'user/1705298079996.jpeg', NULL, '1', '0', NULL, '1', NULL, 'custom', NULL, NULL, NULL, NULL, NULL, NULL, NULL, NULL, '0', NULL, NULL, NULL, '2024-01-15 05:54:39', '2024-01-15 05:54:39', NULL),
(105, 3, 'user', 'Kc Seven', 'kc-seven', 'kc-seven', 'kc7@yopmail.com', '+1-2583691470', '$2a$10$RtxRLa4bof9TSSV1SDZydORlL3B5BHYqpojxbxB31Fl1W3lhKqDaO', 'user/1705304422683.jpeg', NULL, '1', '0', NULL, '1', NULL, 'custom', NULL, NULL, NULL, NULL, NULL, NULL, NULL, NULL, '0', NULL, NULL, '2024-02-15', '2024-01-15 07:40:22', '2024-01-15 07:47:07', NULL),
(106, 3, 'user', 'Kc Eight', 'kc-eight', 'kc-eight', 'kc8@yopmail.com', '+1-1473692580', '$2a$10$kZA3SU6VP0pDpsMtJNZDyOfRWl.1/p6cy9Z9.STIvOWsGbwUU.Jlu', 'user/1705308846383.jpeg', NULL, '1', '0', NULL, '1', NULL, 'custom', NULL, NULL, NULL, NULL, NULL, NULL, NULL, NULL, '0', NULL, NULL, NULL, '2024-01-15 08:54:06', '2024-01-15 08:54:06', NULL),
(107, 3, 'user', 'Map', 'map', 'map', 'map@map.com', '+1-6473379191', '$2a$10$EV8580yXzDwDpSLkxFBGNeMPUjYnGOxB2Y5SO8ulHR99orvLK4qHS', 'user/1705308970773.jpeg', NULL, '1', '0', NULL, '1', NULL, 'custom', NULL, NULL, NULL, NULL, NULL, NULL, NULL, NULL, '0', NULL, NULL, '2024-02-15', '2024-01-15 08:56:10', '2024-01-15 10:27:53', NULL),
(108, 3, 'user', 'kc twenty', 'kc-twenty', 'kc-twenty', 'kc20@yopmail.com', '+1-1742853690', '$2a$10$cO.Fv997AfQgKMX0SEe7duliZNDmXmaxzZVDHhFAIkKDBIP7ZxzgS', 'user/1705323114955.jpeg', NULL, '1', '0', NULL, '1', NULL, 'custom', NULL, NULL, NULL, NULL, NULL, NULL, NULL, NULL, '0', NULL, NULL, NULL, '2024-01-15 12:51:54', '2024-01-15 12:51:54', NULL),
(109, 3, 'user', 'Kc Ten', 'kc-ten', 'kc-ten', 'kc10@yopmail.com', '+1-3692851470', '$2a$10$Cg4sKznnlGsLQXgYzlz5o.KEzmNaMHec1hyZl/GTe8jlkPrUMhU0O', 'user/1705323183384.jpeg', NULL, '1', '0', NULL, '1', NULL, 'custom', NULL, NULL, NULL, NULL, NULL, NULL, NULL, NULL, '0', NULL, NULL, '2024-02-15', '2024-01-15 12:53:03', '2024-01-15 13:00:38', NULL),
(110, 3, 'user', 'Kc Thirty ', 'kc-thirty-', 'kc-thirty-', 'kc30@yopmail.com', '+1-1478523690', '$2a$10$GKE24Be04Lx0INabepmEb.7EkWIiOCHGgOOppfBmB89LafvL9Mx/u', 'user/1705324504083.jpeg', NULL, '1', '0', NULL, '1', NULL, 'custom', NULL, NULL, NULL, NULL, NULL, NULL, NULL, NULL, '0', NULL, NULL, NULL, '2024-01-15 13:15:04', '2024-01-15 13:15:04', NULL),
(111, 3, 'user', 'Melissa Johnson', 'melissa-johnson', 'melissa-johnson', 'Melissa.johnson1185@gmail.com', '+1-4013162246', '$2a$10$Byk4aHTR6CgvIRhROXRXUOTkHjS1oFHEJGE7mVGKwsbPmvNNN7BVi', 'user/1705327607099.jpeg', NULL, '1', '0', NULL, '1', NULL, 'custom', NULL, NULL, NULL, NULL, NULL, NULL, NULL, NULL, '0', NULL, NULL, NULL, '2024-01-15 14:06:47', '2024-01-15 14:06:47', NULL),
(112, 3, 'user', 'Kc Eleven ', 'kc-eleven-', 'kc-eleven-', 'kc11@yopmail.com', '+1-2581473960', '$2a$10$TnwKNqTpfVi2xPBu5qhMJeuC9aKLbHhUyQGdgehG/P7eSme1/HmGe', 'user/1705327662782.jpeg', NULL, '1', '0', NULL, '1', NULL, 'custom', NULL, NULL, NULL, NULL, NULL, NULL, NULL, NULL, '0', NULL, NULL, '2024-02-16', '2024-01-15 14:07:42', '2024-01-16 05:18:45', NULL),
(113, 3, 'user', 'Kc Twelve', 'kc-twelve', 'kc-twelve', 'kc12@yopmail.com', '+1-2581407369', '$2a$10$v/b0.m6RKjneWiM2yL65se.7PQKFoR2YhGDb5yPNnmusTgmOhkO/u', 'user/1705327761341.jpeg', NULL, '1', '0', NULL, '1', NULL, 'custom', NULL, NULL, NULL, NULL, NULL, NULL, NULL, NULL, '0', NULL, NULL, NULL, '2024-01-15 14:09:21', '2024-01-15 14:09:21', NULL),
(114, 3, 'user', 'Kc Thirteen ', 'kc-thirteen-', 'kc-thirteen-', 'kc13@yopmail.com', '+1-3690147258', '$2a$10$WfZIPRTeK1ziSeVOrdmST.mxA7SrkyS3jM0EOQLYbiEJi.Ks11b7e', 'user/1705327800073.jpeg', NULL, '1', '0', NULL, '1', NULL, 'custom', NULL, NULL, NULL, NULL, NULL, NULL, NULL, NULL, '0', NULL, NULL, NULL, '2024-01-15 14:10:00', '2024-01-15 14:10:00', NULL),
(115, 3, 'user', 'Stand', 'stand', 'stand', 'stand@yopmail.com', '+1-4725825825', '$2a$10$7Erhje0rp/x5giKpjvEix.WMGIC9y0HbcZm4dBx1xwLzPAM4AhnxO', 'user/1705380059447.jpeg', NULL, '1', '0', NULL, '1', NULL, 'custom', NULL, NULL, NULL, NULL, NULL, NULL, NULL, NULL, '0', NULL, NULL, '2024-02-16', '2024-01-16 04:40:59', '2024-01-16 05:29:24', NULL),
(116, 3, 'user', 'Cute', 'cute', 'cute', 'cute@yopmail.com', '+1-4664977997', '$2a$10$T9MVW3SgwFrJ8nkoJHtiRuHwNDSiWEIfUyUI5n4eA8uNWohbA7sWi', 'user/1705383111599.jpeg', NULL, '1', '0', NULL, '1', NULL, 'custom', NULL, NULL, NULL, NULL, NULL, NULL, NULL, NULL, '0', NULL, NULL, '2024-02-16', '2024-01-16 05:31:51', '2024-01-16 05:35:19', NULL),
(117, 3, 'user', 'Pen', 'pen', 'pen', 'pen@yopmail.com', '+1-6463131331', '$2a$10$XIVkpUGtI/DhPjGTlMyj0OPXt7N9vcHV4.7PIKbR5GVsghXRfr5T2', 'user/1705392170558.jpeg', NULL, '1', '0', NULL, '1', NULL, 'custom', NULL, NULL, NULL, NULL, NULL, NULL, NULL, NULL, '0', NULL, NULL, '2024-02-16', '2024-01-16 08:02:50', '2024-01-16 08:06:32', NULL),
(118, 3, 'user', 'Maurice J', 'maurice-j', 'maurice-j', 'Maurice.johnson02@yahoo.com', '+1-4018087706', '$2a$10$OrKssET61hfYNsv8p9v7KuDtcbiLP4Eiz7h4bgUTbnZ6uLPQ2behu', 'user/1705511578344.jpeg', NULL, '1', '0', NULL, '1', NULL, 'custom', NULL, NULL, NULL, NULL, NULL, NULL, NULL, NULL, '0', NULL, NULL, NULL, '2024-01-17 17:12:58', '2024-01-17 17:12:58', NULL),
(119, 2, 'admin', 'Admin', 'admin', 'admin', 'admin@kingdom-couples.com', '1-8882051817', '$2a$10$KByJvGJRuAgpxY58r5UEz.VvVjSZjxHY/oCKH6G/ngNfyQrBRTWrW', NULL, NULL, '1', '1', '2023-11-09 17:15:54', '1', '2023-11-09 17:15:54', 'custom', '(NULL)', '(NULL)', '(NULL)', NULL, NULL, NULL, NULL, NULL, '0', NULL, NULL, NULL, '2023-11-09 12:15:54', NULL, NULL),
(120, 3, 'user', 'Giovanni Joseph ', 'giovanni-joseph-', 'giovanni-joseph-', 'giovannijoseph2001@gmail.com', '+1-3472855608', '$2a$10$D1VGYp8J2c0P7lQWH6Zb.uCpB51SA18DBXZRPBRCcMe98.RW2j3sK', 'user/1706029306154.jpeg', NULL, '1', '0', NULL, '1', NULL, 'custom', NULL, NULL, NULL, NULL, NULL, NULL, NULL, NULL, '0', NULL, NULL, NULL, '2024-01-23 17:01:46', '2024-01-23 17:01:46', NULL),
(121, 3, 'user', 'Emmmanuel Rosa', 'emmmanuel-rosa', 'emmmanuel-rosa', 'mannyfreko170@gmail.com', '+1-9294088938', '$2a$10$k3240ZndzympfQluN23Wpu.N5OInozjmDlCfL6Q9GmBUV8hKY1/km', 'user/1706030014278.jpeg', NULL, '1', '0', NULL, '1', NULL, 'custom', NULL, NULL, NULL, NULL, NULL, NULL, NULL, NULL, '0', NULL, NULL, NULL, '2024-01-23 17:13:34', '2024-01-23 17:13:34', NULL),
(122, 3, 'user', 'Osury Aponte', 'osury-aponte', 'osury-aponte', 'osury1930@gmail.com', '+1-4016549581', '$2a$10$ZkN9TNoTqRplX/LLc8wqE.YK/CQXIhvr.vXlOxsU7Wanilp1yPPK2', 'user/1706196076124.jpeg', NULL, '1', '0', NULL, '1', NULL, 'custom', NULL, NULL, NULL, NULL, NULL, NULL, NULL, NULL, '0', NULL, NULL, NULL, '2024-01-25 15:21:16', '2024-01-25 15:21:16', NULL),
(123, 3, 'user', 'Adryan Parache', 'adryan-parache', 'adryan-parache', 'adryanp2000@gmail.com', '+1-4016170183', '$2a$10$RbK6k04mjX4wzgOfzInwCev9wKDVkoz5E60RAYmHij4qxhaQG8Fu6', 'user/1706208365197.jpeg', NULL, '1', '0', NULL, '1', NULL, 'custom', NULL, NULL, NULL, NULL, NULL, NULL, NULL, NULL, '0', NULL, NULL, NULL, '2024-01-25 18:46:05', '2024-01-25 18:46:05', NULL),
(124, 2, 'user', 'Tester ', 'tester-002', 'tester-002', 'tester2019002@gmail.com', '+5-555-555-5555', '$2a$10$z9ZJCTSwHuvZ6wBq4c1IyuNUqkKLAn1AFlV9L2ow4Yq1dg879rZ7C', 'https://lh3.googleusercontent.com/a/ACg8ocLOUZBLZRVym_Gs30RH_zgW4NkcB-x1KDDTg0wdE_UF-wQ=s96-c', NULL, '1', '1', '2024-03-06 09:15:09', '1', NULL, 'google', '113235041818902274129', NULL, NULL, NULL, NULL, NULL, NULL, NULL, '0', NULL, NULL, '2024-04-27', '2024-03-06 04:15:08', '2024-03-27 09:41:39', NULL),
(125, 3, 'user', 'User 1', 'user-1', 'user-1', 'user1@yopmail.com', '+1-2099216621', '$2a$10$5eznZbXxNVxeQv0siRa5Xum7BOhYnmKSuwTY7pLqC./2bYY8KHI4S', 'user/1710413082120.png', NULL, '1', '0', NULL, '1', NULL, 'custom', NULL, NULL, NULL, NULL, NULL, NULL, NULL, NULL, '0', NULL, NULL, NULL, '2024-03-14 10:44:42', '2024-03-14 10:44:42', NULL),
(126, 3, 'user', 'Test', 'test1955', 'test1955', 'test@yopmail.com', '+1-1885522336', '$2a$10$qNhW.1PHshZJQG13mGtRouB8ogwtQGyMykqq.7CJHRVV/eWZvge3m', 'user/1710911728991.jpeg', NULL, '1', '0', NULL, '1', NULL, 'custom', NULL, NULL, NULL, NULL, NULL, NULL, NULL, NULL, '0', NULL, NULL, NULL, '2024-03-20 05:15:28', '2024-03-20 05:15:28', NULL),
(127, 3, 'user', 'Test', 'test1447', 'test1447', 'test1@yopmail.com', '+1-1088552233', '$2a$10$apYGW.KKcsycMVgoAbBLSe0NyWNj5PQdtzZp7Kuqb96UuhZniSaBq', 'user/1710912032167.jpeg', NULL, '1', '0', NULL, '1', NULL, 'custom', NULL, NULL, NULL, NULL, NULL, NULL, NULL, NULL, '0', NULL, NULL, NULL, '2024-03-20 05:20:32', '2024-03-20 05:20:32', NULL),
(128, 3, 'user', 'Loaf', 'test1667', 'test1667', 'alvis@yopmail.com', '+1-2099216633', '$2a$10$3hxM5nwhydaDW4ik3LnusOuMup561vIORz2DIkbI5ITZ1KLk78q3e', 'user/1710912321635.jpeg', NULL, '1', '0', NULL, '1', NULL, 'custom', NULL, NULL, NULL, NULL, NULL, NULL, NULL, NULL, '0', NULL, NULL, '2024-04-27', '2024-03-20 05:25:21', '2024-03-29 06:33:07', NULL),
(130, 2, 'user', 'Sonya Mccormick', 'sonya-mccormick', 'sonya-mccormick', 'sonyamccormick.64770@gmail.com', NULL, '$2a$10$MFsLUNdj1dF.VNlRvn5SceV4ENi.1DHBGZZp0LkSIRTqu.EOUz66C', 'https://lh3.googleusercontent.com/a/ACg8ocIk0qTBBMvji3LIkczLXLU6Wz4E63iDeqIZpy5yunaZ=s96-c', NULL, '1', '1', '2024-03-20 11:45:59', '1', NULL, 'google', '101074958411894660951', NULL, NULL, NULL, NULL, NULL, NULL, NULL, '0', NULL, NULL, NULL, '2024-03-20 07:45:59', '2024-03-20 07:45:59', NULL),
(131, 3, 'user', 'Michael Jackson', 'michael-jackson', 'michael-jackson', 'u1@yopmail.com', '+1-2023695284', '$2a$10$TeIA39mdl3vYFZWwpClPsuZzIwoSBoTB8S3gdGZTrdY/T2ZVQLwNS', 'user/1710921777905.jpeg', NULL, '1', '0', NULL, '1', NULL, 'custom', NULL, NULL, NULL, NULL, NULL, NULL, NULL, NULL, '0', NULL, NULL, NULL, '2024-03-20 08:02:57', '2024-03-20 08:02:57', NULL),
(132, 3, 'user', 'Michael Jackson', 'michael-jackson1728', 'michael-jackson1728', 'john1@yopmail.com', '+1-2023695211', '$2a$10$uvHJ75qrHtaGuIG7GJK/d.X9cZP4qlrBE99P6vcx6UcmsB2elIxqa', 'user/1710921804123.jpeg', NULL, '1', '0', NULL, '1', NULL, 'custom', NULL, NULL, NULL, NULL, NULL, NULL, NULL, NULL, '0', NULL, NULL, NULL, '2024-03-20 08:03:24', '2024-03-20 08:03:24', NULL),
(134, 3, 'user', 'User N Two ', 'user-n-two-', 'user-n-two-', 'u2@yopmail.com', '+1-4569362145', '$2a$10$zLJsMLjLeRITrghyMcerYeC9ISr5BYVV9ZkOKvB4dwU3NW1m3DMGq', 'user/1710931496947.jpeg', NULL, '1', '0', NULL, '1', NULL, 'custom', NULL, NULL, NULL, NULL, NULL, NULL, NULL, NULL, '0', NULL, NULL, NULL, '2024-03-20 10:44:56', '2024-03-20 10:44:56', NULL),
(135, 3, 'user', 'User N Two ', 'user-n-two-1442', 'user-n-two-1442', 'u3@yopmail.com', '+1-4569362144', '$2a$10$851KiSksiUfClGY9HFtHMOlE48ACWDRJdEB0pwZmz8yqjmzGM3qdO', 'user/1710931512492.jpeg', NULL, '1', '0', NULL, '1', NULL, 'custom', NULL, NULL, NULL, NULL, NULL, NULL, NULL, NULL, '0', NULL, NULL, NULL, '2024-03-20 10:45:12', '2024-03-20 10:45:12', NULL),
(136, 3, 'user', 'User N Two ', 'user-n-two-1765', 'user-n-two-1765', 'u4@yopmail.com', '+1-4569362111', '$2a$10$K3X2h2JtT1cySXWHqPHoSOpfNOz6FS689Argpun8RSKV0aNlkQUxq', 'user/1710931555938.jpeg', NULL, '1', '0', NULL, '1', NULL, 'custom', NULL, NULL, NULL, NULL, NULL, NULL, NULL, NULL, '0', NULL, NULL, NULL, '2024-03-20 10:45:55', '2024-03-20 10:45:55', NULL),
(137, 3, 'user', 'User 2', 'user-2', 'user-2', 'user2@yopmail.com', '+1-2099216622', '$2a$10$SzJkTUq/HcQNBVyCqp89teUGq3uDbl5qUV6UVFrUINYyGGetsfe6q', 'user/1710932531890.png', NULL, '1', '0', NULL, '1', NULL, 'custom', NULL, NULL, NULL, NULL, NULL, NULL, NULL, NULL, '0', NULL, NULL, NULL, '2024-03-20 11:02:11', '2024-03-20 11:02:11', NULL),
(138, 3, 'user', 'User 4', 'user-4', 'user-4', 'user4@yopmail.com', '+1-2099216624', '$2a$10$X2ZYJmyPJq.SVbPpjC4ESeSSBx0ofxVWFdMBkrhmaaRjTpUxF6XPa', 'user/1710933101527.png', NULL, '1', '0', NULL, '1', NULL, 'custom', NULL, NULL, NULL, NULL, NULL, NULL, NULL, NULL, '0', NULL, NULL, NULL, '2024-03-20 11:11:41', '2024-03-20 11:11:41', NULL),
(139, 3, 'user', 'User 5', 'user-5', 'user-5', 'user5@yopmail.com', '+1-2099216625', '$2a$10$lA8wLFnluIq6pfcl7UUMmO26Hve1Gq51qZrEkLHolqJsAt4anIm2y', 'user/1710933211987.png', NULL, '1', '0', NULL, '1', NULL, 'custom', NULL, NULL, NULL, NULL, NULL, NULL, NULL, NULL, '0', NULL, NULL, '2024-03-27', '2024-03-20 11:13:31', '2024-03-20 11:13:31', NULL),
(140, 3, 'user', 'Johnson', 'johnson', 'johnson', 'justinb@yopmail.com', '+1-2025243651', '$2a$10$.knzJAJE2xAkpPdXQyYjhOyrqzOGB.UNHKBh6.aETLq5QPwyNKVwa', 'user/1710933519970.jpeg', NULL, '1', '0', NULL, '1', NULL, 'custom', NULL, NULL, NULL, NULL, NULL, NULL, NULL, NULL, '0', NULL, NULL, '2024-03-27', '2024-03-20 11:18:39', '2024-03-20 11:18:39', NULL),
(141, 3, 'user', 'Johnson', 'johnson1465', 'johnson1465', 'justin@yopmail.com', '+1-2025243652', '$2a$10$hSOHKAJ/yRbv16CpuqHBqeNqNNEhOmsMzH6Jqy47Kh5bztjbMXnMW', 'user/1710933559646.jpeg', NULL, '1', '0', NULL, '1', NULL, 'custom', NULL, NULL, NULL, NULL, NULL, NULL, NULL, NULL, '0', NULL, NULL, '2024-03-27', '2024-03-20 11:19:19', '2024-03-20 11:19:19', NULL),
(142, 3, 'user', 'Johnson', 'johnson1182', 'johnson1182', 'justin1@yopmail.com', '+1-2025243611', '$2a$10$cdp7x3fXWyHMapRKiYwozeTTJ6rfQqHXebME0ryr8L8WdSw/d.TlK', 'user/1710933574117.jpeg', NULL, '1', '0', NULL, '1', NULL, 'custom', NULL, NULL, NULL, NULL, NULL, NULL, NULL, NULL, '0', NULL, NULL, '2024-03-27', '2024-03-20 11:19:34', '2024-03-20 11:19:34', NULL),
(143, 3, 'user', 'Test', 'test1885', 'test1885', 'test@yopmail.xom', '+1-3433434343', '$2a$10$VtySqw/8EBxlbMX8iMewfu0ez48KI3yEYVGVtVI6V3dWHYzw9omSy', 'user/1710935455556.jpeg', NULL, '1', '0', NULL, '1', NULL, 'custom', NULL, NULL, NULL, NULL, NULL, NULL, NULL, NULL, '0', NULL, NULL, '2024-03-27', '2024-03-20 11:50:55', '2024-03-20 11:50:55', NULL),
(144, 3, 'user', 'Jack Ma', 'jack-ma', 'jack-ma', 'jackma@yopmail.com', '+1-2023691472', '$2a$10$T9FM92YWLP6x7HYlSI5yEOvILYDfLVkFz9Pd9Po90QBb6ZlXTNWxi', 'user/1711002980155.jpeg', NULL, '1', '0', NULL, '1', NULL, 'custom', NULL, NULL, NULL, NULL, NULL, NULL, NULL, NULL, '0', NULL, NULL, '2024-03-21', '2024-03-21 06:36:20', '2024-03-21 06:36:20', NULL),
(145, 2, 'user', 'Noah Rowe', 'noah-rowe', 'noah-rowe', 'noahrowe.87365@gmail.com', NULL, '$2a$10$WViC6pQSfVIbaOq3a2CV1.geumeGHE5ibY2VNQVeS2CMm0UwoQ9D2', 'https://lh3.googleusercontent.com/a/ACg8ocJ-bl1aGDAvdSD6atu-U6lY-4qBECt8GSAUXzJiJ-Q3=s96-c', NULL, '1', '1', '2024-03-21 10:56:44', '1', NULL, 'google', '113920408516719238245', NULL, NULL, NULL, NULL, NULL, NULL, NULL, '0', NULL, NULL, NULL, '2024-03-21 06:56:43', '2024-03-21 06:56:43', NULL),
(146, 2, 'user', 'Billie Wilkerson', 'billie-wilkerson', 'billie-wilkerson', 'billiewilkerson.88305@gmail.com', NULL, '$2a$10$iYODBpnQcKByuORASZ22w.bjSdExhK8Lj.i2BI/RUulAD0j1hcZLG', 'https://lh3.googleusercontent.com/a/ACg8ocI1rP4y7A2hP9WpSmcJa2SFETYbmcdVEiPuq1rI8rP7=s96-c', NULL, '1', '1', '2024-03-21 10:58:35', '1', NULL, 'google', '110793391436661946856', NULL, NULL, NULL, NULL, NULL, NULL, NULL, '0', NULL, NULL, NULL, '2024-03-21 06:58:34', '2024-03-21 06:58:34', NULL),
(147, 3, 'user', 'Jack Ma', 'jack-ma1715', 'jack-ma1715', 'jack@yopmail.com', '+1-2031452145', '$2a$10$Ztg0JUWGVklK6n2Cq4fGFOFnLNSf1Z55OpTAe0qkN/qbTjSpofi/q', 'user/1711005339143.jpeg', NULL, '1', '0', NULL, '1', NULL, 'custom', NULL, NULL, NULL, NULL, NULL, NULL, NULL, NULL, '0', NULL, NULL, '2024-03-21', '2024-03-21 07:15:39', '2024-03-21 07:15:39', NULL),
(148, 3, 'user', 'Jeff Bezos', 'jeff-bezos', 'jeff-bezos', 'jeff@yopmail.com', '+1-2039941118', '$2a$10$CHUwMiU5qUlnl3IJCnNEOuoadAjzJe8rxtTlIjIAjyyWzReBovlbu', 'user/1711005610527.jpeg', NULL, '1', '0', NULL, '1', NULL, 'custom', NULL, NULL, NULL, NULL, NULL, NULL, NULL, NULL, '0', NULL, NULL, '2024-03-21', '2024-03-21 07:20:10', '2024-03-21 07:20:10', NULL),
(149, 2, 'user', 'Nichole Harper', 'nichole-harper', 'nichole-harper', 'nicholeharper.75039@gmail.com', NULL, '$2a$10$RDPzbDv3Vn7fysFs57ldyOm/T.ZzJCz404KRJFChz9A5SyDFi/.dW', 'https://lh3.googleusercontent.com/a/ACg8ocLkeuYzsy_8BiFniO0wqBsaCSfEzjccUCLxWG3Uo8BI=s96-c', NULL, '1', '1', '2024-03-21 11:21:31', '1', NULL, 'google', '100585705164853736560', NULL, NULL, NULL, NULL, NULL, NULL, NULL, '0', NULL, NULL, NULL, '2024-03-21 07:21:31', '2024-03-21 07:21:31', NULL),
(150, 2, 'user', 'Jamie Hansen', 'jamie-hansen', 'jamie-hansen', 'jamiehansen.00171@gmail.com', NULL, '$2a$10$a2oRWrOLq708EXNxmn36su8PhsJx0k3s.QcWvrqPS5lL8d5fnOj6e', 'https://lh3.googleusercontent.com/a/ACg8ocKSpQyrlgCK_ttJ3UQkVOcKsRKjDX9YwD96q-sAGGXC=s96-c', NULL, '1', '1', '2024-03-21 11:24:54', '1', NULL, 'google', '108778358858083565375', NULL, NULL, NULL, NULL, NULL, NULL, NULL, '0', NULL, NULL, NULL, '2024-03-21 07:24:54', '2024-03-21 07:24:54', NULL),
(151, 2, 'user', 'Emilio Frank', 'emilio-frank', 'emilio-frank', 'emiliofrank.48620@gmail.com', NULL, '$2a$10$h/g5izkCzWndjXljpvh8gexi4QMXGO6VlMoBtadxCb84Upg89SPFm', 'https://lh3.googleusercontent.com/a/ACg8ocKLslH3FoQSKMWQVNPNBPsq8O3YrS29tAMFNaTx70Q6=s96-c', NULL, '1', '1', '2024-03-21 11:35:23', '1', NULL, 'google', '106132896611161806844', NULL, NULL, NULL, NULL, NULL, NULL, NULL, '0', NULL, NULL, NULL, '2024-03-21 07:35:23', '2024-03-21 07:35:23', NULL),
(152, 2, 'user', 'Ali Razaaa', 'ali-razaaa', 'ali-razaaa', 'ali.raza3@yopmail.com', NULL, '$2a$10$t11tpuDxD6Su0axAcnp.SO5eqHLwDc0HQdHzvwpg7JC1achMkCis6', 'https://www.pngfind.com/pngs/m/610-6104451_image-placeholder-png-user-profile-placeholder-image-png.png', NULL, '1', '1', '2024-03-22 10:57:10', '1', NULL, 'google', '1234567890', NULL, NULL, NULL, NULL, NULL, NULL, NULL, '0', NULL, NULL, NULL, '2024-03-22 06:57:10', '2024-03-22 06:57:10', NULL),
(153, 2, 'user', 'Robin Carson', 'robin-carson', 'robin-carson', 'robincarson.90087@gmail.com', NULL, '$2a$10$J7gWcgx8m5EdyBOoRPfiB.Ro5H1oTHVCC.3h0FZLLT1JTREKBXFOC', 'https://lh3.googleusercontent.com/a/ACg8ocJ4q0mfrQ6WkvTZOmC3RBxabkmZ9D2L84XVHVaKh2Ob=s96-c', NULL, '1', '1', '2024-03-22 13:22:19', '1', NULL, 'google', '110172028103980851406', NULL, NULL, NULL, NULL, NULL, NULL, NULL, '0', NULL, NULL, '2024-03-22', '2024-03-22 09:22:18', '2024-03-22 09:22:18', NULL),
(154, 2, 'user', 'Christia Coyne', 'christia-coyne', 'christia-coyne', 'christiacoyne.94413@gmail.com', NULL, '$2a$10$WrM22jQh.dEaaUMFuG55POfLuT2.5Tr9D0GsYpD2zJTyhzw5VlBWa', 'https://lh3.googleusercontent.com/a/ACg8ocJ5eWd1uLokq1XEHXjfEju108JNuQp_rv_hUKpWFL8t=s96-c', NULL, '1', '1', '2024-03-22 13:24:08', '1', NULL, 'google', '109342092653077806323', NULL, NULL, NULL, NULL, NULL, NULL, NULL, '0', NULL, NULL, '2024-03-22', '2024-03-22 09:24:07', '2024-03-22 09:24:07', NULL),
(155, 2, 'user', 'dev dev', 'dev-dev', 'dev-dev', 'developertest963@gmail.com', NULL, '$2a$10$q1kNSrLCvVCQsXI3C2kyZeR9G34xr1SupoEf1K5nG/gAEm9MI4ewm', 'https://lh3.googleusercontent.com/a/ACg8ocIp7Q1NLB2CzzjtQjAkMwD-yPSMprlRCUC2JhgKtopq=s96-c', NULL, '1', '1', '2024-03-22 15:02:56', '1', NULL, 'google', '102131293845631615128', NULL, NULL, NULL, NULL, NULL, NULL, NULL, '0', NULL, NULL, '2024-03-22', '2024-03-22 11:02:56', '2024-03-22 11:02:56', NULL),
(156, 3, 'user', 'Mack', 'mack', 'mack', 'mac@yopmail.com', '+1-2026464649', '$2a$10$HdIs5X951SH5ozdqb3hy1eIfc15EMgBxSXnZIeAK/4c5zzgT5drKC', 'user/1711349561926.jpeg', NULL, '1', '0', NULL, '1', NULL, 'custom', NULL, NULL, NULL, NULL, NULL, NULL, NULL, NULL, '0', NULL, NULL, '2024-04-25', '2024-03-25 06:52:41', '2024-03-25 06:52:41', NULL),
(157, 3, 'user', 'Testyy', 'testyy', 'testyy', 'test@test.com', '+1-2587413698', '$2a$10$oN8mgatTQdSo0hpg3crIFOT8TTGJ0/1izgxokQl.bsQqLqLjT21Qu', 'user/1711360225350.jpeg', NULL, '1', '0', NULL, '1', NULL, 'custom', NULL, NULL, NULL, NULL, NULL, NULL, NULL, NULL, '0', NULL, NULL, '2024-04-25', '2024-03-25 09:50:25', '2024-03-25 09:50:25', NULL),
(158, 3, 'user', 'Pack', 'pack', 'pack', 'pack@yopmail.com', '+1-2022020203', '$2a$10$XAaOk3SB3J31TrP6gIqZb.dHWvg8fFD7lAiSx6qcWQYpVYs6U.1Li', 'user/1711360750407.jpeg', NULL, '1', '0', NULL, '1', NULL, 'custom', NULL, NULL, NULL, NULL, NULL, NULL, NULL, NULL, '0', NULL, NULL, '2024-03-25', '2024-03-25 09:59:10', '2024-03-25 09:59:10', NULL),
(159, 3, 'user', 'Testypp', 'testypp', 'testypp', 'testy@test.com', '+1-1472583698', '$2a$10$3YLhOtsF.o48aqFg6uZPLu25PegPBI7ZtK15zR9dgIG7Ba8whTHM2', 'user/1711360845786.jpeg', NULL, '1', '0', NULL, '1', NULL, 'custom', NULL, NULL, NULL, NULL, NULL, NULL, NULL, NULL, '0', NULL, NULL, '2024-09-25', '2024-03-25 10:00:45', '2024-03-25 10:00:45', NULL),
(160, 3, 'user', 'Testlll', 'testlll', 'testlll', 'te@et.com', '+1-1364973134', '$2a$10$zFD.tmf9hSHAzJP540NjGuCrBw0QUhE7e3ymKP/LBMsXE9cgXH/XW', 'user/1711361753062.jpeg', NULL, '1', '0', NULL, '1', NULL, 'custom', NULL, NULL, NULL, NULL, NULL, NULL, NULL, NULL, '0', NULL, NULL, '2024-03-25', '2024-03-25 10:15:53', '2024-03-25 10:15:53', NULL),
(161, 3, 'user', 'Posss', 'posss', 'posss', 'pos@p.com', '+1-4949767637', '$2a$10$2/EtHYUGEmrb0x0cap2hi.3tmCPbSuDmNDKUpwzbz1ylFuaMA616m', 'user/1711362288768.jpeg', NULL, '1', '0', NULL, '1', NULL, 'custom', NULL, NULL, NULL, NULL, NULL, NULL, NULL, NULL, '0', NULL, NULL, '2024-04-25', '2024-03-25 10:24:48', '2024-03-25 10:24:48', NULL),
(162, 3, 'user', 'Kak', 'kak', 'kak', 'ka@k.com', '+1-3695284741', '$2a$10$qeGQNChHWBzIAfmqiyl0Du7NRhGien68.mRW6F.uiKHmRPexriR7G', 'user/1711366102158.jpeg', NULL, '1', '0', NULL, '1', NULL, 'custom', NULL, NULL, NULL, NULL, NULL, NULL, NULL, NULL, '0', NULL, NULL, '2024-09-25', '2024-03-25 11:28:22', '2024-03-25 11:28:22', NULL),
(163, 2, 'user', 'Merle Gross', 'merle-gross', 'merle-gross', 'merlegross.06706@gmail.com', NULL, '$2a$10$OFXLcOJKNqDaFRPl8evxuOasXcsJZ9fOjx8wh0XG9v.r9Ued/wB/O', 'https://lh3.googleusercontent.com/a/ACg8ocKQXXx72WPMKO0UuH3bCZWHqEwZx6N4rf7-tB5zc8_1=s96-c', NULL, '1', '1', '2024-03-25 16:16:18', '1', NULL, 'google', '112830213137995659650', NULL, NULL, NULL, NULL, NULL, NULL, NULL, '0', NULL, NULL, '2024-03-25', '2024-03-25 12:16:18', '2024-03-25 12:16:18', NULL),
(164, 2, 'user', 'Maurice Daniels', 'maurice-daniels', 'maurice-daniels', 'mauricedaniels.87289@gmail.com', NULL, '$2a$10$AmyfrBqoNw0bdUiunDrE.ONjFNQS5phuFhC8mz3H9/k70hOVI1cYq', 'https://lh3.googleusercontent.com/a/ACg8ocJ5U6oLOR33zN4w2tEjRgOFPB1K1s78FfYR_rNgM-yL=s96-c', NULL, '1', '1', '2024-03-25 16:18:47', '1', NULL, 'google', '108604993489609283258', NULL, NULL, NULL, NULL, NULL, NULL, NULL, '0', NULL, NULL, '2024-03-25', '2024-03-25 12:18:46', '2024-03-25 12:18:46', NULL),
(165, 3, 'user', 'Joe ', 'joe-', 'joe-', 'joe@yopmail.com', '+1-2022022222', '$2a$10$FisUu9FDf/ljTpfT4XnwZOE62/sVrzeN3x8C1J/jk0Obn0QqmUrNW', 'user/1711372551895.jpeg', NULL, '1', '0', NULL, '1', NULL, 'custom', NULL, NULL, NULL, NULL, NULL, NULL, NULL, NULL, '0', NULL, NULL, '2024-03-25', '2024-03-25 13:15:51', '2024-03-25 13:15:51', NULL),
(166, 3, 'user', 'Jos', 'jos', 'jos', 'jos@yopmail.com', '+1-2021345672', '$2a$10$kBZbqvizBjl1nqa29hepUOS9mzGSO2k759ZtCAIJT5nSN9sQYL5ly', 'user/1711372748767.jpeg', NULL, '1', '0', NULL, '1', NULL, 'custom', NULL, NULL, NULL, NULL, NULL, NULL, NULL, NULL, '0', NULL, NULL, '2024-03-25', '2024-03-25 13:19:08', '2024-03-25 13:19:08', NULL),
(167, 2, 'user', 'Hinfin', 'hinfin', 'hinfin', 'hinfin476@gmail.com', NULL, '$2a$10$mAXucg7LVm9zV2vce62GseJgH5yPR4d0ociyxktrfUtbQiD55OTJ6', 'https://lh3.googleusercontent.com/a/ACg8ocKTtzU5SPv8-5wZMKybQ33KJ0Jax8G5RMPpO2nnH7c=s96-c', NULL, '1', '1', '2024-03-25 17:32:05', '1', NULL, 'google', '101367490092929551797', NULL, NULL, NULL, NULL, NULL, NULL, NULL, '0', NULL, NULL, '2024-03-25', '2024-03-25 13:32:04', '2024-03-25 13:32:04', NULL),
(171, 2, 'user', 'Wanda Terry', 'wanda-terry', 'wanda-terry', 'wandaterry.59385@gmail.com', NULL, '$2a$10$DqmX1amKcaFRcbdO9Rbz4.YVEULZVvrU.cQ3o9BYiqv2Q1L8XNWUO', 'https://lh3.googleusercontent.com/a/ACg8ocI39PZwszGefAvuRKWv5GIFBMdSQtiRJolKfraKeaJH=s96-c', NULL, '1', '1', '2024-03-26 15:46:59', '1', NULL, 'google', '109986061225181056278', NULL, NULL, NULL, NULL, NULL, NULL, NULL, '0', NULL, NULL, '2024-03-26', '2024-03-26 11:46:59', '2024-03-26 11:46:59', NULL),
(175, 2, 'user', 'A B', 'a-b', 'a-b', 'admin@reckonmediallc.com', NULL, '$2a$10$hZXz.7gJD8uvmExbVeui6eN7.xzmqcJ3fKXIXCKOMNOFT2Q8km/Mu', NULL, NULL, '1', '1', '2024-03-27 10:48:17', '1', NULL, 'apple', '000272.550257143aa84eeba98a8eab288065e4.0729', NULL, NULL, NULL, NULL, NULL, NULL, NULL, '0', NULL, NULL, '2024-03-27', '2024-03-27 06:48:17', '2024-03-27 06:48:17', NULL),
(177, 3, 'user', 'Matt', 'matt', 'matt', 'matt@yopmail.com', '+1-2023614231', '$2a$10$senXdgghMzIoZnxo88l5Quj47LzB4aiZQqReQaOXo/go11XPnPBiu', 'user/1711531318344.jpeg', NULL, '1', '0', NULL, '1', NULL, 'custom', NULL, NULL, NULL, NULL, NULL, NULL, NULL, NULL, '0', NULL, NULL, '2025-03-27', '2024-03-27 09:21:58', '2024-03-27 09:39:22', NULL),
(178, 2, 'user', 'Dominick Lucas', 'dominick-lucas', 'dominick-lucas', 'dominicklucas.03808@gmail.com', NULL, '$2a$10$zuDy/Nvuv.1gGFm0fNxcpe0560aAL/c1c9HwEdtUKmoP7WovFf8KS', 'https://lh3.googleusercontent.com/a/ACg8ocI4kDl_T8UzWlato06LuJ2W3CSgUMZWqvAGxV7SyNmv=s96-c', NULL, '1', '1', '2024-03-27 13:23:50', '1', NULL, 'google', '108547507778552876500', NULL, NULL, NULL, NULL, NULL, NULL, NULL, '0', NULL, NULL, '2024-03-27', '2024-03-27 09:23:50', '2024-03-27 09:23:50', NULL),
(179, 2, 'user', 'Jean Boyd', 'jean-boyd', 'jean-boyd', 'jeanboyd.59197@gmail.com', NULL, '$2a$10$w7o1PZE..QoG1bf2gmUEBOGDUrep6t3oK1ujOkK0iuHay.vPVg7zC', 'https://lh3.googleusercontent.com/a/ACg8ocJlmoFpVTur3rLLsUKQKBXAkeNfhkPwCEyEil7mXqd9=s96-c', NULL, '1', '1', '2024-03-27 13:33:06', '1', NULL, 'google', '118052356920088485785', NULL, NULL, NULL, NULL, NULL, NULL, NULL, '0', NULL, NULL, '2024-03-27', '2024-03-27 09:33:06', '2024-03-27 09:33:06', NULL),
(181, 3, 'user', 'Tyo', 'tyo', 'tyo', 'tyo@t.com', '+1-1946372158', '$2a$10$grNRXGeGT1lHEM41jmaiR.jW.k1f858lGBlcOtymoOO.pQXoWRmt2', 'user/1711535092717.jpeg', NULL, '1', '0', NULL, '1', NULL, 'custom', NULL, NULL, NULL, NULL, NULL, NULL, NULL, NULL, '0', NULL, NULL, '2025-03-27', '2024-03-27 10:24:52', '2024-03-27 10:24:52', NULL),
(182, 3, 'user', 'Yop', 'yop', 'yop', 'yop@yop.com', '+1-1245434664', '$2a$10$0BhIWBRGaCHYwhrQsofs7uSkqJ10rkIFD5PVtaa5QBna9lR/yBB8.', 'user/1711536498354.jpeg', NULL, '1', '0', NULL, '1', NULL, 'custom', NULL, NULL, NULL, NULL, NULL, NULL, NULL, NULL, '0', NULL, NULL, '2024-03-27', '2024-03-27 10:48:18', '2024-03-27 10:48:18', NULL),
(183, 3, 'user', 'Yap', 'yap', 'yap', 'yap@y.com', '+1-4946373737', '$2a$10$uKNN6Yr.ErYO4wECQ2xJWuapNJMdsIuyQKKo7wHu75T6hafNM.5VK', 'user/1711537215363.jpeg', NULL, '1', '0', NULL, '1', NULL, 'custom', NULL, NULL, NULL, NULL, NULL, NULL, NULL, NULL, '0', NULL, NULL, '2024-03-27', '2024-03-27 11:00:15', '2024-03-27 11:00:15', NULL),
(184, 2, 'user', 'Jack Turner', 'jack-turner', 'jack-turner', 'tester2019001@gmail.com', NULL, '$2a$10$B3lFyVmhCPnW/30YLFNjo.fZgKeeKAznGqHNZUkgV9xEFvLrj27WS', 'https://lh3.googleusercontent.com/a/ACg8ocKx1tvXc89ozKg_vDvPVkmaySLuBvR2UZ0WZZVHhTYsaFo=s1337', NULL, '1', '1', '2024-03-27 15:14:35', '1', NULL, 'google', '102998899681570649958', NULL, NULL, NULL, NULL, NULL, NULL, NULL, '0', NULL, NULL, '2025-03-29', '2024-03-27 11:14:34', '2024-03-27 11:14:34', NULL),
(185, 3, 'user', 'Pop', 'pop', 'pop', 'pop@p.com', '+1-8154555454', '$2a$10$WITAtKqi6R.MJ0WqlWqUG.WV0UaQcGe/rzm59h2iHhd/0nX/V3pfi', 'user/1711541119356.jpeg', NULL, '1', '0', NULL, '1', NULL, 'custom', NULL, NULL, NULL, NULL, NULL, NULL, NULL, NULL, '0', NULL, NULL, '2024-03-27', '2024-03-27 12:05:19', '2024-03-27 12:05:19', NULL),
(186, 2, 'user', 'Samantha Sharp', 'samantha-sharp', 'samantha-sharp', 'samanthasharp.02458@gmail.com', NULL, '$2a$10$GHbI1OqIhbNlK7XCvKaDAO3LYcd7J/aBGnqZIV5IwZrle90w7a39G', 'https://lh3.googleusercontent.com/a/ACg8ocIZOOjOUF6wcEXtw48rzpIRyHr48aWha-jeJQ6Pr2Ro=s96-c', NULL, '1', '1', '2024-03-27 17:07:32', '1', NULL, 'google', '100813721445999080803', NULL, NULL, NULL, NULL, NULL, NULL, NULL, '0', NULL, NULL, '2024-03-27', '2024-03-27 13:07:32', '2024-03-27 13:07:32', NULL),
(187, 3, 'user', 'Sam', 'sam', 'sam', 'sam@yopmail.com', '+1-2024649780', '$2a$10$YIazrzhPdFAVfYzMfwBtUe8omx29zi2QhxYWgx87KFjVTAdDYrR0W', 'user/1711545902101.jpeg', NULL, '1', '0', NULL, '1', NULL, 'custom', NULL, NULL, NULL, NULL, NULL, NULL, NULL, NULL, '0', NULL, NULL, '2024-03-27', '2024-03-27 13:25:02', '2024-03-27 13:25:02', NULL),
(188, 2, 'user', 'Lynda Hart', 'lynda-hart', 'lynda-hart', 'lyndahart.01615@gmail.com', NULL, '$2a$10$EyJZqj6me30HSIfhZR.O/uSOoxlJY9QP2kHZkA/JH7/amnA5An3v.', 'https://lh3.googleusercontent.com/a/ACg8ocIzdKMdO8VcWPKwDZSsAvyV3gJATZKFBwCxNmjV5ok5=s96-c', NULL, '1', '1', '2024-03-27 21:19:19', '1', NULL, 'google', '109709133881832078880', NULL, NULL, NULL, NULL, NULL, NULL, NULL, '0', NULL, NULL, '2024-03-27', '2024-03-27 17:19:18', '2024-03-27 17:19:18', NULL),
(189, 3, 'user', 'Lol', 'lol', 'lol', 'lol@l.con', '+1-6467673373', '$2a$10$RuIefLFXZiR5Un8KVqKYBOUWKAJwhwkxQaj12ur5ZHYybetQXugm2', 'user/1711710036577.jpeg', NULL, '1', '0', NULL, '1', NULL, 'custom', NULL, NULL, NULL, NULL, NULL, NULL, NULL, NULL, '0', NULL, NULL, '2024-03-29', '2024-03-29 11:00:36', '2024-03-29 11:00:36', NULL),
(190, 3, 'user', 'Asfg', 'asfg', 'asfg', 'jak@yopmail.com', '+1-2034167542', '$2a$10$PLROrTiCK9ZCa5KfBrn3UewUdrDmIaAW2Hp7YrPYlpzJOZRAF9.mG', 'user/1711710312971.jpeg', NULL, '1', '0', NULL, '1', NULL, 'custom', NULL, NULL, NULL, NULL, NULL, NULL, NULL, NULL, '0', NULL, NULL, '2024-03-29', '2024-03-29 11:05:12', '2024-03-29 11:05:12', NULL),
(191, 2, 'user', 'null', 'null', 'null', 'stephaniareedy.92719@gmail.com', NULL, '$2a$10$a.QX5NO/EO4bWZQ.Zww/auz4Hez2aLGWHT0QIQSsBwydJAozA8a0u', NULL, NULL, '1', '1', '2024-03-29 15:32:30', '1', NULL, 'google', '107628715109142922318', NULL, NULL, NULL, NULL, NULL, NULL, NULL, '0', NULL, NULL, '2024-03-29', '2024-03-29 11:32:29', '2024-03-29 11:32:29', NULL),
(192, 2, 'user', 'null', 'null1918', 'null1918', 'cherishenos.24659@gmail.com', NULL, '$2a$10$VASSpNdDeqGs19x0yKBcN.hagYX1o3qRuYzEIQBDFruuAO0RajPH6', NULL, NULL, '1', '1', '2024-03-29 15:35:59', '1', NULL, 'google', '116813870359526169758', NULL, NULL, NULL, NULL, NULL, NULL, NULL, '0', NULL, NULL, '2024-03-29', '2024-03-29 11:35:59', '2024-03-29 11:35:59', NULL),
(193, 2, 'user', 'Retro Cube', 'retro-cube', 'retro-cube', 'developer@retrocube.com', NULL, '$2a$10$alBTDJUgXdDc48OxQksOEu2YbydKAUrnDPKKP4B.xma/ybdnJ0FPe', NULL, NULL, '1', '1', '2024-03-29 15:40:27', '1', NULL, 'apple', '001046.4af7c99537154e2e87bbc5b57a5218eb.0749', NULL, NULL, NULL, NULL, NULL, NULL, NULL, '0', NULL, NULL, '2024-09-29', '2024-03-29 11:40:27', '2024-03-29 11:40:27', NULL),
(194, 2, 'user', 'null', 'null1550', 'null1550', 'larryyates.15488@gmail.com', NULL, '$2a$10$Bp13ruhy1vepA4cbzyPeTOBA4NQ5Eu2huIQn3QRRT.snZpCOzbsBa', NULL, NULL, '1', '1', '2024-04-01 16:33:34', '1', NULL, 'google', '114239273096612120862', NULL, NULL, NULL, NULL, NULL, NULL, NULL, '0', NULL, NULL, '2024-04-01', '2024-04-01 12:33:34', '2024-04-01 12:33:34', NULL);

-- --------------------------------------------------------

--
-- Table structure for table `user_api_tokens`
--

CREATE TABLE `user_api_tokens` (
  `id` int(10) UNSIGNED NOT NULL,
  `user_id` int(10) UNSIGNED DEFAULT NULL,
  `api_token` mediumtext COLLATE utf8mb4_unicode_ci NOT NULL,
  `device_type` varchar(100) COLLATE utf8mb4_unicode_ci DEFAULT NULL,
  `device_token` varchar(255) COLLATE utf8mb4_unicode_ci DEFAULT NULL,
  `platform_type` varchar(100) COLLATE utf8mb4_unicode_ci DEFAULT NULL,
  `platform_id` varchar(255) COLLATE utf8mb4_unicode_ci DEFAULT NULL,
  `ip_address` varchar(100) COLLATE utf8mb4_unicode_ci DEFAULT NULL,
  `user_agent` mediumtext COLLATE utf8mb4_unicode_ci,
  `created_at` datetime DEFAULT NULL,
  `updated_at` datetime DEFAULT NULL,
  `deleted_at` timestamp NULL DEFAULT NULL
) ENGINE=InnoDB DEFAULT CHARSET=utf8mb4 COLLATE=utf8mb4_unicode_ci;

--
-- Dumping data for table `user_api_tokens`
--

INSERT INTO `user_api_tokens` (`id`, `user_id`, `api_token`, `device_type`, `device_token`, `platform_type`, `platform_id`, `ip_address`, `user_agent`, `created_at`, `updated_at`, `deleted_at`) VALUES
(1, 84, 'eyJhbGciOiJIUzI1NiIsInR5cCI6IkpXVCJ9.eyJlbWFpbCI6ImtjMUB5b3BtYWlsLmNvbSIsImlhdCI6MTcwNTA1ODA3MSwiZXhwIjoxNzA1NjYyODcxLCJpc3MiOiI1OTIwMDc0OC0zNmZjLTI3NDQtMzU1LThjMTI4MWY3ZmNkMiIsInN1YiI6IjU5MjAwNzQ4LTM2ZmMtMjc0NC0zNTUtOGMxMjgxZjdmY2QyIiwianRpIjoia2MxQHlvcG1haWwuY29tIn0.2KmfypnhQ6SIRYKxn4GZY0yHgznYowzwgor-MZZzYlI', 'android', NULL, 'custom', NULL, '182.176.179.165', 'Dart/2.18 (dart:io)', '2024-01-12 11:14:31', NULL, NULL),
(2, 85, 'eyJhbGciOiJIUzI1NiIsInR5cCI6IkpXVCJ9.eyJlbWFpbCI6ImtjMkB5b3BtYWlsLmNvbSIsImlhdCI6MTcwNTA1ODEyNiwiZXhwIjoxNzA1NjYyOTI2LCJpc3MiOiI1OTIwMDc0OC0zNmZjLTI3NDQtMzU1LThjMTI4MWY3ZmNkMiIsInN1YiI6IjU5MjAwNzQ4LTM2ZmMtMjc0NC0zNTUtOGMxMjgxZjdmY2QyIiwianRpIjoia2MyQHlvcG1haWwuY29tIn0.MvrJashvcMkKvP-ikStLZlnQ-SIM528eJ4HWCm7bwj4', 'ios', NULL, 'custom', NULL, '182.176.179.165', 'Dart/2.18 (dart:io)', '2024-01-12 11:15:26', NULL, NULL),
(3, 85, 'eyJhbGciOiJIUzI1NiIsInR5cCI6IkpXVCJ9.eyJlbWFpbCI6ImtjMkB5b3BtYWlsLmNvbSIsImlhdCI6MTcwNTA1ODI3MiwiZXhwIjoxNzA1NjYzMDcyLCJpc3MiOiI1OTIwMDc0OC0zNmZjLTI3NDQtMzU1LThjMTI4MWY3ZmNkMiIsInN1YiI6IjU5MjAwNzQ4LTM2ZmMtMjc0NC0zNTUtOGMxMjgxZjdmY2QyIiwianRpIjoia2MyQHlvcG1haWwuY29tIn0.Pd_GHVoxL9yicIWMZGvoqiOESupI_HMDNzN6NzbZYso', 'ios', NULL, 'custom', NULL, '182.176.179.165', 'Dart/2.18 (dart:io)', '2024-01-12 11:17:53', NULL, NULL),
(4, 84, 'eyJhbGciOiJIUzI1NiIsInR5cCI6IkpXVCJ9.eyJlbWFpbCI6ImtjMUB5b3BtYWlsLmNvbSIsImlhdCI6MTcwNTA1ODYwMiwiZXhwIjoxNzA1NjYzNDAyLCJpc3MiOiI1OTIwMDc0OC0zNmZjLTI3NDQtMzU1LThjMTI4MWY3ZmNkMiIsInN1YiI6IjU5MjAwNzQ4LTM2ZmMtMjc0NC0zNTUtOGMxMjgxZjdmY2QyIiwianRpIjoia2MxQHlvcG1haWwuY29tIn0.cxHk3I2aQEJmy5mujCHXuNi5UpA1TX_PLhUQtsQazw0', 'android', NULL, 'custom', NULL, '182.176.179.165', 'Dart/2.18 (dart:io)', '2024-01-12 11:23:23', NULL, NULL),
(5, 84, 'eyJhbGciOiJIUzI1NiIsInR5cCI6IkpXVCJ9.eyJlbWFpbCI6ImtjMUB5b3BtYWlsLmNvbSIsImlhdCI6MTcwNTA1OTY3OSwiZXhwIjoxNzA1NjY0NDc5LCJpc3MiOiI1OTIwMDc0OC0zNmZjLTI3NDQtMzU1LThjMTI4MWY3ZmNkMiIsInN1YiI6IjU5MjAwNzQ4LTM2ZmMtMjc0NC0zNTUtOGMxMjgxZjdmY2QyIiwianRpIjoia2MxQHlvcG1haWwuY29tIn0.xjpHis_5fZ9icVNv3Adb22H765rkD3XKK2wD1ofdWFw', 'android', NULL, 'custom', NULL, '182.176.179.165', 'Dart/2.18 (dart:io)', '2024-01-12 11:41:19', NULL, NULL),
(6, 84, 'eyJhbGciOiJIUzI1NiIsInR5cCI6IkpXVCJ9.eyJlbWFpbCI6IktjMUB5b3BtYWlsLmNvbSIsImlhdCI6MTcwNTA1OTkxNywiZXhwIjoxNzA1NjY0NzE3LCJpc3MiOiI1OTIwMDc0OC0zNmZjLTI3NDQtMzU1LThjMTI4MWY3ZmNkMiIsInN1YiI6IjU5MjAwNzQ4LTM2ZmMtMjc0NC0zNTUtOGMxMjgxZjdmY2QyIiwianRpIjoiS2MxQHlvcG1haWwuY29tIn0.AiNdebTAvVz6vQEbUdkA2X8uVijWz-QNBcWGThJILQs', 'android', NULL, 'custom', NULL, '182.176.179.165', 'Dart/2.18 (dart:io)', '2024-01-12 11:45:18', NULL, NULL),
(7, 84, 'eyJhbGciOiJIUzI1NiIsInR5cCI6IkpXVCJ9.eyJlbWFpbCI6IktjMUB5b3BtYWlsLmNvbSIsImlhdCI6MTcwNTA2MTU4MiwiZXhwIjoxNzA1NjY2MzgyLCJpc3MiOiI1OTIwMDc0OC0zNmZjLTI3NDQtMzU1LThjMTI4MWY3ZmNkMiIsInN1YiI6IjU5MjAwNzQ4LTM2ZmMtMjc0NC0zNTUtOGMxMjgxZjdmY2QyIiwianRpIjoiS2MxQHlvcG1haWwuY29tIn0.-uoWe3j2coR6FSyrPPhrP7v8GHYV3MHeN624ZKqktVg', 'android', NULL, 'custom', NULL, '182.176.179.165', 'Dart/2.18 (dart:io)', '2024-01-12 12:13:02', NULL, NULL),
(8, 84, 'eyJhbGciOiJIUzI1NiIsInR5cCI6IkpXVCJ9.eyJlbWFpbCI6IktjMUB5b3BtYWlsLmNvbSIsImlhdCI6MTcwNTA2MTgwMywiZXhwIjoxNzA1NjY2NjAzLCJpc3MiOiI1OTIwMDc0OC0zNmZjLTI3NDQtMzU1LThjMTI4MWY3ZmNkMiIsInN1YiI6IjU5MjAwNzQ4LTM2ZmMtMjc0NC0zNTUtOGMxMjgxZjdmY2QyIiwianRpIjoiS2MxQHlvcG1haWwuY29tIn0.Mkf337qhj31EycPSFkWpvn8gWz4-LIg7-4-ZGrfcDQw', 'android', NULL, 'custom', NULL, '182.176.179.165', 'Dart/2.18 (dart:io)', '2024-01-12 12:16:43', NULL, NULL),
(9, 84, 'eyJhbGciOiJIUzI1NiIsInR5cCI6IkpXVCJ9.eyJlbWFpbCI6IktjMUB5b3BtYWlsLmNvbSIsImlhdCI6MTcwNTA2MTg3NCwiZXhwIjoxNzA1NjY2Njc0LCJpc3MiOiI1OTIwMDc0OC0zNmZjLTI3NDQtMzU1LThjMTI4MWY3ZmNkMiIsInN1YiI6IjU5MjAwNzQ4LTM2ZmMtMjc0NC0zNTUtOGMxMjgxZjdmY2QyIiwianRpIjoiS2MxQHlvcG1haWwuY29tIn0.If6-IIw4snZyn2qXaabzM3o9iJR0PYUFRsDOTMpM9Jk', 'android', NULL, 'custom', NULL, '182.176.179.165', 'Dart/2.18 (dart:io)', '2024-01-12 12:17:54', NULL, NULL),
(10, 84, 'eyJhbGciOiJIUzI1NiIsInR5cCI6IkpXVCJ9.eyJlbWFpbCI6ImtjMUB5b3BtYWlsLmNvbSIsImlhdCI6MTcwNTA2MTk2NywiZXhwIjoxNzA1NjY2NzY3LCJpc3MiOiI1OTIwMDc0OC0zNmZjLTI3NDQtMzU1LThjMTI4MWY3ZmNkMiIsInN1YiI6IjU5MjAwNzQ4LTM2ZmMtMjc0NC0zNTUtOGMxMjgxZjdmY2QyIiwianRpIjoia2MxQHlvcG1haWwuY29tIn0.POeziS3TJ9wbWjBhA1SGLzApiKMXUDDTHSMLwdW9qIw', 'android', NULL, 'custom', NULL, '182.176.179.165', 'Dart/2.18 (dart:io)', '2024-01-12 12:19:28', NULL, NULL),
(11, 84, 'eyJhbGciOiJIUzI1NiIsInR5cCI6IkpXVCJ9.eyJlbWFpbCI6ImtjMUB5b3BtYWlsLmNvbSIsImlhdCI6MTcwNTA2MjA4NywiZXhwIjoxNzA1NjY2ODg3LCJpc3MiOiI1OTIwMDc0OC0zNmZjLTI3NDQtMzU1LThjMTI4MWY3ZmNkMiIsInN1YiI6IjU5MjAwNzQ4LTM2ZmMtMjc0NC0zNTUtOGMxMjgxZjdmY2QyIiwianRpIjoia2MxQHlvcG1haWwuY29tIn0.QEQe84athAbEuZx-vQXFDLqgiJqquoGlgCto_Ycz9Mg', 'android', NULL, 'custom', NULL, '182.176.179.165', 'Dart/2.18 (dart:io)', '2024-01-12 12:21:27', NULL, NULL),
(12, 84, 'eyJhbGciOiJIUzI1NiIsInR5cCI6IkpXVCJ9.eyJlbWFpbCI6IktjMUB5b3BtYWlsLmNvbSIsImlhdCI6MTcwNTA2MjQ1NCwiZXhwIjoxNzA1NjY3MjU0LCJpc3MiOiI1OTIwMDc0OC0zNmZjLTI3NDQtMzU1LThjMTI4MWY3ZmNkMiIsInN1YiI6IjU5MjAwNzQ4LTM2ZmMtMjc0NC0zNTUtOGMxMjgxZjdmY2QyIiwianRpIjoiS2MxQHlvcG1haWwuY29tIn0.-yHl0eN_5H6fkxPtDkoX_Rplz0wUoYaqTJg0l4d-8lY', 'android', NULL, 'custom', NULL, '182.176.179.165', 'Dart/2.18 (dart:io)', '2024-01-12 12:27:34', NULL, NULL),
(13, 85, 'eyJhbGciOiJIUzI1NiIsInR5cCI6IkpXVCJ9.eyJlbWFpbCI6ImtjMkB5b3BtYWlsLmNvbSIsImlhdCI6MTcwNTA2MjQ4MSwiZXhwIjoxNzA1NjY3MjgxLCJpc3MiOiI1OTIwMDc0OC0zNmZjLTI3NDQtMzU1LThjMTI4MWY3ZmNkMiIsInN1YiI6IjU5MjAwNzQ4LTM2ZmMtMjc0NC0zNTUtOGMxMjgxZjdmY2QyIiwianRpIjoia2MyQHlvcG1haWwuY29tIn0.E7GRRl8u2HUrNfi1fteW0JUaQWu-3QNtwMhl-7blTtk', 'android', NULL, 'custom', NULL, '182.176.179.165', 'Dart/2.18 (dart:io)', '2024-01-12 12:28:01', NULL, NULL),
(14, 84, 'eyJhbGciOiJIUzI1NiIsInR5cCI6IkpXVCJ9.eyJlbWFpbCI6IktjMUB5b3BtYWlsLmNvbSIsImlhdCI6MTcwNTA2MjYyMiwiZXhwIjoxNzA1NjY3NDIyLCJpc3MiOiI1OTIwMDc0OC0zNmZjLTI3NDQtMzU1LThjMTI4MWY3ZmNkMiIsInN1YiI6IjU5MjAwNzQ4LTM2ZmMtMjc0NC0zNTUtOGMxMjgxZjdmY2QyIiwianRpIjoiS2MxQHlvcG1haWwuY29tIn0.bKT0MxVzCfIhleUH0o46kwe3_AS6QqWLt5bIRaupgUw', 'android', NULL, 'custom', NULL, '182.176.179.165', 'Dart/2.18 (dart:io)', '2024-01-12 12:30:22', NULL, NULL),
(15, 84, 'eyJhbGciOiJIUzI1NiIsInR5cCI6IkpXVCJ9.eyJlbWFpbCI6ImtjMUB5b3BtYWlsLmNvbSIsImlhdCI6MTcwNTA2MjY5OCwiZXhwIjoxNzA1NjY3NDk4LCJpc3MiOiI1OTIwMDc0OC0zNmZjLTI3NDQtMzU1LThjMTI4MWY3ZmNkMiIsInN1YiI6IjU5MjAwNzQ4LTM2ZmMtMjc0NC0zNTUtOGMxMjgxZjdmY2QyIiwianRpIjoia2MxQHlvcG1haWwuY29tIn0.EkTAI_ytyYZQW3xUNtfmmh-tZ7PuIYRa0niF8nnled4', 'android', NULL, 'custom', NULL, '182.176.179.165', 'Dart/2.18 (dart:io)', '2024-01-12 12:31:38', NULL, NULL),
(16, 84, 'eyJhbGciOiJIUzI1NiIsInR5cCI6IkpXVCJ9.eyJlbWFpbCI6IktjMUB5b3BtYWlsLmNvbSIsImlhdCI6MTcwNTA2MjcyMywiZXhwIjoxNzA1NjY3NTIzLCJpc3MiOiI1OTIwMDc0OC0zNmZjLTI3NDQtMzU1LThjMTI4MWY3ZmNkMiIsInN1YiI6IjU5MjAwNzQ4LTM2ZmMtMjc0NC0zNTUtOGMxMjgxZjdmY2QyIiwianRpIjoiS2MxQHlvcG1haWwuY29tIn0.ZTS9LPawMJwliX2TKxvb4PUzw3vs7YDRX7PSToapKu4', 'android', NULL, 'custom', NULL, '182.176.179.165', 'Dart/2.18 (dart:io)', '2024-01-12 12:32:04', NULL, NULL),
(17, 86, 'eyJhbGciOiJIUzI1NiIsInR5cCI6IkpXVCJ9.eyJlbWFpbCI6ImtjM0B5b3BtYWlsLmNvbSIsImlhdCI6MTcwNTA2MjgwOCwiZXhwIjoxNzA1NjY3NjA4LCJpc3MiOiI1OTIwMDc0OC0zNmZjLTI3NDQtMzU1LThjMTI4MWY3ZmNkMiIsInN1YiI6IjU5MjAwNzQ4LTM2ZmMtMjc0NC0zNTUtOGMxMjgxZjdmY2QyIiwianRpIjoia2MzQHlvcG1haWwuY29tIn0.nWzkTPTPvkpJTIYciBohzyXD9nTANeN4pY0UZyE13Do', 'android', NULL, 'custom', NULL, '182.176.179.165', 'Dart/2.18 (dart:io)', '2024-01-12 12:33:28', NULL, NULL),
(19, 88, 'eyJhbGciOiJIUzI1NiIsInR5cCI6IkpXVCJ9.eyJlbWFpbCI6IlR0QHQuY29tIiwiaWF0IjoxNzA1MDYzMzgwLCJleHAiOjE3MDU2NjgxODAsImlzcyI6IjU5MjAwNzQ4LTM2ZmMtMjc0NC0zNTUtOGMxMjgxZjdmY2QyIiwic3ViIjoiNTkyMDA3NDgtMzZmYy0yNzQ0LTM1NS04YzEyODFmN2ZjZDIiLCJqdGkiOiJUdEB0LmNvbSJ9.HEoPy3J5Iz4P4O1tS6hNnd6R3NecETe8CksczxCx9dA', 'android', NULL, 'custom', NULL, '182.176.179.165', 'Dart/2.18 (dart:io)', '2024-01-12 12:43:00', NULL, NULL),
(20, 88, 'eyJhbGciOiJIUzI1NiIsInR5cCI6IkpXVCJ9.eyJlbWFpbCI6IlR0QHQuY29tIiwiaWF0IjoxNzA1MDYzNTcxLCJleHAiOjE3MDU2NjgzNzEsImlzcyI6IjU5MjAwNzQ4LTM2ZmMtMjc0NC0zNTUtOGMxMjgxZjdmY2QyIiwic3ViIjoiNTkyMDA3NDgtMzZmYy0yNzQ0LTM1NS04YzEyODFmN2ZjZDIiLCJqdGkiOiJUdEB0LmNvbSJ9.Uj-dGuzlhR-Otxcn2jYLLiPQuYNSm0Of992iIHc_sI8', 'android', NULL, 'custom', NULL, '182.176.179.165', 'Dart/2.18 (dart:io)', '2024-01-12 12:46:12', NULL, NULL),
(21, 84, 'eyJhbGciOiJIUzI1NiIsInR5cCI6IkpXVCJ9.eyJlbWFpbCI6ImtjMUB5b3BtYWlsLmNvbSIsImlhdCI6MTcwNTA2MzkwOSwiZXhwIjoxNzA1NjY4NzA5LCJpc3MiOiI1OTIwMDc0OC0zNmZjLTI3NDQtMzU1LThjMTI4MWY3ZmNkMiIsInN1YiI6IjU5MjAwNzQ4LTM2ZmMtMjc0NC0zNTUtOGMxMjgxZjdmY2QyIiwianRpIjoia2MxQHlvcG1haWwuY29tIn0.ZutW4OganmvpZrXoLI2MpAYbQmYbsJfBveQvr1Yxtjc', 'android', NULL, 'custom', NULL, '182.176.179.165', 'Dart/2.18 (dart:io)', '2024-01-12 12:51:49', NULL, NULL),
(22, 84, 'eyJhbGciOiJIUzI1NiIsInR5cCI6IkpXVCJ9.eyJlbWFpbCI6ImtjMUB5b3BtYWlsLmNvbSIsImlhdCI6MTcwNTA2NDMxMiwiZXhwIjoxNzA1NjY5MTEyLCJpc3MiOiI1OTIwMDc0OC0zNmZjLTI3NDQtMzU1LThjMTI4MWY3ZmNkMiIsInN1YiI6IjU5MjAwNzQ4LTM2ZmMtMjc0NC0zNTUtOGMxMjgxZjdmY2QyIiwianRpIjoia2MxQHlvcG1haWwuY29tIn0.BhfZZ3i3FpWhYkNGUA3d2ZHf9WpTGwEGju-vieAVs98', 'android', NULL, 'custom', NULL, '182.176.179.165', 'Dart/2.18 (dart:io)', '2024-01-12 12:58:33', NULL, NULL),
(23, 85, 'eyJhbGciOiJIUzI1NiIsInR5cCI6IkpXVCJ9.eyJlbWFpbCI6ImtjMkB5b3BtYWlsLmNvbSIsImlhdCI6MTcwNTA2NDM1MiwiZXhwIjoxNzA1NjY5MTUyLCJpc3MiOiI1OTIwMDc0OC0zNmZjLTI3NDQtMzU1LThjMTI4MWY3ZmNkMiIsInN1YiI6IjU5MjAwNzQ4LTM2ZmMtMjc0NC0zNTUtOGMxMjgxZjdmY2QyIiwianRpIjoia2MyQHlvcG1haWwuY29tIn0.HWPtKkQsDG_CXP67YpdyOX8g37vyItfjYMfIDQjQ3P4', 'android', NULL, 'custom', NULL, '182.176.179.165', 'Dart/2.18 (dart:io)', '2024-01-12 12:59:13', NULL, NULL),
(24, 84, 'eyJhbGciOiJIUzI1NiIsInR5cCI6IkpXVCJ9.eyJlbWFpbCI6ImtjMUB5b3BtYWlsLmNvbSIsImlhdCI6MTcwNTA2NDQyMiwiZXhwIjoxNzA1NjY5MjIyLCJpc3MiOiI1OTIwMDc0OC0zNmZjLTI3NDQtMzU1LThjMTI4MWY3ZmNkMiIsInN1YiI6IjU5MjAwNzQ4LTM2ZmMtMjc0NC0zNTUtOGMxMjgxZjdmY2QyIiwianRpIjoia2MxQHlvcG1haWwuY29tIn0.xumnXuA0Ncx_cfdFhJbcJwlopcpJnx5fB6cXv7ppdD8', 'android', NULL, 'custom', NULL, '182.176.179.165', 'Dart/2.18 (dart:io)', '2024-01-12 13:00:23', NULL, NULL),
(25, 85, 'eyJhbGciOiJIUzI1NiIsInR5cCI6IkpXVCJ9.eyJlbWFpbCI6ImtjMkB5b3BtYWlsLmNvbSIsImlhdCI6MTcwNTA2NDQ0MywiZXhwIjoxNzA1NjY5MjQzLCJpc3MiOiI1OTIwMDc0OC0zNmZjLTI3NDQtMzU1LThjMTI4MWY3ZmNkMiIsInN1YiI6IjU5MjAwNzQ4LTM2ZmMtMjc0NC0zNTUtOGMxMjgxZjdmY2QyIiwianRpIjoia2MyQHlvcG1haWwuY29tIn0.7-xzohG5cWGEH2-iXIzzskMKcuEoCIr9AF9pzrUaFuU', 'android', NULL, 'custom', NULL, '182.176.179.165', 'Dart/2.18 (dart:io)', '2024-01-12 13:00:43', NULL, NULL),
(29, 88, 'eyJhbGciOiJIUzI1NiIsInR5cCI6IkpXVCJ9.eyJlbWFpbCI6IlR0QHQuY29tIiwiaWF0IjoxNzA1MDY1MDE4LCJleHAiOjE3MDU2Njk4MTgsImlzcyI6IjU5MjAwNzQ4LTM2ZmMtMjc0NC0zNTUtOGMxMjgxZjdmY2QyIiwic3ViIjoiNTkyMDA3NDgtMzZmYy0yNzQ0LTM1NS04YzEyODFmN2ZjZDIiLCJqdGkiOiJUdEB0LmNvbSJ9.ccLtM_IUnVjkKiR47Rzg1YL64qwu8jmI1pAiBpnpE6c', 'android', 'fmK2OtdnTpmew-ldgWLbYg:APA91bGQ8lXMGYvUMMXRUa06PPAWmh2O9UEKej8p8m0UcjG7jZvp4dYw0oZcwKV7GTzzyjsM93naCXLVrtBSKjBURir5HBVjmSONv0pbyv7tyOCuwa0hqogty4veCNz-DDPrx-SyrI3k', 'custom', NULL, '182.176.179.165', 'Dart/2.18 (dart:io)', '2024-01-12 13:10:18', NULL, NULL),
(30, 85, 'eyJhbGciOiJIUzI1NiIsInR5cCI6IkpXVCJ9.eyJlbWFpbCI6ImtjMkB5b3BtYWlsLmNvbSIsImlhdCI6MTcwNTA2NjY0NSwiZXhwIjoxNzA1NjcxNDQ1LCJpc3MiOiI1OTIwMDc0OC0zNmZjLTI3NDQtMzU1LThjMTI4MWY3ZmNkMiIsInN1YiI6IjU5MjAwNzQ4LTM2ZmMtMjc0NC0zNTUtOGMxMjgxZjdmY2QyIiwianRpIjoia2MyQHlvcG1haWwuY29tIn0.dfZeN9x8MJVT5t1QNgoJLD7y0btxKixi5jDenVlKF7Q', 'android', 'dN_0_caGSEWSP9TrFYL6SZ:APA91bEL5DPwkRPkQFM4OjT79VdijJdb9JOdozL3jJLKipkFDOqP6IGQAnHo1GG9YBfQi2bbCOy3dfkOd6f8cH0gafVMhyoPF7W7f4oDe_w7kLK3OFD78ArlClfEwpbaHtxb3WhQievq', 'custom', NULL, '182.176.179.165', 'Dart/2.18 (dart:io)', '2024-01-12 13:37:25', NULL, NULL),
(31, 84, 'eyJhbGciOiJIUzI1NiIsInR5cCI6IkpXVCJ9.eyJlbWFpbCI6ImtjMUB5b3BtYWlsLmNvbSIsImlhdCI6MTcwNTA2NjcxMSwiZXhwIjoxNzA1NjcxNTExLCJpc3MiOiI1OTIwMDc0OC0zNmZjLTI3NDQtMzU1LThjMTI4MWY3ZmNkMiIsInN1YiI6IjU5MjAwNzQ4LTM2ZmMtMjc0NC0zNTUtOGMxMjgxZjdmY2QyIiwianRpIjoia2MxQHlvcG1haWwuY29tIn0.o9Cpg0krn9L1cbZK6YnlRYLYii0xzlYE30YprqP-s2A', 'android', 'f9s2oK3gQCyXY3lhIzlvTD:APA91bFm171XJ60NDYQQT3quLc73mY5CGS03kn9simJ3zTvHJe_iAEhsFjsHQlyj2KSjzFYij6Uj0j6IWBEg2Sc3DxPI_Ifjsm7YDtE1PKZvyo2RjprWxy5EfNchvoawrakAfr4xm8qv', 'custom', NULL, '182.176.179.165', 'Dart/2.18 (dart:io)', '2024-01-12 13:38:32', NULL, NULL),
(32, 85, 'eyJhbGciOiJIUzI1NiIsInR5cCI6IkpXVCJ9.eyJlbWFpbCI6ImtjMkB5b3BtYWlsLmNvbSIsImlhdCI6MTcwNTA2NjgxNCwiZXhwIjoxNzA1NjcxNjE0LCJpc3MiOiI1OTIwMDc0OC0zNmZjLTI3NDQtMzU1LThjMTI4MWY3ZmNkMiIsInN1YiI6IjU5MjAwNzQ4LTM2ZmMtMjc0NC0zNTUtOGMxMjgxZjdmY2QyIiwianRpIjoia2MyQHlvcG1haWwuY29tIn0.xyj-46InWz-2edOO1Qb93wGEYRucKen92DrhY12OaAE', 'android', 'dN_0_caGSEWSP9TrFYL6SZ:APA91bEL5DPwkRPkQFM4OjT79VdijJdb9JOdozL3jJLKipkFDOqP6IGQAnHo1GG9YBfQi2bbCOy3dfkOd6f8cH0gafVMhyoPF7W7f4oDe_w7kLK3OFD78ArlClfEwpbaHtxb3WhQievq', 'custom', NULL, '182.176.179.165', 'Dart/2.18 (dart:io)', '2024-01-12 13:40:15', NULL, NULL),
(33, 84, 'eyJhbGciOiJIUzI1NiIsInR5cCI6IkpXVCJ9.eyJlbWFpbCI6ImtjMUB5b3BtYWlsLmNvbSIsImlhdCI6MTcwNTA2NjkzOCwiZXhwIjoxNzA1NjcxNzM4LCJpc3MiOiI1OTIwMDc0OC0zNmZjLTI3NDQtMzU1LThjMTI4MWY3ZmNkMiIsInN1YiI6IjU5MjAwNzQ4LTM2ZmMtMjc0NC0zNTUtOGMxMjgxZjdmY2QyIiwianRpIjoia2MxQHlvcG1haWwuY29tIn0.SfprE4dFQ67tG09dYy-k71KAXwYDTIXo-U07kJ-tjfE', 'android', 'f9s2oK3gQCyXY3lhIzlvTD:APA91bFm171XJ60NDYQQT3quLc73mY5CGS03kn9simJ3zTvHJe_iAEhsFjsHQlyj2KSjzFYij6Uj0j6IWBEg2Sc3DxPI_Ifjsm7YDtE1PKZvyo2RjprWxy5EfNchvoawrakAfr4xm8qv', 'custom', NULL, '182.176.179.165', 'Dart/2.18 (dart:io)', '2024-01-12 13:42:19', NULL, NULL),
(34, 84, 'eyJhbGciOiJIUzI1NiIsInR5cCI6IkpXVCJ9.eyJlbWFpbCI6ImtjMUB5b3BtYWlsLmNvbSIsImlhdCI6MTcwNTA2NzUxMSwiZXhwIjoxNzA1NjcyMzExLCJpc3MiOiI1OTIwMDc0OC0zNmZjLTI3NDQtMzU1LThjMTI4MWY3ZmNkMiIsInN1YiI6IjU5MjAwNzQ4LTM2ZmMtMjc0NC0zNTUtOGMxMjgxZjdmY2QyIiwianRpIjoia2MxQHlvcG1haWwuY29tIn0.NYXhTeaDMh2we9KW_v5KN3yu22Ql7AHooluRZQHuiDk', 'android', 'f9s2oK3gQCyXY3lhIzlvTD:APA91bFm171XJ60NDYQQT3quLc73mY5CGS03kn9simJ3zTvHJe_iAEhsFjsHQlyj2KSjzFYij6Uj0j6IWBEg2Sc3DxPI_Ifjsm7YDtE1PKZvyo2RjprWxy5EfNchvoawrakAfr4xm8qv', 'custom', NULL, '182.176.179.165', 'Dart/2.18 (dart:io)', '2024-01-12 13:51:51', NULL, NULL),
(35, 84, 'eyJhbGciOiJIUzI1NiIsInR5cCI6IkpXVCJ9.eyJlbWFpbCI6ImtjMUB5b3BtYWlsLmNvbSIsImlhdCI6MTcwNTA2Nzk0MywiZXhwIjoxNzA1NjcyNzQzLCJpc3MiOiI1OTIwMDc0OC0zNmZjLTI3NDQtMzU1LThjMTI4MWY3ZmNkMiIsInN1YiI6IjU5MjAwNzQ4LTM2ZmMtMjc0NC0zNTUtOGMxMjgxZjdmY2QyIiwianRpIjoia2MxQHlvcG1haWwuY29tIn0.m0qjxEytAMdZ5_D9Ro7Ut1_MfMvzZRjnNoK8Xhfpq0k', 'android', 'cfzMrdcKStqI3AIDfUMW3i:APA91bHkGA6PoeB86ZIc7Gbk9Ar4YDhO4WCJMM1Wqj8qYozuwze90WHyrYJykuTW2Y13-WtnX9gcEqGJDYCN6yxClIZ12ZQRdXPPdeFcddJx07p2G1lM3SFaNGRE6UAgxmI8LUrCnrZ-', 'custom', NULL, '182.176.179.165', 'Dart/2.18 (dart:io)', '2024-01-12 13:59:03', NULL, NULL),
(36, 85, 'eyJhbGciOiJIUzI1NiIsInR5cCI6IkpXVCJ9.eyJlbWFpbCI6ImtjMkB5b3BtYWlsLmNvbSIsImlhdCI6MTcwNTA2Nzk4OCwiZXhwIjoxNzA1NjcyNzg4LCJpc3MiOiI1OTIwMDc0OC0zNmZjLTI3NDQtMzU1LThjMTI4MWY3ZmNkMiIsInN1YiI6IjU5MjAwNzQ4LTM2ZmMtMjc0NC0zNTUtOGMxMjgxZjdmY2QyIiwianRpIjoia2MyQHlvcG1haWwuY29tIn0.-dWeZAMLR0UBaq8bu6nCjcbpfJG_TZ5ZY2mqMA4zU6Y', 'android', 'fDxPIC-9TKytRwKg8W7rn3:APA91bE3AqPss1t1dQ7E60MoSk8RASmhQqwALYiWML_NIATMVvKEzAXWZhqDmgmPLcJAoOQbbETgKkldHajirWz2GQssW4njI0QsR7-dt03HihOjuSUUDynaqwgLX_qTP4XOQZv7olUj', 'custom', NULL, '182.176.179.165', 'Dart/2.18 (dart:io)', '2024-01-12 13:59:48', NULL, NULL),
(37, 84, 'eyJhbGciOiJIUzI1NiIsInR5cCI6IkpXVCJ9.eyJlbWFpbCI6ImtjMUB5b3BtYWlsLmNvbSIsImlhdCI6MTcwNTA2ODA2MCwiZXhwIjoxNzA1NjcyODYwLCJpc3MiOiI1OTIwMDc0OC0zNmZjLTI3NDQtMzU1LThjMTI4MWY3ZmNkMiIsInN1YiI6IjU5MjAwNzQ4LTM2ZmMtMjc0NC0zNTUtOGMxMjgxZjdmY2QyIiwianRpIjoia2MxQHlvcG1haWwuY29tIn0.eWuUj5KTLN2p4jmaJpGl8HhljovcE55rlMlcxOp_GWc', 'android', 'cfzMrdcKStqI3AIDfUMW3i:APA91bHkGA6PoeB86ZIc7Gbk9Ar4YDhO4WCJMM1Wqj8qYozuwze90WHyrYJykuTW2Y13-WtnX9gcEqGJDYCN6yxClIZ12ZQRdXPPdeFcddJx07p2G1lM3SFaNGRE6UAgxmI8LUrCnrZ-', 'custom', NULL, '182.176.179.165', 'Dart/2.18 (dart:io)', '2024-01-12 14:01:00', NULL, NULL),
(38, 88, 'eyJhbGciOiJIUzI1NiIsInR5cCI6IkpXVCJ9.eyJlbWFpbCI6IlR0QHQuY29tIiwiaWF0IjoxNzA1MDY4MDg4LCJleHAiOjE3MDU2NzI4ODgsImlzcyI6IjU5MjAwNzQ4LTM2ZmMtMjc0NC0zNTUtOGMxMjgxZjdmY2QyIiwic3ViIjoiNTkyMDA3NDgtMzZmYy0yNzQ0LTM1NS04YzEyODFmN2ZjZDIiLCJqdGkiOiJUdEB0LmNvbSJ9.DNnukXmBm1LQIEyvpz1A6bkXae1y1BFiXNXxJ89S2IE', 'android', 'fLeG-ky2T7CKQEzHBClyB9:APA91bG7xUmsKxUAbNoQc9EHK7y2aHpTD6JLFGwa-QAAeAiiMnDzof-N8VFZSAihuMh-gMPwB0zIx4zw40zFA0NG7ZCuyiXpeX9G_nkoKvtONQJySAJ5EiWGgs3BWjw6gIeB2UUBtuX1', 'custom', NULL, '182.176.179.165', 'Dart/2.18 (dart:io)', '2024-01-12 14:01:28', NULL, NULL),
(40, 84, 'eyJhbGciOiJIUzI1NiIsInR5cCI6IkpXVCJ9.eyJlbWFpbCI6ImtjMUB5b3BtYWlsLmNvbSIsImlhdCI6MTcwNTA2ODUzNSwiZXhwIjoxNzA1NjczMzM1LCJpc3MiOiI1OTIwMDc0OC0zNmZjLTI3NDQtMzU1LThjMTI4MWY3ZmNkMiIsInN1YiI6IjU5MjAwNzQ4LTM2ZmMtMjc0NC0zNTUtOGMxMjgxZjdmY2QyIiwianRpIjoia2MxQHlvcG1haWwuY29tIn0.0_pzPvaFWwiQKqRtLiIxpTpzgskPECW3dKVsWLuMET4', 'android', 'fxo1xyNOTPWduru_zT6fgF:APA91bHimob2rgNqEiornoxX3jP7QjAt3Ed8FtV9X3GJoK7ld3nRsdN6GYG6o8AqVj0Lq-WC-efRR6qJ-vlSFRDfsqfIUclLi1gkHvC9gIiyFDDa1KugcGQNpWvlmlkzkKd84xY3HlWZ', 'custom', NULL, '182.176.179.165', 'Dart/2.18 (dart:io)', '2024-01-12 14:08:55', NULL, NULL),
(41, 88, 'eyJhbGciOiJIUzI1NiIsInR5cCI6IkpXVCJ9.eyJlbWFpbCI6IlR0QHQuY29tIiwiaWF0IjoxNzA1MDY4NzA1LCJleHAiOjE3MDU2NzM1MDUsImlzcyI6IjU5MjAwNzQ4LTM2ZmMtMjc0NC0zNTUtOGMxMjgxZjdmY2QyIiwic3ViIjoiNTkyMDA3NDgtMzZmYy0yNzQ0LTM1NS04YzEyODFmN2ZjZDIiLCJqdGkiOiJUdEB0LmNvbSJ9.-fNVhYLu_sx5muDJPwTmrx9VMcMqlo0G6f6uPk7vZVE', 'android', 'fxo1xyNOTPWduru_zT6fgF:APA91bHimob2rgNqEiornoxX3jP7QjAt3Ed8FtV9X3GJoK7ld3nRsdN6GYG6o8AqVj0Lq-WC-efRR6qJ-vlSFRDfsqfIUclLi1gkHvC9gIiyFDDa1KugcGQNpWvlmlkzkKd84xY3HlWZ', 'custom', NULL, '182.176.179.165', 'Dart/2.18 (dart:io)', '2024-01-12 14:11:46', NULL, NULL),
(44, 90, 'eyJhbGciOiJIUzI1NiIsInR5cCI6IkpXVCJ9.eyJlbWFpbCI6IkhAaC5jb20iLCJpYXQiOjE3MDUwNzE1NDQsImV4cCI6MTcwNTY3NjM0NCwiaXNzIjoiNTkyMDA3NDgtMzZmYy0yNzQ0LTM1NS04YzEyODFmN2ZjZDIiLCJzdWIiOiI1OTIwMDc0OC0zNmZjLTI3NDQtMzU1LThjMTI4MWY3ZmNkMiIsImp0aSI6IkhAaC5jb20ifQ.U4hujs2DxpDBydLumnMWUmjh_x_LuBOOmQoguV8NHZw', 'android', 'cT46EflSScau267WwsIAPK:APA91bGFLqJuPhHDkPUQskwvyw5V7vxCQCfjuvmDmKF7s81Ktv9-L5k0d7GxP2dfNUZ2wpB1umMYOD_2iZ0BBrDZJNgEcr8q7n0H9tEuuG0TdnbCySDxA8Un8rLCNCMlNQPevyfQaqoo', 'custom', NULL, '182.176.179.165', 'Dart/2.18 (dart:io)', '2024-01-12 14:59:05', NULL, NULL),
(45, 91, 'eyJhbGciOiJIUzI1NiIsInR5cCI6IkpXVCJ9.eyJlbWFpbCI6IkxAbC5jb20iLCJpYXQiOjE3MDUwNzE2NzksImV4cCI6MTcwNTY3NjQ3OSwiaXNzIjoiNTkyMDA3NDgtMzZmYy0yNzQ0LTM1NS04YzEyODFmN2ZjZDIiLCJzdWIiOiI1OTIwMDc0OC0zNmZjLTI3NDQtMzU1LThjMTI4MWY3ZmNkMiIsImp0aSI6IkxAbC5jb20ifQ.9WGbdV5B3Lra9X0vMTa1iaX4LHiPwc20Ch5S3BLQxJQ', 'android', 'cJj5eTAhS1eyCYsrZ1zG_S:APA91bF5gnPFbfFhlkARghxMvbrhPvr3Cy35Jd8ePdAFiPMJU8EWb0N-lNdx5e4Q1wHCJNrtnSwReMuOWuhmyKMsZSpfaNzhym17i7GaXZ02kxGBAeDq8cztQrZo2IMI6slQoZPiqNa7', 'custom', NULL, '182.176.179.165', 'Dart/2.18 (dart:io)', '2024-01-12 15:01:20', NULL, NULL),
(46, 92, 'eyJhbGciOiJIUzI1NiIsInR5cCI6IkpXVCJ9.eyJlbWFpbCI6IlBAcC5jb20iLCJpYXQiOjE3MDUwNzE5MjcsImV4cCI6MTcwNTY3NjcyNywiaXNzIjoiNTkyMDA3NDgtMzZmYy0yNzQ0LTM1NS04YzEyODFmN2ZjZDIiLCJzdWIiOiI1OTIwMDc0OC0zNmZjLTI3NDQtMzU1LThjMTI4MWY3ZmNkMiIsImp0aSI6IlBAcC5jb20ifQ.AdYou1qLUydrmFll643dtTY8hrWprz7Ie_oPY59QwBQ', 'android', 'f2y6z3mKQNOwsz6Bz3hW5j:APA91bG3xAcTur7ILc_Fq-dmlFsm08IxI8UO7OQ8XBNFf0xBk4-02sRNKghiUYbZQ4ZBhYD_C-E4li84OsfNzQ-JbcMSB84vk_fWAFxCB9xQWYZ2_vERz9bLumtXz1y23t0JkgdrJKz0', 'custom', NULL, '182.176.179.165', 'Dart/2.18 (dart:io)', '2024-01-12 15:05:28', NULL, NULL),
(48, 94, 'eyJhbGciOiJIUzI1NiIsInR5cCI6IkpXVCJ9.eyJlbWFpbCI6ImtjNUB5b3BtYWlsLmNvbSIsImlhdCI6MTcwNTA3MjU3NiwiZXhwIjoxNzA1Njc3Mzc2LCJpc3MiOiI1OTIwMDc0OC0zNmZjLTI3NDQtMzU1LThjMTI4MWY3ZmNkMiIsInN1YiI6IjU5MjAwNzQ4LTM2ZmMtMjc0NC0zNTUtOGMxMjgxZjdmY2QyIiwianRpIjoia2M1QHlvcG1haWwuY29tIn0.Ch5GxUyOlctWKHArX34nyTDN-z6gXswAEkXj_eO46jo', 'android', 'eM97tp7vTIONUa9a_gUoB-:APA91bHnmBuN3VFTfuaVYXTiBcXw8z3mChrQpk6gqgqpVoZjWuYxrHPkgOTADE_r8R7wylnLif_AJ0jEAEnhaE_zumzxOalJbaqgVFV-tQq7nMR6kc8eTPM5NaruQjDYVAkd1w9Y7SKU', 'custom', NULL, '182.176.179.165', 'Dart/2.18 (dart:io)', '2024-01-12 15:16:17', NULL, NULL),
(49, 95, 'eyJhbGciOiJIUzI1NiIsInR5cCI6IkpXVCJ9.eyJlbWFpbCI6Ik9rQG9rLmNvbSIsImlhdCI6MTcwNTA3MjY4NiwiZXhwIjoxNzA1Njc3NDg2LCJpc3MiOiI1OTIwMDc0OC0zNmZjLTI3NDQtMzU1LThjMTI4MWY3ZmNkMiIsInN1YiI6IjU5MjAwNzQ4LTM2ZmMtMjc0NC0zNTUtOGMxMjgxZjdmY2QyIiwianRpIjoiT2tAb2suY29tIn0.mB72blxiH4UAkSsJE3_-8TnB519ZFqiicp-b0ti8FD4', 'android', 'fsXC00rOTqmcUU1YyEJsse:APA91bFkDSBhclgK7wg_K0Z7nYkErLMgqqXKYw7s_4z9SymzOHGcrH1o-F6mBhSKGp_J1AEyKg7u-PkkUQfyrLzL8-VbTnKrzwSMbEQdOyWIVZTnt8gd_pm0-6DAgpxDPcHOHyys8EJ0', 'custom', NULL, '182.176.179.165', 'Dart/2.18 (dart:io)', '2024-01-12 15:18:07', NULL, NULL),
(53, 89, 'eyJhbGciOiJIUzI1NiIsInR5cCI6IkpXVCJ9.eyJlbWFpbCI6IkFhQGEuY29tIiwiaWF0IjoxNzA1MjUzMjQ1LCJleHAiOjE3MDU4NTgwNDUsImlzcyI6IjU5MjAwNzQ4LTM2ZmMtMjc0NC0zNTUtOGMxMjgxZjdmY2QyIiwic3ViIjoiNTkyMDA3NDgtMzZmYy0yNzQ0LTM1NS04YzEyODFmN2ZjZDIiLCJqdGkiOiJBYUBhLmNvbSJ9.LAj3MjPuzGy4r0kvjKAT0iGltvqVN6vFlzRDcGXCi8g', 'android', 'eGJURdfzSe-2EEVivaMWT_:APA91bE7mkWpIdsZAtdJKdEtRdeXlNps3-OCadKnzo6bwn8yBrXZD6-fNHk-50B1mXf4u7gewKZ7JOKhpOkoL4uUITNZk9mqMClfsdX-RzvjzrB-fvrozCmy84MTU-jZG9gkunGYHPW7', 'custom', NULL, '175.107.220.138', 'Dart/2.18 (dart:io)', '2024-01-14 17:27:25', NULL, NULL),
(56, 98, 'eyJhbGciOiJIUzI1NiIsInR5cCI6IkpXVCJ9.eyJlbWFpbCI6IkRlbkB5b3BtYWlsLmNvbSIsImlhdCI6MTcwNTI5MTI0OCwiZXhwIjoxNzA1ODk2MDQ4LCJpc3MiOiI1OTIwMDc0OC0zNmZjLTI3NDQtMzU1LThjMTI4MWY3ZmNkMiIsInN1YiI6IjU5MjAwNzQ4LTM2ZmMtMjc0NC0zNTUtOGMxMjgxZjdmY2QyIiwianRpIjoiRGVuQHlvcG1haWwuY29tIn0.juMw54iOZQHXgFsfRSyqZEcX-px9GI-ZaxDxiulWJLo', 'android', 'f3Tc9afdS_iIfIcZi0FqZw:APA91bEptAun7NwLLc-vRBYoV7ayOZ2EOtze7LPsGEplY4SZ40CT8zpeZWM333LJ2hNJe0vIzFqFg5qz4xXL_whK-FZn28ethdrqXiB03lLIOJtQSiTYKGjNVTVTAoNKd5FxKTslz_fu', 'custom', NULL, '182.176.179.165', 'Dart/2.18 (dart:io)', '2024-01-15 04:00:48', NULL, NULL),
(62, 101, 'eyJhbGciOiJIUzI1NiIsInR5cCI6IkpXVCJ9.eyJlbWFpbCI6IkRlbjFAeW9wbWFpbC5jb20iLCJpYXQiOjE3MDUyOTM4ODEsImV4cCI6MTcwNTg5ODY4MSwiaXNzIjoiNTkyMDA3NDgtMzZmYy0yNzQ0LTM1NS04YzEyODFmN2ZjZDIiLCJzdWIiOiI1OTIwMDc0OC0zNmZjLTI3NDQtMzU1LThjMTI4MWY3ZmNkMiIsImp0aSI6IkRlbjFAeW9wbWFpbC5jb20ifQ.fv3zDjf16PQiKal-eDhRZpweWlvCX_o6x1lHUobF1h4', 'android', 'c6pwDD2pRb6CJFUMR0Pkym:APA91bFtodO4qCtvRV01J4R-5px9Fl2pkPkYGYNjL6Lp0241IuTwVbsMJmxr2q5lr2KuEp-3NnaIuD7qADPxQa1-A8mfhgrKBG7hkPQrpUmmZBhTJudqI5h7BACz8PcNxBQoT1UTfw39', 'custom', NULL, '182.176.179.165', 'Dart/2.18 (dart:io)', '2024-01-15 04:44:41', NULL, NULL),
(64, 102, 'eyJhbGciOiJIUzI1NiIsInR5cCI6IkpXVCJ9.eyJlbWFpbCI6IkRlZXJAeW9wbWFpbC5jb20iLCJpYXQiOjE3MDUyOTY1OTcsImV4cCI6MTcwNTkwMTM5NywiaXNzIjoiNTkyMDA3NDgtMzZmYy0yNzQ0LTM1NS04YzEyODFmN2ZjZDIiLCJzdWIiOiI1OTIwMDc0OC0zNmZjLTI3NDQtMzU1LThjMTI4MWY3ZmNkMiIsImp0aSI6IkRlZXJAeW9wbWFpbC5jb20ifQ.nA3oylbjwc7WwVXDclEgTxZFGiNA1an-zd47L4q3Bfk', 'android', 'fAfD3Z-2RX69UCPGGP1tur:APA91bGidyfUFNjyZSkFGrXfu1spc4csp6x6jeaCbnquDIQS-7VpdNBMsmFNiKVMRi0vzDXPUFsnKHDlOsfNopqDXkE_KRkBhMo6j5FR0gS80FM93mMlMXPj4Mi2LhKGvVsHo3IC3M-F', 'custom', NULL, '182.176.179.165', 'Dart/2.18 (dart:io)', '2024-01-15 05:29:57', NULL, NULL),
(93, 105, 'eyJhbGciOiJIUzI1NiIsInR5cCI6IkpXVCJ9.eyJlbWFpbCI6ImtjN0B5b3BtYWlsLmNvbSIsImlhdCI6MTcwNTMxMTAxOSwiZXhwIjoxNzA1OTE1ODE5LCJpc3MiOiI1OTIwMDc0OC0zNmZjLTI3NDQtMzU1LThjMTI4MWY3ZmNkMiIsInN1YiI6IjU5MjAwNzQ4LTM2ZmMtMjc0NC0zNTUtOGMxMjgxZjdmY2QyIiwianRpIjoia2M3QHlvcG1haWwuY29tIn0.AbrVh3uP01BFtEG2ilih7KU42p2Z-2ZnHNdorKcQQVY', 'android', 'eM97tp7vTIONUa9a_gUoB-:APA91bG1o7pXyGNRKPezRRF6TBJe6zheA26MhZCz_doBGdE0KtmMjmxezsEQN2nKLJsVyEyDq9_rapn05wZsVxIwXuTKebi_VVi6Ij8yNi4MSvnpneOLlIhEu8QqirP3aVHYlNMSExV3', 'custom', NULL, '182.176.179.165', 'Dart/2.18 (dart:io)', '2024-01-15 09:30:19', NULL, NULL),
(95, 94, 'eyJhbGciOiJIUzI1NiIsInR5cCI6IkpXVCJ9.eyJlbWFpbCI6ImtjNUB5b3BtYWlsLmNvbSIsImlhdCI6MTcwNTMxMTE5NiwiZXhwIjoxNzA1OTE1OTk2LCJpc3MiOiI1OTIwMDc0OC0zNmZjLTI3NDQtMzU1LThjMTI4MWY3ZmNkMiIsInN1YiI6IjU5MjAwNzQ4LTM2ZmMtMjc0NC0zNTUtOGMxMjgxZjdmY2QyIiwianRpIjoia2M1QHlvcG1haWwuY29tIn0.fTmFn47tf9ey-OuVZFWrB9TGIiFc2lZWh8C4QnZXNBk', 'android', 'eM97tp7vTIONUa9a_gUoB-:APA91bG1o7pXyGNRKPezRRF6TBJe6zheA26MhZCz_doBGdE0KtmMjmxezsEQN2nKLJsVyEyDq9_rapn05wZsVxIwXuTKebi_VVi6Ij8yNi4MSvnpneOLlIhEu8QqirP3aVHYlNMSExV3', 'custom', NULL, '182.176.179.165', 'Dart/2.18 (dart:io)', '2024-01-15 09:33:16', NULL, NULL),
(97, 105, 'eyJhbGciOiJIUzI1NiIsInR5cCI6IkpXVCJ9.eyJlbWFpbCI6ImtjN0B5b3BtYWlsLmNvbSIsImlhdCI6MTcwNTMxMTYyNCwiZXhwIjoxNzA1OTE2NDI0LCJpc3MiOiI1OTIwMDc0OC0zNmZjLTI3NDQtMzU1LThjMTI4MWY3ZmNkMiIsInN1YiI6IjU5MjAwNzQ4LTM2ZmMtMjc0NC0zNTUtOGMxMjgxZjdmY2QyIiwianRpIjoia2M3QHlvcG1haWwuY29tIn0.Rdbk9vE5fyJsaZMwHtYecxK2VqGwgbxFI4WeXI3DDeY', 'android', 'eM97tp7vTIONUa9a_gUoB-:APA91bG1o7pXyGNRKPezRRF6TBJe6zheA26MhZCz_doBGdE0KtmMjmxezsEQN2nKLJsVyEyDq9_rapn05wZsVxIwXuTKebi_VVi6Ij8yNi4MSvnpneOLlIhEu8QqirP3aVHYlNMSExV3', 'custom', NULL, '182.176.179.165', 'Dart/2.18 (dart:io)', '2024-01-15 09:40:25', NULL, NULL),
(99, 105, 'eyJhbGciOiJIUzI1NiIsInR5cCI6IkpXVCJ9.eyJlbWFpbCI6ImtjN0B5b3BtYWlsLmNvbSIsImlhdCI6MTcwNTMxMTgwMywiZXhwIjoxNzA1OTE2NjAzLCJpc3MiOiI1OTIwMDc0OC0zNmZjLTI3NDQtMzU1LThjMTI4MWY3ZmNkMiIsInN1YiI6IjU5MjAwNzQ4LTM2ZmMtMjc0NC0zNTUtOGMxMjgxZjdmY2QyIiwianRpIjoia2M3QHlvcG1haWwuY29tIn0.GjK1b9O2WgMRHduqLDmXvvqY0cYzNUaGOTqDd-Doub4', 'android', 'eM97tp7vTIONUa9a_gUoB-:APA91bG1o7pXyGNRKPezRRF6TBJe6zheA26MhZCz_doBGdE0KtmMjmxezsEQN2nKLJsVyEyDq9_rapn05wZsVxIwXuTKebi_VVi6Ij8yNi4MSvnpneOLlIhEu8QqirP3aVHYlNMSExV3', 'custom', NULL, '182.176.179.165', 'Dart/2.18 (dart:io)', '2024-01-15 09:43:23', NULL, NULL),
(101, 84, 'eyJhbGciOiJIUzI1NiIsInR5cCI6IkpXVCJ9.eyJlbWFpbCI6ImtjMUB5b3BtYWlsLmNvbSIsImlhdCI6MTcwNTMxMTkxMiwiZXhwIjoxNzA1OTE2NzEyLCJpc3MiOiI1OTIwMDc0OC0zNmZjLTI3NDQtMzU1LThjMTI4MWY3ZmNkMiIsInN1YiI6IjU5MjAwNzQ4LTM2ZmMtMjc0NC0zNTUtOGMxMjgxZjdmY2QyIiwianRpIjoia2MxQHlvcG1haWwuY29tIn0.Lg9nH8CkzNl7qELh_uLtd4E2VRAeh1dEg5cQGJpNUso', 'android', 'eM97tp7vTIONUa9a_gUoB-:APA91bG1o7pXyGNRKPezRRF6TBJe6zheA26MhZCz_doBGdE0KtmMjmxezsEQN2nKLJsVyEyDq9_rapn05wZsVxIwXuTKebi_VVi6Ij8yNi4MSvnpneOLlIhEu8QqirP3aVHYlNMSExV3', 'custom', NULL, '182.176.179.165', 'Dart/2.18 (dart:io)', '2024-01-15 09:45:12', NULL, NULL),
(105, 105, 'eyJhbGciOiJIUzI1NiIsInR5cCI6IkpXVCJ9.eyJlbWFpbCI6ImtjN0B5b3BtYWlsLmNvbSIsImlhdCI6MTcwNTMxNTU4OSwiZXhwIjoxNzA1OTIwMzg5LCJpc3MiOiI1OTIwMDc0OC0zNmZjLTI3NDQtMzU1LThjMTI4MWY3ZmNkMiIsInN1YiI6IjU5MjAwNzQ4LTM2ZmMtMjc0NC0zNTUtOGMxMjgxZjdmY2QyIiwianRpIjoia2M3QHlvcG1haWwuY29tIn0.XA_lncDduAnO_jzlqLR4iUfFZlyvQxwDMYmUj0qfvG8', 'android', 'dBFTboU6Q62O7lQn6p5Kq7:APA91bHLjT3fIsIHW0U9J014Cmgc6TCLnoE3pvps27Be6jXllSJXWzR1TWWgn1XzUQnuuO0wyLemU9CRoGzkZJkTnVLkbQB2Q1nh_AObZh5j9ApQYf0MDVDEIm4R95g0kkMA5yQbhWJ0', 'custom', NULL, '182.176.179.165', 'Dart/2.18 (dart:io)', '2024-01-15 10:46:30', NULL, NULL),
(108, 94, 'eyJhbGciOiJIUzI1NiIsInR5cCI6IkpXVCJ9.eyJlbWFpbCI6ImtjNUB5b3BtYWlsLmNvbSIsImlhdCI6MTcwNTMxNjA0MSwiZXhwIjoxNzA1OTIwODQxLCJpc3MiOiI1OTIwMDc0OC0zNmZjLTI3NDQtMzU1LThjMTI4MWY3ZmNkMiIsInN1YiI6IjU5MjAwNzQ4LTM2ZmMtMjc0NC0zNTUtOGMxMjgxZjdmY2QyIiwianRpIjoia2M1QHlvcG1haWwuY29tIn0.WxmA_03xXLzZLVQA_LtRUPcv8Rm9UmnUoL7AbWQwXp8', 'android', 'eM97tp7vTIONUa9a_gUoB-:APA91bG1o7pXyGNRKPezRRF6TBJe6zheA26MhZCz_doBGdE0KtmMjmxezsEQN2nKLJsVyEyDq9_rapn05wZsVxIwXuTKebi_VVi6Ij8yNi4MSvnpneOLlIhEu8QqirP3aVHYlNMSExV3', 'custom', NULL, '182.176.179.165', 'Dart/2.18 (dart:io)', '2024-01-15 10:54:02', NULL, NULL),
(109, 106, 'eyJhbGciOiJIUzI1NiIsInR5cCI6IkpXVCJ9.eyJlbWFpbCI6ImtjOEB5b3BtYWlsLmNvbSIsImlhdCI6MTcwNTMxNjA3MSwiZXhwIjoxNzA1OTIwODcxLCJpc3MiOiI1OTIwMDc0OC0zNmZjLTI3NDQtMzU1LThjMTI4MWY3ZmNkMiIsInN1YiI6IjU5MjAwNzQ4LTM2ZmMtMjc0NC0zNTUtOGMxMjgxZjdmY2QyIiwianRpIjoia2M4QHlvcG1haWwuY29tIn0.92gb5XcwT1Ag_WcVoIkPxCnJUfsRUSZT4a3IYr5JJdM', 'ios', 'f-GamB33EkArtuLcvkIuwI:APA91bGFL5K2HEjIzSa5TXIVEzF_kjPFGwQAPdn7ZDEL3Y4fqG18OisrsuXwUikfChA2oyrBQQXTXdmD20qyJjmbABYeP-lCr1rIH4opCN88FT-AUBXiNski1FgU6FNVs5ubWfAL4A_c', 'custom', NULL, '182.176.179.165', 'Dart/2.18 (dart:io)', '2024-01-15 10:54:31', NULL, NULL),
(116, 108, 'eyJhbGciOiJIUzI1NiIsInR5cCI6IkpXVCJ9.eyJlbWFpbCI6ImtjMjBAeW9wbWFpbC5jb20iLCJpYXQiOjE3MDUzMjQwOTAsImV4cCI6MTcwNTkyODg5MCwiaXNzIjoiNTkyMDA3NDgtMzZmYy0yNzQ0LTM1NS04YzEyODFmN2ZjZDIiLCJzdWIiOiI1OTIwMDc0OC0zNmZjLTI3NDQtMzU1LThjMTI4MWY3ZmNkMiIsImp0aSI6ImtjMjBAeW9wbWFpbC5jb20ifQ.BQ7HzdEGJj21MaUbGOqPz5HG4FEeixy7gTTxhRiewZ4', 'ios', 'eFzWL2COtUy-pt2zMWj_vv:APA91bH-2Y5Ja1zWFutjG5aucZqtTPAerWoRm3TUpKFQbMFHKP7_vXGDnWF46rzlVNTzaE2kkCGUZpIsF_LQzonmnMnmKJbvZ68ZuVoo9YTMRDecTBsN_sklj2xQSH-Gwurax7AzKI_5', 'custom', NULL, '182.176.179.165', 'Dart/2.18 (dart:io)', '2024-01-15 13:08:10', NULL, NULL),
(129, 101, 'eyJhbGciOiJIUzI1NiIsInR5cCI6IkpXVCJ9.eyJlbWFpbCI6ImRlbjFAeW9wbWFpbC5jb20iLCJpYXQiOjE3MDUzMjkxMzEsImV4cCI6MTcwNTkzMzkzMSwiaXNzIjoiNTkyMDA3NDgtMzZmYy0yNzQ0LTM1NS04YzEyODFmN2ZjZDIiLCJzdWIiOiI1OTIwMDc0OC0zNmZjLTI3NDQtMzU1LThjMTI4MWY3ZmNkMiIsImp0aSI6ImRlbjFAeW9wbWFpbC5jb20ifQ.mcyEzODJTOiuFfyBjz0tB6yOL1cCVJzcnPSaGH9odCw', 'ios', 'dmJb91w6jEVXmVow261gp7:APA91bGzdwSvv_hGR093ZY5ZHm_WjLPoqsCqVNHGKPjZFYnHjqp7sZ-mocYnwAZeUCOX7yYu7Q-OhLonMTiSGelCme26TZkbPWxF451KjuHf76MV0vsq_C8RrGOuXtwjqCyq7QW99pP_', 'custom', NULL, '182.176.179.165', 'Dart/2.18 (dart:io)', '2024-01-15 14:32:11', NULL, NULL),
(132, 116, 'eyJhbGciOiJIUzI1NiIsInR5cCI6IkpXVCJ9.eyJlbWFpbCI6ImN1dGVAeW9wbWFpbC5jb20iLCJpYXQiOjE3MDUzODMxMTEsImV4cCI6MTcwNTk4NzkxMSwiaXNzIjoiNTkyMDA3NDgtMzZmYy0yNzQ0LTM1NS04YzEyODFmN2ZjZDIiLCJzdWIiOiI1OTIwMDc0OC0zNmZjLTI3NDQtMzU1LThjMTI4MWY3ZmNkMiIsImp0aSI6ImN1dGVAeW9wbWFpbC5jb20ifQ.mcQSEamK-Gw4QC9B-GihOOi9uotSeghQTz4ihdfSFEk', 'ios', 'fGdys59YPUQIpOtzQcJ0Rl:APA91bFGITKxvRX5oo5l0IRsDH3e8g1ayP8v9oDRl_8bqaUXb50P5YIVnXuSxwayqTAXFIYktsB-VfQAHAly_l56B8Nsyzif1EK_RXfz5DQfLRT2P8Y3ZB5Zt4Asdz8Gmv7WNpW_RNc0', 'custom', NULL, '182.176.179.165', 'Dart/2.18 (dart:io)', '2024-01-16 05:31:52', NULL, NULL),
(133, 117, 'eyJhbGciOiJIUzI1NiIsInR5cCI6IkpXVCJ9.eyJlbWFpbCI6InBlbkB5b3BtYWlsLmNvbSIsImlhdCI6MTcwNTM5MjE3MCwiZXhwIjoxNzA1OTk2OTcwLCJpc3MiOiI1OTIwMDc0OC0zNmZjLTI3NDQtMzU1LThjMTI4MWY3ZmNkMiIsInN1YiI6IjU5MjAwNzQ4LTM2ZmMtMjc0NC0zNTUtOGMxMjgxZjdmY2QyIiwianRpIjoicGVuQHlvcG1haWwuY29tIn0.Iy7NYrzH-20O00CLahvHyYbQKFqFUdqoDGghmYhcU0g', 'ios', 'f4VdpswltkomuITX8Ua3Dc:APA91bEdtgDEkrW76yHJAntaZNSP8x7TBMhVW8mZdjcviGYyzR1puBnHulXreNjxbfkELZUMS40r94BTS8Fmg1LVS4e4p5bc8Tg4q1uz8wPol7AfyajKHZoWe-BNapnQFHX6bQa3BeAt', 'custom', NULL, '182.176.179.165', 'Dart/2.18 (dart:io)', '2024-01-16 08:02:51', NULL, NULL),
(135, 111, 'eyJhbGciOiJIUzI1NiIsInR5cCI6IkpXVCJ9.eyJlbWFpbCI6Ik1lbGlzc2Euam9obnNvbjExODVAZ21haWwuY29tIiwiaWF0IjoxNzA1NjY3NTk3LCJleHAiOjE3MDYyNzIzOTcsImlzcyI6IjU5MjAwNzQ4LTM2ZmMtMjc0NC0zNTUtOGMxMjgxZjdmY2QyIiwic3ViIjoiNTkyMDA3NDgtMzZmYy0yNzQ0LTM1NS04YzEyODFmN2ZjZDIiLCJqdGkiOiJNZWxpc3NhLmpvaG5zb24xMTg1QGdtYWlsLmNvbSJ9.yElJa5L5ievGgCDsv8_20hF929BPb21KeWNsCA5BBAw', 'ios', 'ezn7dzaV2k7hs0-QbbE3Yi:APA91bFzvdWBBp4JebpbK4iYJb3XuqVDRsMJF-Td1FxhpzrETPYsmY1xlGMIaVNH3bc5XyuK227EN1Lxehi1Q9kUhMUfVpFMFqg1uUuL0t6aMe-L0X-EH9xGPWACUA5gownB080JeYUb', 'custom', NULL, '108.34.183.60', 'Dart/2.18 (dart:io)', '2024-01-19 12:33:17', NULL, NULL),
(137, 98, 'eyJhbGciOiJIUzI1NiIsInR5cCI6IkpXVCJ9.eyJlbWFpbCI6ImRlbkB5b3BtYWlsLmNvbSIsImlhdCI6MTcwNTY2NzY0MCwiZXhwIjoxNzA2MjcyNDQwLCJpc3MiOiI1OTIwMDc0OC0zNmZjLTI3NDQtMzU1LThjMTI4MWY3ZmNkMiIsInN1YiI6IjU5MjAwNzQ4LTM2ZmMtMjc0NC0zNTUtOGMxMjgxZjdmY2QyIiwianRpIjoiZGVuQHlvcG1haWwuY29tIn0.PNYIGjkf9j-3HN5aoscmTk-KI0qJ-Drx_aEXCmEGLd4', 'android', 'dJ2sufJPT5i4UJHz9-8W_T:APA91bG3l75DQNsHB3fC5BllmgWJ4PTeC7E0764ZlheiuOnugEh5X2v8j7mN3aMDCdD5oF4eOMxJAvMbv8enVAzNuhaswWScJJV98oUGI-eU0LBTqarZp6YlXfzSHtlYzWNver40pzvB', 'custom', NULL, '182.176.179.165', 'Dart/2.18 (dart:io)', '2024-01-19 12:34:00', NULL, NULL),
(138, 98, 'eyJhbGciOiJIUzI1NiIsInR5cCI6IkpXVCJ9.eyJlbWFpbCI6ImRlbkB5b3BtYWlsLmNvbSIsImlhdCI6MTcwNTY2ODQ3NSwiZXhwIjoxNzA2MjczMjc1LCJpc3MiOiI1OTIwMDc0OC0zNmZjLTI3NDQtMzU1LThjMTI4MWY3ZmNkMiIsInN1YiI6IjU5MjAwNzQ4LTM2ZmMtMjc0NC0zNTUtOGMxMjgxZjdmY2QyIiwianRpIjoiZGVuQHlvcG1haWwuY29tIn0.QZuDvwzynveGPLcYT04PpavetWFAHlmQxVXtxn_Dixk', 'ios', 'dQaKat1Tz0cUnCzk2dIeS1:APA91bF1Cw04ZAqV4r4i6UgihpEyvIsW9_QhSo5Q2xRCntmofGLcCZDCOXRYuQpRPMHr09s8awLiH1eiCsltz10dG6WKYOfTDWx_zaVBVah22R-lMPEYFaK5AJfOl5XGmm3ORQ6gK9te', 'custom', NULL, '182.176.179.165', 'Dart/2.18 (dart:io)', '2024-01-19 12:47:55', NULL, NULL),
(139, 84, 'eyJhbGciOiJIUzI1NiIsInR5cCI6IkpXVCJ9.eyJlbWFpbCI6ImtjMUB5b3BtYWlsLmNvbSIsImlhdCI6MTcwNTY2ODk3NCwiZXhwIjoxNzA2MjczNzc0LCJpc3MiOiI1OTIwMDc0OC0zNmZjLTI3NDQtMzU1LThjMTI4MWY3ZmNkMiIsInN1YiI6IjU5MjAwNzQ4LTM2ZmMtMjc0NC0zNTUtOGMxMjgxZjdmY2QyIiwianRpIjoia2MxQHlvcG1haWwuY29tIn0.oycULKal86Kii2McvkjI43qHkzGCLQMEzHVqorTxCv0', 'android', 'fo5r_kCsQMuoA9-QZugs7w:APA91bHV-PP5wWkPbsMF7Ec8dXlwn1XbJZ1CU16PN0OO5GVwwCSVRxxLwcoYNntKYVO1soaS9CeDAQcT8qsEVpeJISIF6wTvQRqOuMCws7JxRyn8Ol_irRDjjcD_DF9Ba-KMHaha9k5T', 'custom', NULL, '182.176.179.165', 'Dart/2.18 (dart:io)', '2024-01-19 12:56:15', NULL, NULL),
(140, 98, 'eyJhbGciOiJIUzI1NiIsInR5cCI6IkpXVCJ9.eyJlbWFpbCI6IkRlbkB5b3BtYWlsLmNvbSIsImlhdCI6MTcwNTcwMTI3MCwiZXhwIjoxNzA2MzA2MDcwLCJpc3MiOiI1OTIwMDc0OC0zNmZjLTI3NDQtMzU1LThjMTI4MWY3ZmNkMiIsInN1YiI6IjU5MjAwNzQ4LTM2ZmMtMjc0NC0zNTUtOGMxMjgxZjdmY2QyIiwianRpIjoiRGVuQHlvcG1haWwuY29tIn0.0e8_SKI-z088ZnVMuEgdkdg9c4OF0onl-CpbdLlFDP4', 'ios', 'euwE_8lrQkjNomJyMPcjsO:APA91bFBJ6aiOmAev-ENkQz0NMT2C0RVUEMaVYCUCWVhRy2iqgSBbVH0yrWoBsmeAZDD-oEYhRjlr0cjpcAw66kZpAkkWx0azEiBVyeES9O10xGYiLs3_O5PWW4wetpSLQj3Cmjo51WD', 'custom', NULL, '174.160.178.127', 'Dart/2.18 (dart:io)', '2024-01-19 21:54:30', NULL, NULL),
(141, 120, 'eyJhbGciOiJIUzI1NiIsInR5cCI6IkpXVCJ9.eyJlbWFpbCI6Imdpb3Zhbm5pam9zZXBoMjAwMUBnbWFpbC5jb20iLCJpYXQiOjE3MDYwMjkzMDYsImV4cCI6MTcwNjYzNDEwNiwiaXNzIjoiNTkyMDA3NDgtMzZmYy0yNzQ0LTM1NS04YzEyODFmN2ZjZDIiLCJzdWIiOiI1OTIwMDc0OC0zNmZjLTI3NDQtMzU1LThjMTI4MWY3ZmNkMiIsImp0aSI6Imdpb3Zhbm5pam9zZXBoMjAwMUBnbWFpbC5jb20ifQ.yxNO-U_tLrT-ezc2O-1FsTuPs2dMePLunuFE1UKQ5p8', 'ios', 'cy0Y44oaMkRXst5Dsl1tY_:APA91bES1Xg0UJwZYTMP5Lqbg2jr9w926K6Jji55rSO1RofAuToXvd_DAeFsaMQ2eniTUapdzWZBk-DbodFzbdodzWuTYdTABowIPr7FgK-1_JO4lV9UY9OjUcuuZcaql2au10heoRhy', 'custom', NULL, '98.182.93.133', 'Dart/2.18 (dart:io)', '2024-01-23 17:01:46', NULL, NULL),
(142, 121, 'eyJhbGciOiJIUzI1NiIsInR5cCI6IkpXVCJ9.eyJlbWFpbCI6Im1hbm55ZnJla28xNzBAZ21haWwuY29tIiwiaWF0IjoxNzA2MDMwMDE0LCJleHAiOjE3MDY2MzQ4MTQsImlzcyI6IjU5MjAwNzQ4LTM2ZmMtMjc0NC0zNTUtOGMxMjgxZjdmY2QyIiwic3ViIjoiNTkyMDA3NDgtMzZmYy0yNzQ0LTM1NS04YzEyODFmN2ZjZDIiLCJqdGkiOiJtYW5ueWZyZWtvMTcwQGdtYWlsLmNvbSJ9.fhmwbRUlFc-WkN5RLeseU0IakqAq56Tp69icWtIGrC8', 'ios', 'ewGm6WKqEUmEq5W6DfGJSu:APA91bGCv31EGwxCoTYIbg-zQCZcXt85yRx3amTyqmxiXa3SXjYa-jbut1IZ6thTlXOrXNXbxb9lu8ZtpL5mQ6sjUAXEF8hvGQEEszsClgkUZ_Y2veizn_7DGyCLD0_oe57wu6Hh7z7Y', 'custom', NULL, '174.233.16.34', 'Dart/2.18 (dart:io)', '2024-01-23 17:13:34', NULL, NULL),
(143, 122, 'eyJhbGciOiJIUzI1NiIsInR5cCI6IkpXVCJ9.eyJlbWFpbCI6Im9zdXJ5MTkzMEBnbWFpbC5jb20iLCJpYXQiOjE3MDYxOTYwNzYsImV4cCI6MTcwNjgwMDg3NiwiaXNzIjoiNTkyMDA3NDgtMzZmYy0yNzQ0LTM1NS04YzEyODFmN2ZjZDIiLCJzdWIiOiI1OTIwMDc0OC0zNmZjLTI3NDQtMzU1LThjMTI4MWY3ZmNkMiIsImp0aSI6Im9zdXJ5MTkzMEBnbWFpbC5jb20ifQ.4eFj4-4WOY-dM-VES8yifhKBIX14QzLwbQ2XZqUP4no', 'ios', 'c_JDl6Wb40kaiNpiujq31w:APA91bGrjlDSft4q90eO_R9AU6kaQir6rcY3pFVfsDxT4D1H6R8mSPeVXYO-ikW8zy1KL6e4Hjfjug9EB46u3LKThIt1rsgg0kDon5WsUMMMVuVnaItYOAna9G34Om4Vf-Ymzzii-hNk', 'custom', NULL, '172.56.113.231', 'Dart/2.18 (dart:io)', '2024-01-25 15:21:16', NULL, NULL),
(144, 123, 'eyJhbGciOiJIUzI1NiIsInR5cCI6IkpXVCJ9.eyJlbWFpbCI6ImFkcnlhbnAyMDAwQGdtYWlsLmNvbSIsImlhdCI6MTcwNjIwODM2NiwiZXhwIjoxNzA2ODEzMTY2LCJpc3MiOiI1OTIwMDc0OC0zNmZjLTI3NDQtMzU1LThjMTI4MWY3ZmNkMiIsInN1YiI6IjU5MjAwNzQ4LTM2ZmMtMjc0NC0zNTUtOGMxMjgxZjdmY2QyIiwianRpIjoiYWRyeWFucDIwMDBAZ21haWwuY29tIn0.xQE5tuEdsr1qsuBteIs00V2tgydDGwVUuSoT45HV9ZM', 'ios', 'dQ8PzOe8MUW3pqQ5kfsyqg:APA91bG3KYIQkcdo4i2SrKBrdCJl4aDBxUueR63AQBJRTjMnXIoFm4zk7KCpvzNJ1KOd7-0DnpAMTHLAZGW2tjO7Fq38XkcqkIl_T08zTR9G0cDf-Ltv9gdV0h7rAcON3P5jLvLro3Ox', 'custom', NULL, '172.56.112.121', 'Dart/2.18 (dart:io)', '2024-01-25 18:46:06', NULL, NULL),
(145, 111, 'eyJhbGciOiJIUzI1NiIsInR5cCI6IkpXVCJ9.eyJlbWFpbCI6Ik1lbGlzc2Euam9obnNvbjExODVAZ21haWwuY29tIiwiaWF0IjoxNzA2NDEwMjMxLCJleHAiOjE3MDcwMTUwMzEsImlzcyI6IjU5MjAwNzQ4LTM2ZmMtMjc0NC0zNTUtOGMxMjgxZjdmY2QyIiwic3ViIjoiNTkyMDA3NDgtMzZmYy0yNzQ0LTM1NS04YzEyODFmN2ZjZDIiLCJqdGkiOiJNZWxpc3NhLmpvaG5zb24xMTg1QGdtYWlsLmNvbSJ9.1IMyXkAmMnjUm-L5zR6_kAnzWbGcZ2eYzH01b4nm_R8', 'ios', 'ezn7dzaV2k7hs0-QbbE3Yi:APA91bFzvdWBBp4JebpbK4iYJb3XuqVDRsMJF-Td1FxhpzrETPYsmY1xlGMIaVNH3bc5XyuK227EN1Lxehi1Q9kUhMUfVpFMFqg1uUuL0t6aMe-L0X-EH9xGPWACUA5gownB080JeYUb', 'custom', NULL, '12.74.59.146', 'Dart/2.18 (dart:io)', '2024-01-28 02:50:32', NULL, NULL),
(148, 112, 'eyJhbGciOiJIUzI1NiIsInR5cCI6IkpXVCJ9.eyJlbWFpbCI6ImtjMTFAeW9wbWFpbC5jb20iLCJpYXQiOjE3MDY2MjY2MjcsImV4cCI6MTcwNzIzMTQyNywiaXNzIjoiNTkyMDA3NDgtMzZmYy0yNzQ0LTM1NS04YzEyODFmN2ZjZDIiLCJzdWIiOiI1OTIwMDc0OC0zNmZjLTI3NDQtMzU1LThjMTI4MWY3ZmNkMiIsImp0aSI6ImtjMTFAeW9wbWFpbC5jb20ifQ.jKCO0S6OtGQglxs3fB9wGZKLfBrcjQ54Oiu7hhBlb1E', 'ios', 'fX7IgkX2mkeOmZisi1DZVN:APA91bGYYUBplFcBHZ9KYKfUUm71sC1xeHrZSC5CnmA4JSOKI8QQ-Y9VSfChJA2L1TBUiuN8EC1y75L_Ut5OVk4SvFjQ0SmzfMzTwoK3T3RN3G39Jq_WJT4PiuWgY7memyWmabZJpSQ3', 'custom', NULL, '202.165.227.130', 'Dart/2.18 (dart:io)', '2024-01-30 14:57:08', NULL, NULL),
(149, 114, 'eyJhbGciOiJIUzI1NiIsInR5cCI6IkpXVCJ9.eyJlbWFpbCI6ImtjMTNAeW9wbWFpbC5jb20iLCJpYXQiOjE3MDY2MjY3MTAsImV4cCI6MTcwNzIzMTUxMCwiaXNzIjoiNTkyMDA3NDgtMzZmYy0yNzQ0LTM1NS04YzEyODFmN2ZjZDIiLCJzdWIiOiI1OTIwMDc0OC0zNmZjLTI3NDQtMzU1LThjMTI4MWY3ZmNkMiIsImp0aSI6ImtjMTNAeW9wbWFpbC5jb20ifQ.JcWuGBvT78A0RkE7svUbCep5um4FA0IZoCzF4LFbDMQ', 'android', 'fo5r_kCsQMuoA9-QZugs7w:APA91bHV-PP5wWkPbsMF7Ec8dXlwn1XbJZ1CU16PN0OO5GVwwCSVRxxLwcoYNntKYVO1soaS9CeDAQcT8qsEVpeJISIF6wTvQRqOuMCws7JxRyn8Ol_irRDjjcD_DF9Ba-KMHaha9k5T', 'custom', NULL, '202.165.227.130', 'Dart/2.18 (dart:io)', '2024-01-30 14:58:30', NULL, NULL),
(150, 112, 'eyJhbGciOiJIUzI1NiIsInR5cCI6IkpXVCJ9.eyJlbWFpbCI6ImtjMTFAeW9wbWFpbC5jb20iLCJpYXQiOjE3MDY2MjY3NzMsImV4cCI6MTcwNzIzMTU3MywiaXNzIjoiNTkyMDA3NDgtMzZmYy0yNzQ0LTM1NS04YzEyODFmN2ZjZDIiLCJzdWIiOiI1OTIwMDc0OC0zNmZjLTI3NDQtMzU1LThjMTI4MWY3ZmNkMiIsImp0aSI6ImtjMTFAeW9wbWFpbC5jb20ifQ.T0-_zCDSAbH2YXLq2G1vc4PinMv0ibgU3MhLB-ng57g', 'ios', 'dQaKat1Tz0cUnCzk2dIeS1:APA91bF1Cw04ZAqV4r4i6UgihpEyvIsW9_QhSo5Q2xRCntmofGLcCZDCOXRYuQpRPMHr09s8awLiH1eiCsltz10dG6WKYOfTDWx_zaVBVah22R-lMPEYFaK5AJfOl5XGmm3ORQ6gK9te', 'custom', NULL, '45.131.195.126', 'Dart/2.18 (dart:io)', '2024-01-30 14:59:34', NULL, NULL),
(152, 98, 'eyJhbGciOiJIUzI1NiIsInR5cCI6IkpXVCJ9.eyJlbWFpbCI6ImRlbkB5b3BtYWlsLmNvbSIsImlhdCI6MTcwNjY4ODcxOCwiZXhwIjoxNzA3MjkzNTE4LCJpc3MiOiI1OTIwMDc0OC0zNmZjLTI3NDQtMzU1LThjMTI4MWY3ZmNkMiIsInN1YiI6IjU5MjAwNzQ4LTM2ZmMtMjc0NC0zNTUtOGMxMjgxZjdmY2QyIiwianRpIjoiZGVuQHlvcG1haWwuY29tIn0.t1jXJbU-tzXVH3bwX0S3UuDQ-YB6grMGFnB9PIFOGpE', 'android', 'cT46EflSScau267WwsIAPK:APA91bGFLqJuPhHDkPUQskwvyw5V7vxCQCfjuvmDmKF7s81Ktv9-L5k0d7GxP2dfNUZ2wpB1umMYOD_2iZ0BBrDZJNgEcr8q7n0H9tEuuG0TdnbCySDxA8Un8rLCNCMlNQPevyfQaqoo', 'custom', NULL, '202.165.227.130', 'Dart/2.18 (dart:io)', '2024-01-31 08:11:58', NULL, NULL),
(153, 98, 'eyJhbGciOiJIUzI1NiIsInR5cCI6IkpXVCJ9.eyJlbWFpbCI6ImRlbkB5b3BtYWlsLmNvbSIsImlhdCI6MTcwNjY5NDM3NCwiZXhwIjoxNzA3Mjk5MTc0LCJpc3MiOiI1OTIwMDc0OC0zNmZjLTI3NDQtMzU1LThjMTI4MWY3ZmNkMiIsInN1YiI6IjU5MjAwNzQ4LTM2ZmMtMjc0NC0zNTUtOGMxMjgxZjdmY2QyIiwianRpIjoiZGVuQHlvcG1haWwuY29tIn0.ZCdH5qPmsitisiUvR7OZJkBoVtecy6YVkH_tkRXhmOc', 'android', 'eK3zJ8AeSBWE2jKi-E5BVB:APA91bGFh9IR_Dp7R7IFtJNLb3Wu6fTo2fY_NJsZAEE_BWMqhvHS8fJ2ygXsi_7Aal4QDsyGP_0PthQBN6y-tsGQZj0-fHcqwAHl0If_ibEVvZltBdjLLUCep7mZrLEqkYQ380rQDVYw', 'custom', NULL, '202.165.227.130', 'Dart/2.18 (dart:io)', '2024-01-31 09:46:14', NULL, NULL),
(154, 120, 'eyJhbGciOiJIUzI1NiIsInR5cCI6IkpXVCJ9.eyJlbWFpbCI6Imdpb3Zhbm5pam9zZXBoMjAwMUBnbWFpbC5jb20iLCJpYXQiOjE3MDY4MTMxNzQsImV4cCI6MTcwNzQxNzk3NCwiaXNzIjoiNTkyMDA3NDgtMzZmYy0yNzQ0LTM1NS04YzEyODFmN2ZjZDIiLCJzdWIiOiI1OTIwMDc0OC0zNmZjLTI3NDQtMzU1LThjMTI4MWY3ZmNkMiIsImp0aSI6Imdpb3Zhbm5pam9zZXBoMjAwMUBnbWFpbC5jb20ifQ.w_KaW8THLBAPsXItZpoQbGBsKqcrEyT-2LUYacHal4o', 'ios', 'cy0Y44oaMkRXst5Dsl1tY_:APA91bES1Xg0UJwZYTMP5Lqbg2jr9w926K6Jji55rSO1RofAuToXvd_DAeFsaMQ2eniTUapdzWZBk-DbodFzbdodzWuTYdTABowIPr7FgK-1_JO4lV9UY9OjUcuuZcaql2au10heoRhy', 'custom', NULL, '98.182.93.133', 'Dart/2.18 (dart:io)', '2024-02-01 18:46:15', NULL, NULL),
(155, 111, 'eyJhbGciOiJIUzI1NiIsInR5cCI6IkpXVCJ9.eyJlbWFpbCI6Ik1lbGlzc2Euam9obnNvbjExODVAZ21haWwuY29tIiwiaWF0IjoxNzA3MzM4NzAxLCJleHAiOjE3MDc5NDM1MDEsImlzcyI6IjU5MjAwNzQ4LTM2ZmMtMjc0NC0zNTUtOGMxMjgxZjdmY2QyIiwic3ViIjoiNTkyMDA3NDgtMzZmYy0yNzQ0LTM1NS04YzEyODFmN2ZjZDIiLCJqdGkiOiJNZWxpc3NhLmpvaG5zb24xMTg1QGdtYWlsLmNvbSJ9.ZqFOPv4O_5KNDntBLj40sDZelKbFUWAYCtaMPHML5dQ', 'ios', 'ezn7dzaV2k7hs0-QbbE3Yi:APA91bFzvdWBBp4JebpbK4iYJb3XuqVDRsMJF-Td1FxhpzrETPYsmY1xlGMIaVNH3bc5XyuK227EN1Lxehi1Q9kUhMUfVpFMFqg1uUuL0t6aMe-L0X-EH9xGPWACUA5gownB080JeYUb', 'custom', NULL, '107.122.192.114', 'Dart/2.18 (dart:io)', '2024-02-07 20:45:02', NULL, NULL),
(156, 98, 'eyJhbGciOiJIUzI1NiIsInR5cCI6IkpXVCJ9.eyJlbWFpbCI6ImRlbkB5b3BtYWlsLmNvbSIsImlhdCI6MTcwODQxOTMwNywiZXhwIjoxNzA5MDI0MTA3LCJpc3MiOiI1OTIwMDc0OC0zNmZjLTI3NDQtMzU1LThjMTI4MWY3ZmNkMiIsInN1YiI6IjU5MjAwNzQ4LTM2ZmMtMjc0NC0zNTUtOGMxMjgxZjdmY2QyIiwianRpIjoiZGVuQHlvcG1haWwuY29tIn0.zrr5z39xDJ0NYztWQddMSOoRHSjEW1UEv3fyqgIV2Fc', 'android', 'dJ2sufJPT5i4UJHz9-8W_T:APA91bG3l75DQNsHB3fC5BllmgWJ4PTeC7E0764ZlheiuOnugEh5X2v8j7mN3aMDCdD5oF4eOMxJAvMbv8enVAzNuhaswWScJJV98oUGI-eU0LBTqarZp6YlXfzSHtlYzWNver40pzvB', 'custom', NULL, '110.93.226.6', 'Dart/2.18 (dart:io)', '2024-02-20 08:55:08', NULL, NULL),
(157, 111, 'eyJhbGciOiJIUzI1NiIsInR5cCI6IkpXVCJ9.eyJlbWFpbCI6Ik1lbGlzc2Euam9obnNvbjExODVAZ21haWwuY29tIiwiaWF0IjoxNzA4ODI2MzA5LCJleHAiOjE3MDk0MzExMDksImlzcyI6IjU5MjAwNzQ4LTM2ZmMtMjc0NC0zNTUtOGMxMjgxZjdmY2QyIiwic3ViIjoiNTkyMDA3NDgtMzZmYy0yNzQ0LTM1NS04YzEyODFmN2ZjZDIiLCJqdGkiOiJNZWxpc3NhLmpvaG5zb24xMTg1QGdtYWlsLmNvbSJ9.SK8BwQEWfkqINCR3iLuwkaEkG3Kgu9i90yfJAPuk14M', 'ios', 'ezn7dzaV2k7hs0-QbbE3Yi:APA91bFzvdWBBp4JebpbK4iYJb3XuqVDRsMJF-Td1FxhpzrETPYsmY1xlGMIaVNH3bc5XyuK227EN1Lxehi1Q9kUhMUfVpFMFqg1uUuL0t6aMe-L0X-EH9xGPWACUA5gownB080JeYUb', 'custom', NULL, '12.74.59.161', 'Dart/2.18 (dart:io)', '2024-02-25 01:58:29', NULL, NULL),
(165, 98, 'eyJhbGciOiJIUzI1NiIsInR5cCI6IkpXVCJ9.eyJlbWFpbCI6ImRlbkB5b3BtYWlsLmNvbSIsImlhdCI6MTcwOTc4NzE3NSwiZXhwIjoxNzEwMzkxOTc1LCJpc3MiOiI1OTIwMDc0OC0zNmZjLTI3NDQtMzU1LThjMTI4MWY3ZmNkMiIsInN1YiI6IjU5MjAwNzQ4LTM2ZmMtMjc0NC0zNTUtOGMxMjgxZjdmY2QyIiwianRpIjoiZGVuQHlvcG1haWwuY29tIn0.WmYiDSNJAF1EmE3Z4Op2vqaBahbliu6jYJDj8fCGf9s', 'android', 'fqZzu1lqR-W0ijQeyFnS6r:APA91bEaBihduq8m3ahgN0vX7vnUEg5wx2NsAeod5fD12tm1trl_k0jBinuCdrT0wZyZmgxUWzjbLX6edRRxeTLHXlfRHi4r6hw5-5KzsmPLTJJ9QvpVZhtOHP4fQRwYk6vUN5mEGBO8', 'custom', NULL, '154.57.216.237', 'Dart/2.18 (dart:io)', '2024-03-07 04:52:56', NULL, NULL),
(167, 98, 'eyJhbGciOiJIUzI1NiIsInR5cCI6IkpXVCJ9.eyJlbWFpbCI6ImRlbkB5b3BtYWlsLmNvbSIsImlhdCI6MTcxMDEzMTAxOCwiZXhwIjoxNzEwNzM1ODE4LCJpc3MiOiI1OTIwMDc0OC0zNmZjLTI3NDQtMzU1LThjMTI4MWY3ZmNkMiIsInN1YiI6IjU5MjAwNzQ4LTM2ZmMtMjc0NC0zNTUtOGMxMjgxZjdmY2QyIiwianRpIjoiZGVuQHlvcG1haWwuY29tIn0.j3zfXszG4mV4kk1hbSPt7b9feR8wliR4p6X7T8tCarE', 'android', 'eSY0UdI_Tz2qePFrjcICHC:APA91bGmA2jIEh8SPHiFRN_y4kHYvRVeNQqpbBmBcJkp5Z18WXsn9cYxuJtkB9h9TPGuPl0k1KSqUJnH9z1B-i-hHyAKr_Zif53JWSeiy0KSgRoTGHwZ5yTJSshrQr5nbRbmZtKgiF34', 'custom', NULL, '154.57.216.237', 'Dart/2.18 (dart:io)', '2024-03-11 04:23:39', NULL, NULL),
(168, 98, 'eyJhbGciOiJIUzI1NiIsInR5cCI6IkpXVCJ9.eyJlbWFpbCI6ImRlbkB5b3BtYWlsLmNvbSIsImlhdCI6MTcxMDEzMjE4MywiZXhwIjoxNzEwNzM2OTgzLCJpc3MiOiI1OTIwMDc0OC0zNmZjLTI3NDQtMzU1LThjMTI4MWY3ZmNkMiIsInN1YiI6IjU5MjAwNzQ4LTM2ZmMtMjc0NC0zNTUtOGMxMjgxZjdmY2QyIiwianRpIjoiZGVuQHlvcG1haWwuY29tIn0.6YzbiZ5fKSicWaI5yOy1y3E3BLfLVTJ2pd6aMciEgDk', 'android', 'eSY0UdI_Tz2qePFrjcICHC:APA91bGmA2jIEh8SPHiFRN_y4kHYvRVeNQqpbBmBcJkp5Z18WXsn9cYxuJtkB9h9TPGuPl0k1KSqUJnH9z1B-i-hHyAKr_Zif53JWSeiy0KSgRoTGHwZ5yTJSshrQr5nbRbmZtKgiF34', 'custom', NULL, '154.57.216.237', 'Dart/2.18 (dart:io)', '2024-03-11 04:43:04', NULL, NULL),
(169, 98, 'eyJhbGciOiJIUzI1NiIsInR5cCI6IkpXVCJ9.eyJlbWFpbCI6ImRlbkB5b3BtYWlsLmNvbSIsImlhdCI6MTcxMDIyMDc5OSwiZXhwIjoxNzEwODI1NTk5LCJpc3MiOiI1OTIwMDc0OC0zNmZjLTI3NDQtMzU1LThjMTI4MWY3ZmNkMiIsInN1YiI6IjU5MjAwNzQ4LTM2ZmMtMjc0NC0zNTUtOGMxMjgxZjdmY2QyIiwianRpIjoiZGVuQHlvcG1haWwuY29tIn0.z_YEm4TL4pClWoZfUk3D3twvs4pvQT1p3DmcHENTPx8', 'android', 'eSY0UdI_Tz2qePFrjcICHC:APA91bGmA2jIEh8SPHiFRN_y4kHYvRVeNQqpbBmBcJkp5Z18WXsn9cYxuJtkB9h9TPGuPl0k1KSqUJnH9z1B-i-hHyAKr_Zif53JWSeiy0KSgRoTGHwZ5yTJSshrQr5nbRbmZtKgiF34', 'custom', NULL, '154.57.216.237', 'Dart/2.18 (dart:io)', '2024-03-12 05:20:00', NULL, NULL),
(170, 98, 'eyJhbGciOiJIUzI1NiIsInR5cCI6IkpXVCJ9.eyJlbWFpbCI6ImRlbkB5b3BtYWlsLmNvbSIsImlhdCI6MTcxMDIyMTMxNywiZXhwIjoxNzEwODI2MTE3LCJpc3MiOiI1OTIwMDc0OC0zNmZjLTI3NDQtMzU1LThjMTI4MWY3ZmNkMiIsInN1YiI6IjU5MjAwNzQ4LTM2ZmMtMjc0NC0zNTUtOGMxMjgxZjdmY2QyIiwianRpIjoiZGVuQHlvcG1haWwuY29tIn0.DnL511rB4HLVB4z-UaFfp3voYqZxWwjsHrEO5qYjkhM', 'android', 'eSY0UdI_Tz2qePFrjcICHC:APA91bGmA2jIEh8SPHiFRN_y4kHYvRVeNQqpbBmBcJkp5Z18WXsn9cYxuJtkB9h9TPGuPl0k1KSqUJnH9z1B-i-hHyAKr_Zif53JWSeiy0KSgRoTGHwZ5yTJSshrQr5nbRbmZtKgiF34', 'custom', NULL, '154.57.216.237', 'Dart/2.18 (dart:io)', '2024-03-12 05:28:38', NULL, NULL),
(171, 98, 'eyJhbGciOiJIUzI1NiIsInR5cCI6IkpXVCJ9.eyJlbWFpbCI6ImRlbkB5b3BtYWlsLmNvbSIsImlhdCI6MTcxMDIyMTQyNCwiZXhwIjoxNzEwODI2MjI0LCJpc3MiOiI1OTIwMDc0OC0zNmZjLTI3NDQtMzU1LThjMTI4MWY3ZmNkMiIsInN1YiI6IjU5MjAwNzQ4LTM2ZmMtMjc0NC0zNTUtOGMxMjgxZjdmY2QyIiwianRpIjoiZGVuQHlvcG1haWwuY29tIn0.pNnTFkPxHSPcDdfwqcGVrJ9Hk_UYrNza_EXjf9a6IbQ', 'android', 'eSY0UdI_Tz2qePFrjcICHC:APA91bGmA2jIEh8SPHiFRN_y4kHYvRVeNQqpbBmBcJkp5Z18WXsn9cYxuJtkB9h9TPGuPl0k1KSqUJnH9z1B-i-hHyAKr_Zif53JWSeiy0KSgRoTGHwZ5yTJSshrQr5nbRbmZtKgiF34', 'custom', NULL, '154.57.216.237', 'Dart/2.18 (dart:io)', '2024-03-12 05:30:24', NULL, NULL),
(172, 98, 'eyJhbGciOiJIUzI1NiIsInR5cCI6IkpXVCJ9.eyJlbWFpbCI6ImRlbkB5b3BtYWlsLmNvbSIsImlhdCI6MTcxMDIyMzY1NCwiZXhwIjoxNzEwODI4NDU0LCJpc3MiOiI1OTIwMDc0OC0zNmZjLTI3NDQtMzU1LThjMTI4MWY3ZmNkMiIsInN1YiI6IjU5MjAwNzQ4LTM2ZmMtMjc0NC0zNTUtOGMxMjgxZjdmY2QyIiwianRpIjoiZGVuQHlvcG1haWwuY29tIn0.6numvZbz-ngj5S3t0PlGJ8rITjLRuMfuBfez1MB6ukY', 'android', 'eSY0UdI_Tz2qePFrjcICHC:APA91bGmA2jIEh8SPHiFRN_y4kHYvRVeNQqpbBmBcJkp5Z18WXsn9cYxuJtkB9h9TPGuPl0k1KSqUJnH9z1B-i-hHyAKr_Zif53JWSeiy0KSgRoTGHwZ5yTJSshrQr5nbRbmZtKgiF34', 'custom', NULL, '154.57.216.237', 'Dart/2.18 (dart:io)', '2024-03-12 06:07:34', NULL, NULL),
(192, 98, 'eyJhbGciOiJIUzI1NiIsInR5cCI6IkpXVCJ9.eyJlbWFpbCI6ImRlbkB5b3BtYWlsLmNvbSIsImlhdCI6MTcxMDUwNDI3MCwiZXhwIjoxNzExMTA5MDcwLCJpc3MiOiI1OTIwMDc0OC0zNmZjLTI3NDQtMzU1LThjMTI4MWY3ZmNkMiIsInN1YiI6IjU5MjAwNzQ4LTM2ZmMtMjc0NC0zNTUtOGMxMjgxZjdmY2QyIiwianRpIjoiZGVuQHlvcG1haWwuY29tIn0.U9jXs-DD1yskBDTXq10cN5-EUn1_R4L_EhISWi6Hj7U', 'android', 'eSY0UdI_Tz2qePFrjcICHC:APA91bGmA2jIEh8SPHiFRN_y4kHYvRVeNQqpbBmBcJkp5Z18WXsn9cYxuJtkB9h9TPGuPl0k1KSqUJnH9z1B-i-hHyAKr_Zif53JWSeiy0KSgRoTGHwZ5yTJSshrQr5nbRbmZtKgiF34', 'custom', NULL, '154.57.216.237', 'Dart/2.18 (dart:io)', '2024-03-15 12:04:30', NULL, NULL),
(193, 111, 'eyJhbGciOiJIUzI1NiIsInR5cCI6IkpXVCJ9.eyJlbWFpbCI6Ik1lbGlzc2Euam9obnNvbjExODVAZ21haWwuY29tIiwiaWF0IjoxNzEwNzYyMzczLCJleHAiOjE3MTEzNjcxNzMsImlzcyI6IjU5MjAwNzQ4LTM2ZmMtMjc0NC0zNTUtOGMxMjgxZjdmY2QyIiwic3ViIjoiNTkyMDA3NDgtMzZmYy0yNzQ0LTM1NS04YzEyODFmN2ZjZDIiLCJqdGkiOiJNZWxpc3NhLmpvaG5zb24xMTg1QGdtYWlsLmNvbSJ9.kEX4dUBT9H0e2dyxBMhAF0ZejvtHT4yG8ikOpx-3NO0', 'ios', 'ezn7dzaV2k7hs0-QbbE3Yi:APA91bFzvdWBBp4JebpbK4iYJb3XuqVDRsMJF-Td1FxhpzrETPYsmY1xlGMIaVNH3bc5XyuK227EN1Lxehi1Q9kUhMUfVpFMFqg1uUuL0t6aMe-L0X-EH9xGPWACUA5gownB080JeYUb', 'custom', NULL, '107.123.52.51', 'Dart/2.18 (dart:io)', '2024-03-18 11:46:13', NULL, NULL),
(203, 98, 'eyJhbGciOiJIUzI1NiIsInR5cCI6IkpXVCJ9.eyJlbWFpbCI6IkRlbkB5b3BtYWlsLmNvbSIsImlhdCI6MTcxMDkxNDcwNSwiZXhwIjoxNzExNTE5NTA1LCJpc3MiOiI1OTIwMDc0OC0zNmZjLTI3NDQtMzU1LThjMTI4MWY3ZmNkMiIsInN1YiI6IjU5MjAwNzQ4LTM2ZmMtMjc0NC0zNTUtOGMxMjgxZjdmY2QyIiwianRpIjoiRGVuQHlvcG1haWwuY29tIn0.RrqXYaWP_UutaWJFLTqUedXpuQkAhvyMh260nYfMUhU', 'ios', 'dpst88aLgEJ7iZAXzHt4Rc:APA91bHkJU9pslVehs0kb_i8sONs2xkZy3UDQrC1twA_tBRxLukqHtH2TILkJVgMXyXFQ3CiKrA3Dl2bEP1seMSgEyaIAJDI6rh3XEd6iY4FRoXkBF-x75n9kAqWnycZKGrQiGQC-4Xm', 'custom', NULL, '154.57.216.237', 'Dart/2.18 (dart:io)', '2024-03-20 06:05:05', NULL, NULL),
(204, 98, 'eyJhbGciOiJIUzI1NiIsInR5cCI6IkpXVCJ9.eyJlbWFpbCI6ImRlbkB5b3BtYWlsLmNvbSIsImlhdCI6MTcxMDkxNTE5OSwiZXhwIjoxNzExNTE5OTk5LCJpc3MiOiI1OTIwMDc0OC0zNmZjLTI3NDQtMzU1LThjMTI4MWY3ZmNkMiIsInN1YiI6IjU5MjAwNzQ4LTM2ZmMtMjc0NC0zNTUtOGMxMjgxZjdmY2QyIiwianRpIjoiZGVuQHlvcG1haWwuY29tIn0.OWyEBc4QqZAGQE6Vr0vk68vg_Arc1smfhBEfuH8UadI', 'android', 'cT46EflSScau267WwsIAPK:APA91bEsEs2nVcCqs3ZnXblMW1SDY4ls6rfeCmcnSdpqvR_reJt0fanCuia0TY5DF5C-tcfRSIH9WrcqDHkui7USZ6OAcvEkapSS9QiPyllnJGS3b6K1642htJNpbTXweVVpdErR6k-1', 'custom', NULL, '154.57.216.237', 'Dart/2.18 (dart:io)', '2024-03-20 06:13:20', NULL, NULL),
(205, 98, 'eyJhbGciOiJIUzI1NiIsInR5cCI6IkpXVCJ9.eyJlbWFpbCI6ImRlbkB5b3BtYWlsLmNvbSIsImlhdCI6MTcxMDkxNTMzMywiZXhwIjoxNzExNTIwMTMzLCJpc3MiOiI1OTIwMDc0OC0zNmZjLTI3NDQtMzU1LThjMTI4MWY3ZmNkMiIsInN1YiI6IjU5MjAwNzQ4LTM2ZmMtMjc0NC0zNTUtOGMxMjgxZjdmY2QyIiwianRpIjoiZGVuQHlvcG1haWwuY29tIn0.oSzEC3V8-sJ-jToVnNYiPGo3IEylq74XJW8FUTHy1Eo', 'android', 'fG0DITXQQE2nQ5LqnbAF8F:APA91bHV0_hH2kJjzspQRM-8VOxnBvBFUK0f2ekU1dgerbMaDg1khRGMgMPIcAP-xMW6oc-90b2sc3WMkGfVrY8Swe5TKG7IJcMaElFIfm0VuB3vS9M_IwExYu_zJnotGalam0tdNAYK', 'custom', NULL, '154.57.216.237', 'Dart/2.18 (dart:io)', '2024-03-20 06:15:33', NULL, NULL),
(206, 98, 'eyJhbGciOiJIUzI1NiIsInR5cCI6IkpXVCJ9.eyJlbWFpbCI6ImRlbkB5b3BtYWlsLmNvbSIsImlhdCI6MTcxMDkyMDM0OCwiZXhwIjoxNzExNTI1MTQ4LCJpc3MiOiI1OTIwMDc0OC0zNmZjLTI3NDQtMzU1LThjMTI4MWY3ZmNkMiIsInN1YiI6IjU5MjAwNzQ4LTM2ZmMtMjc0NC0zNTUtOGMxMjgxZjdmY2QyIiwianRpIjoiZGVuQHlvcG1haWwuY29tIn0.sai2I4c3EBaOUPF02g9vazLQfOghoUhqdzrrV2LIIQ4', 'android', 'dJ2sufJPT5i4UJHz9-8W_T:APA91bEh7VBcVVnTaDh4C3MMsPQPjITdrUplbN3tDLIkc9c9ko30SipyOrqUb3HbZk5k3f0l9sAO_tnDOWyJsbkdPuMe6fX3qAIg8ufAw_17sYdVhCG8mWuVSPa-oXYgv3B87_QBHgZw', 'custom', NULL, '154.57.216.237', 'Dart/2.18 (dart:io)', '2024-03-20 07:39:08', NULL, NULL),
(221, 98, 'eyJhbGciOiJIUzI1NiIsInR5cCI6IkpXVCJ9.eyJlbWFpbCI6ImRlbkB5b3BtYWlsLmNvbSIsImlhdCI6MTcxMDkyNjUwNSwiZXhwIjoxNzExNTMxMzA1LCJpc3MiOiI1OTIwMDc0OC0zNmZjLTI3NDQtMzU1LThjMTI4MWY3ZmNkMiIsInN1YiI6IjU5MjAwNzQ4LTM2ZmMtMjc0NC0zNTUtOGMxMjgxZjdmY2QyIiwianRpIjoiZGVuQHlvcG1haWwuY29tIn0.Y_FV6gqkYoYZSordseFbZCLrE7zi8JCnYLMuPkXGShY', 'android', 'fG0DITXQQE2nQ5LqnbAF8F:APA91bHV0_hH2kJjzspQRM-8VOxnBvBFUK0f2ekU1dgerbMaDg1khRGMgMPIcAP-xMW6oc-90b2sc3WMkGfVrY8Swe5TKG7IJcMaElFIfm0VuB3vS9M_IwExYu_zJnotGalam0tdNAYK', 'custom', NULL, '154.57.216.237', 'Dart/2.18 (dart:io)', '2024-03-20 09:21:46', NULL, NULL);
INSERT INTO `user_api_tokens` (`id`, `user_id`, `api_token`, `device_type`, `device_token`, `platform_type`, `platform_id`, `ip_address`, `user_agent`, `created_at`, `updated_at`, `deleted_at`) VALUES
(240, 143, 'eyJhbGciOiJIUzI1NiIsInR5cCI6IkpXVCJ9.eyJlbWFpbCI6InRlc3RAeW9wbWFpbC54b20iLCJpYXQiOjE3MTA5MzU0NTUsImV4cCI6MTcxMTU0MDI1NSwiaXNzIjoiNTkyMDA3NDgtMzZmYy0yNzQ0LTM1NS04YzEyODFmN2ZjZDIiLCJzdWIiOiI1OTIwMDc0OC0zNmZjLTI3NDQtMzU1LThjMTI4MWY3ZmNkMiIsImp0aSI6InRlc3RAeW9wbWFpbC54b20ifQ.EyNV_EIBlAbKlMhCgNIQPf_hlb-aKJHF5J3OV1yYrAg', 'android', 'fG0DITXQQE2nQ5LqnbAF8F:APA91bHV0_hH2kJjzspQRM-8VOxnBvBFUK0f2ekU1dgerbMaDg1khRGMgMPIcAP-xMW6oc-90b2sc3WMkGfVrY8Swe5TKG7IJcMaElFIfm0VuB3vS9M_IwExYu_zJnotGalam0tdNAYK', 'custom', NULL, '154.57.216.237', 'Dart/2.18 (dart:io)', '2024-03-20 11:50:56', NULL, NULL),
(245, 144, 'eyJhbGciOiJIUzI1NiIsInR5cCI6IkpXVCJ9.eyJlbWFpbCI6ImphY2ttYUB5b3BtYWlsLmNvbSIsImlhdCI6MTcxMTAwMjk4MCwiZXhwIjoxNzExNjA3NzgwLCJpc3MiOiI1OTIwMDc0OC0zNmZjLTI3NDQtMzU1LThjMTI4MWY3ZmNkMiIsInN1YiI6IjU5MjAwNzQ4LTM2ZmMtMjc0NC0zNTUtOGMxMjgxZjdmY2QyIiwianRpIjoiamFja21hQHlvcG1haWwuY29tIn0.sInUzcvA5EJPRSnK_eYnvRGihIDQlxvEiXRRJS2f2zo', 'ios', 'fL_g9V-GC0tTiVWPkulltG:APA91bHHHWfPw5yQ8C7lvm3iUSpZJKOaFA0bLiif0QLpfaMRMo_D-gGACdIkkG6tdXhRQlSEVLxmlo1vm6o4HMKmRc4LXn0ocnuE3K1v2lnBguYaMZscjKj4VmN17A4BJkK-c6b6QRIp', 'custom', NULL, '154.57.216.237', 'Dart/2.18 (dart:io)', '2024-03-21 06:36:20', NULL, NULL),
(247, 98, 'eyJhbGciOiJIUzI1NiIsInR5cCI6IkpXVCJ9.eyJlbWFpbCI6ImRlbkB5b3BtYWlsLmNvbSIsImlhdCI6MTcxMTAwMzQ1NywiZXhwIjoxNzExNjA4MjU3LCJpc3MiOiI1OTIwMDc0OC0zNmZjLTI3NDQtMzU1LThjMTI4MWY3ZmNkMiIsInN1YiI6IjU5MjAwNzQ4LTM2ZmMtMjc0NC0zNTUtOGMxMjgxZjdmY2QyIiwianRpIjoiZGVuQHlvcG1haWwuY29tIn0.ojmtJgf2cA5MS9KaxLmR7WAIwRye1NfRD5uuWgqbh3o', 'ios', 'fL_g9V-GC0tTiVWPkulltG:APA91bHHHWfPw5yQ8C7lvm3iUSpZJKOaFA0bLiif0QLpfaMRMo_D-gGACdIkkG6tdXhRQlSEVLxmlo1vm6o4HMKmRc4LXn0ocnuE3K1v2lnBguYaMZscjKj4VmN17A4BJkK-c6b6QRIp', 'custom', NULL, '154.57.216.237', 'Dart/2.18 (dart:io)', '2024-03-21 06:44:18', NULL, NULL),
(257, 147, 'eyJhbGciOiJIUzI1NiIsInR5cCI6IkpXVCJ9.eyJlbWFpbCI6ImphY2tAeW9wbWFpbC5jb20iLCJpYXQiOjE3MTEwMDUzMzksImV4cCI6MTcxMTYxMDEzOSwiaXNzIjoiNTkyMDA3NDgtMzZmYy0yNzQ0LTM1NS04YzEyODFmN2ZjZDIiLCJzdWIiOiI1OTIwMDc0OC0zNmZjLTI3NDQtMzU1LThjMTI4MWY3ZmNkMiIsImp0aSI6ImphY2tAeW9wbWFpbC5jb20ifQ.ifTWMj0rG2FwO4sQBuJjc4-kY3Iccb3QANTYFGULhME', 'ios', 'fE1rzAJJqEUFuKxmjtrID9:APA91bGQsulyR3H0v5mn7XGiDnaMMjzpL45n7RcvHKs3vr_GGTEGiYgShuuVtM4289amWdwMVtysWbRnPZjigwA0E7aww060fpiK9xeVeP-BUD1QEZhG7dKzEwqH1SgNdB55xxm6vu2C', 'custom', NULL, '154.57.216.237', 'Dart/2.18 (dart:io)', '2024-03-21 07:15:39', NULL, NULL),
(262, 148, 'eyJhbGciOiJIUzI1NiIsInR5cCI6IkpXVCJ9.eyJlbWFpbCI6ImplZmZAeW9wbWFpbC5jb20iLCJpYXQiOjE3MTEwMDU4MTksImV4cCI6MTcxMTYxMDYxOSwiaXNzIjoiNTkyMDA3NDgtMzZmYy0yNzQ0LTM1NS04YzEyODFmN2ZjZDIiLCJzdWIiOiI1OTIwMDc0OC0zNmZjLTI3NDQtMzU1LThjMTI4MWY3ZmNkMiIsImp0aSI6ImplZmZAeW9wbWFpbC5jb20ifQ.C44juqlVzuKNT_dIB83-tp2xJBdfH2OsCExFCVnoeUg', 'android', 'fo5r_kCsQMuoA9-QZugs7w:APA91bFWB8Woej7nYVAjFcTfWdG9Vue1GqoVGhbgdye97kTmW81f95PH2YfIwtMD2IfocXHsFinvzoR74KyGax3UuNPHlriupLkcLh1MmaBZtWD6hkcD8Oj8r0Pxwn9-r5KAqlFk9vs1', 'custom', NULL, '154.57.216.237', 'Dart/2.18 (dart:io)', '2024-03-21 07:23:40', NULL, NULL),
(269, 124, 'eyJhbGciOiJIUzI1NiIsInR5cCI6IkpXVCJ9.eyJlbWFpbCI6InRlc3RlcjIwMTkwMDJAZ21haWwuY29tIiwiaWF0IjoxNzExMDA3MzczLCJleHAiOjE3MTE2MTIxNzMsImlzcyI6IjU5MjAwNzQ4LTM2ZmMtMjc0NC0zNTUtOGMxMjgxZjdmY2QyIiwic3ViIjoiNTkyMDA3NDgtMzZmYy0yNzQ0LTM1NS04YzEyODFmN2ZjZDIiLCJqdGkiOiJ0ZXN0ZXIyMDE5MDAyQGdtYWlsLmNvbSJ9.V27J0RD7XT-d8onkA03P57-S3M9pyTnuMIbeeSH823g', 'ios', 'fE1rzAJJqEUFuKxmjtrID9:APA91bGQsulyR3H0v5mn7XGiDnaMMjzpL45n7RcvHKs3vr_GGTEGiYgShuuVtM4289amWdwMVtysWbRnPZjigwA0E7aww060fpiK9xeVeP-BUD1QEZhG7dKzEwqH1SgNdB55xxm6vu2C', 'google', '113235041818902274129', '154.57.216.237', 'Dart/2.18 (dart:io)', '2024-03-21 07:49:33', NULL, NULL),
(271, 147, 'eyJhbGciOiJIUzI1NiIsInR5cCI6IkpXVCJ9.eyJlbWFpbCI6ImphY2tAeW9wbWFpbC5jb20iLCJpYXQiOjE3MTEwMDc2NDIsImV4cCI6MTcxMTYxMjQ0MiwiaXNzIjoiNTkyMDA3NDgtMzZmYy0yNzQ0LTM1NS04YzEyODFmN2ZjZDIiLCJzdWIiOiI1OTIwMDc0OC0zNmZjLTI3NDQtMzU1LThjMTI4MWY3ZmNkMiIsImp0aSI6ImphY2tAeW9wbWFpbC5jb20ifQ.jnDbFeYbuqVymqRL8h-MnJadhCDAEyPdC7mIB_iGV1s', 'ios', 'fE1rzAJJqEUFuKxmjtrID9:APA91bGQsulyR3H0v5mn7XGiDnaMMjzpL45n7RcvHKs3vr_GGTEGiYgShuuVtM4289amWdwMVtysWbRnPZjigwA0E7aww060fpiK9xeVeP-BUD1QEZhG7dKzEwqH1SgNdB55xxm6vu2C', 'custom', NULL, '154.57.216.237', 'Dart/2.18 (dart:io)', '2024-03-21 07:54:02', NULL, NULL),
(274, 147, 'eyJhbGciOiJIUzI1NiIsInR5cCI6IkpXVCJ9.eyJlbWFpbCI6ImphY2tAeW9wbWFpbC5jb20iLCJpYXQiOjE3MTEwMTQ0NTQsImV4cCI6MTcxMTYxOTI1NCwiaXNzIjoiNTkyMDA3NDgtMzZmYy0yNzQ0LTM1NS04YzEyODFmN2ZjZDIiLCJzdWIiOiI1OTIwMDc0OC0zNmZjLTI3NDQtMzU1LThjMTI4MWY3ZmNkMiIsImp0aSI6ImphY2tAeW9wbWFpbC5jb20ifQ.zJInYzVWOoaL339IzbUvhgRz09Kee6hub4wexuJleDY', 'ios', 'fE1rzAJJqEUFuKxmjtrID9:APA91bGQsulyR3H0v5mn7XGiDnaMMjzpL45n7RcvHKs3vr_GGTEGiYgShuuVtM4289amWdwMVtysWbRnPZjigwA0E7aww060fpiK9xeVeP-BUD1QEZhG7dKzEwqH1SgNdB55xxm6vu2C', 'custom', NULL, '154.57.216.237', 'Dart/2.18 (dart:io)', '2024-03-21 09:47:34', NULL, NULL),
(276, 147, 'eyJhbGciOiJIUzI1NiIsInR5cCI6IkpXVCJ9.eyJlbWFpbCI6ImphY2tAeW9wbWFpbC5jb20iLCJpYXQiOjE3MTEwMjE1NDQsImV4cCI6MTcxMTYyNjM0NCwiaXNzIjoiNTkyMDA3NDgtMzZmYy0yNzQ0LTM1NS04YzEyODFmN2ZjZDIiLCJzdWIiOiI1OTIwMDc0OC0zNmZjLTI3NDQtMzU1LThjMTI4MWY3ZmNkMiIsImp0aSI6ImphY2tAeW9wbWFpbC5jb20ifQ.uaCA4JLudr4y7JdRdPgAVTwIJ1Rqmq6j-EGaTYVNJ_A', 'ios', 'e6OA6aDx9UsYvE5yuZoPzp:APA91bGM19LA5dsoUyEueUS9lFbtYrwh9onx_cnr7-iLGXN39UQuq_XoKwk81iEfhqxR8Lb9ZXnQj1ZIjvxHiCdYPjDhuZOsYmEsWoym1goBnbWyIQgNGaNJk6vqwT9HClz0-P9348Xd', 'custom', NULL, '154.57.216.237', 'Dart/2.18 (dart:io)', '2024-03-21 11:45:45', NULL, NULL),
(278, 147, 'eyJhbGciOiJIUzI1NiIsInR5cCI6IkpXVCJ9.eyJlbWFpbCI6ImphY2tAeW9wbWFpbC5jb20iLCJpYXQiOjE3MTEwODkzMjMsImV4cCI6MTcxMTY5NDEyMywiaXNzIjoiNTkyMDA3NDgtMzZmYy0yNzQ0LTM1NS04YzEyODFmN2ZjZDIiLCJzdWIiOiI1OTIwMDc0OC0zNmZjLTI3NDQtMzU1LThjMTI4MWY3ZmNkMiIsImp0aSI6ImphY2tAeW9wbWFpbC5jb20ifQ.RDwvigfx6fguit2nIGNRsaUVKBYWHViNU6HpkI4jQmw', 'ios', 'e3VgSLTDoEIPlYBXzyTBIw:APA91bH-46khAP9eTaQPa9q7lvwfWYSoOrrYx_MfxSTg4eFcmp7OAMAptDpXujc0hCvs5I35Rz9QmLoot0DUWMy9OHqXu_XIg05kF8bTy4h1meeS4FPMHJtfq6IWvs7XUKwT5vM7Svfk', 'custom', NULL, '154.57.216.237', 'Dart/2.18 (dart:io)', '2024-03-22 06:35:24', NULL, NULL),
(287, 148, 'eyJhbGciOiJIUzI1NiIsInR5cCI6IkpXVCJ9.eyJlbWFpbCI6ImplZmZAeW9wbWFpbC5jb20iLCJpYXQiOjE3MTEwOTg0ODksImV4cCI6MTcxMTcwMzI4OSwiaXNzIjoiNTkyMDA3NDgtMzZmYy0yNzQ0LTM1NS04YzEyODFmN2ZjZDIiLCJzdWIiOiI1OTIwMDc0OC0zNmZjLTI3NDQtMzU1LThjMTI4MWY3ZmNkMiIsImp0aSI6ImplZmZAeW9wbWFpbC5jb20ifQ.aCcOwzm-Kexqs2aSEWO9P9HdFuuOdaSlJEoLvJQbLPw', 'android', 'fo5r_kCsQMuoA9-QZugs7w:APA91bEFKRWBQk1aNYHTXR26U5ueITFhaRgefhDK7i9deSx93cFHYqI_La7onEQYnHxOBoG1BiaXgknJNwX3H7i_WXhAS7rJezuc0y4KypjBQ-sf93ORvlS_q76Mdfukbx1cGi8Pyagm', 'custom', NULL, '154.57.216.237', 'Dart/2.18 (dart:io)', '2024-03-22 09:08:10', NULL, NULL),
(291, 148, 'eyJhbGciOiJIUzI1NiIsInR5cCI6IkpXVCJ9.eyJlbWFpbCI6ImplZmZAeW9wbWFpbC5jb20iLCJpYXQiOjE3MTEwOTk2MjgsImV4cCI6MTcxMTcwNDQyOCwiaXNzIjoiNTkyMDA3NDgtMzZmYy0yNzQ0LTM1NS04YzEyODFmN2ZjZDIiLCJzdWIiOiI1OTIwMDc0OC0zNmZjLTI3NDQtMzU1LThjMTI4MWY3ZmNkMiIsImp0aSI6ImplZmZAeW9wbWFpbC5jb20ifQ.MCClLsbgKiX-CKVAhPfAioANZZTvjcxxVDu572wOQ0w', 'android', 'fo5r_kCsQMuoA9-QZugs7w:APA91bF1Hc5M9IdFcF968LI1ZLvwBZyXvLpehCPDVeZ9yiWmEhnzHj36RD15zeHbQBJ0OHbSrbUEDS-FBr6U8Vtsu2T-4tUeihC4lVeyMc_Wiyk_x_XfqOUzqVWdelUJoQnq7DFjaxiQ', 'custom', NULL, '154.57.216.237', 'Dart/2.18 (dart:io)', '2024-03-22 09:27:08', NULL, NULL),
(292, 148, 'eyJhbGciOiJIUzI1NiIsInR5cCI6IkpXVCJ9.eyJlbWFpbCI6ImplZmZAeW9wbWFpbC5jb20iLCJpYXQiOjE3MTExMDAyNzQsImV4cCI6MTcxMTcwNTA3NCwiaXNzIjoiNTkyMDA3NDgtMzZmYy0yNzQ0LTM1NS04YzEyODFmN2ZjZDIiLCJzdWIiOiI1OTIwMDc0OC0zNmZjLTI3NDQtMzU1LThjMTI4MWY3ZmNkMiIsImp0aSI6ImplZmZAeW9wbWFpbC5jb20ifQ.FWA_XbuIUH0wl3eq4tVzKaX6g97xOkfOboITAt_itEk', 'android', 'fo5r_kCsQMuoA9-QZugs7w:APA91bE8O1yXiioV83t9-6O_8VEmdqtIV0OFL5W5OHx0oRFvLY2-5niajw9TjacubZlNqm9xVvTtRwW7umIMcM4pUUdFp-J6Y53we0WVMUblUmCAS7inh-HG3Z1BaD6Ai0qzBgQo1rgd', 'custom', NULL, '154.57.216.237', 'Dart/2.18 (dart:io)', '2024-03-22 09:37:55', NULL, NULL),
(320, 155, 'eyJhbGciOiJIUzI1NiIsInR5cCI6IkpXVCJ9.eyJlbWFpbCI6ImRldmVsb3BlcnRlc3Q5NjNAZ21haWwuY29tIiwiaWF0IjoxNzExMzUxNTIzLCJleHAiOjE3MTE5NTYzMjMsImlzcyI6IjU5MjAwNzQ4LTM2ZmMtMjc0NC0zNTUtOGMxMjgxZjdmY2QyIiwic3ViIjoiNTkyMDA3NDgtMzZmYy0yNzQ0LTM1NS04YzEyODFmN2ZjZDIiLCJqdGkiOiJkZXZlbG9wZXJ0ZXN0OTYzQGdtYWlsLmNvbSJ9.mDMCUYM0LUnA-2is4txqkzKZ1fWEYY5MBnaDwxToZ60', 'android', 'fmWmA5yPSoy2hf5_KQBA2x:APA91bH2Ot3u5aiSf6xDDbNa-mLSL4cxRnMVJSiupmz9vgj_BPImJcGs4a9Bkr8Flseg89AOOuifnGvv3WPYcoqJx5wTYxcFbp6sw-oIUY2qdTq6owq6ddzzYZXnqnpbvSAzllo7Z5MT', 'google', '102131293845631615128', '154.57.216.237', 'Dart/2.18 (dart:io)', '2024-03-25 07:25:23', NULL, NULL),
(329, 147, 'eyJhbGciOiJIUzI1NiIsInR5cCI6IkpXVCJ9.eyJlbWFpbCI6ImphY2tAeW9wbWFpbC5jb20iLCJpYXQiOjE3MTEzNjA3OTQsImV4cCI6MTcxMTk2NTU5NCwiaXNzIjoiNTkyMDA3NDgtMzZmYy0yNzQ0LTM1NS04YzEyODFmN2ZjZDIiLCJzdWIiOiI1OTIwMDc0OC0zNmZjLTI3NDQtMzU1LThjMTI4MWY3ZmNkMiIsImp0aSI6ImphY2tAeW9wbWFpbC5jb20ifQ.PnT_WLM_83BUcedxlNqUXC_DOE6_VJvFOwVMFPIWE7Q', 'ios', 'cngt38IdXkRAutbgvv__eq:APA91bEmiqBWCSSKLfkRqx_rsvKfp4WDHsqsDe70DatUSZ6YF1xrtHGx-JP6RNnb06beEoLHydhADtWSHt-VElMwDTbvZmSfkxdiWrP6ygcF04RNqqtxtVp3f27zG52RPXeA9llDTUyp', 'custom', NULL, '154.57.216.237', 'Dart/2.18 (dart:io)', '2024-03-25 09:59:54', NULL, NULL),
(337, 161, 'eyJhbGciOiJIUzI1NiIsInR5cCI6IkpXVCJ9.eyJlbWFpbCI6InBvc0BwLmNvbSIsImlhdCI6MTcxMTM2MjQ3OSwiZXhwIjoxNzExOTY3Mjc5LCJpc3MiOiI1OTIwMDc0OC0zNmZjLTI3NDQtMzU1LThjMTI4MWY3ZmNkMiIsInN1YiI6IjU5MjAwNzQ4LTM2ZmMtMjc0NC0zNTUtOGMxMjgxZjdmY2QyIiwianRpIjoicG9zQHAuY29tIn0.UqQU4Ma52HuqHG57LF7mE3LRnxDRp03k0lY3AKpVdsc', 'ios', 'f5pjtm-prkX2u05UZD7Zdc:APA91bFzmtOnpmX78idUdSTlVA-L9lI-Ep9jIY-9d9_3JohToiFSOArK4E7n0Pfq2S3tRyr5eTCCyCXal9hgXF28m4ZWReQSI2O08p3Ih2trEZsIFjIORykGVW2C05oZuu0XAycrzfsG', 'custom', NULL, '154.57.216.237', 'Dart/2.18 (dart:io)', '2024-03-25 10:27:59', NULL, NULL),
(339, 161, 'eyJhbGciOiJIUzI1NiIsInR5cCI6IkpXVCJ9.eyJlbWFpbCI6InBvc0BwLmNvbSIsImlhdCI6MTcxMTM2NTU0MCwiZXhwIjoxNzExOTcwMzQwLCJpc3MiOiI1OTIwMDc0OC0zNmZjLTI3NDQtMzU1LThjMTI4MWY3ZmNkMiIsInN1YiI6IjU5MjAwNzQ4LTM2ZmMtMjc0NC0zNTUtOGMxMjgxZjdmY2QyIiwianRpIjoicG9zQHAuY29tIn0.toInMt9mb3hRZHIHGbiih4KaYMfMio1RKNOcuUTqQkk', 'ios', 'f5pjtm-prkX2u05UZD7Zdc:APA91bFzmtOnpmX78idUdSTlVA-L9lI-Ep9jIY-9d9_3JohToiFSOArK4E7n0Pfq2S3tRyr5eTCCyCXal9hgXF28m4ZWReQSI2O08p3Ih2trEZsIFjIORykGVW2C05oZuu0XAycrzfsG', 'custom', NULL, '154.57.216.237', 'Dart/2.18 (dart:io)', '2024-03-25 11:19:01', NULL, NULL),
(340, 162, 'eyJhbGciOiJIUzI1NiIsInR5cCI6IkpXVCJ9.eyJlbWFpbCI6ImthQGsuY29tIiwiaWF0IjoxNzExMzY2MTAyLCJleHAiOjE3MTE5NzA5MDIsImlzcyI6IjU5MjAwNzQ4LTM2ZmMtMjc0NC0zNTUtOGMxMjgxZjdmY2QyIiwic3ViIjoiNTkyMDA3NDgtMzZmYy0yNzQ0LTM1NS04YzEyODFmN2ZjZDIiLCJqdGkiOiJrYUBrLmNvbSJ9.dwyb6wOTQBEL_X4NBMwBuDN1zRDJ-mWrC_6Y39lPBXg', 'ios', 'f5pjtm-prkX2u05UZD7Zdc:APA91bFzmtOnpmX78idUdSTlVA-L9lI-Ep9jIY-9d9_3JohToiFSOArK4E7n0Pfq2S3tRyr5eTCCyCXal9hgXF28m4ZWReQSI2O08p3Ih2trEZsIFjIORykGVW2C05oZuu0XAycrzfsG', 'custom', NULL, '154.57.216.237', 'Dart/2.18 (dart:io)', '2024-03-25 11:28:22', NULL, NULL),
(341, 162, 'eyJhbGciOiJIUzI1NiIsInR5cCI6IkpXVCJ9.eyJlbWFpbCI6ImthQGsuY29tIiwiaWF0IjoxNzExMzY2MjMxLCJleHAiOjE3MTE5NzEwMzEsImlzcyI6IjU5MjAwNzQ4LTM2ZmMtMjc0NC0zNTUtOGMxMjgxZjdmY2QyIiwic3ViIjoiNTkyMDA3NDgtMzZmYy0yNzQ0LTM1NS04YzEyODFmN2ZjZDIiLCJqdGkiOiJrYUBrLmNvbSJ9.lu95uDrgTjJDNjWZG-9J_N2hV1218sbs0OjzpDcx0L4', 'ios', 'f5pjtm-prkX2u05UZD7Zdc:APA91bFzmtOnpmX78idUdSTlVA-L9lI-Ep9jIY-9d9_3JohToiFSOArK4E7n0Pfq2S3tRyr5eTCCyCXal9hgXF28m4ZWReQSI2O08p3Ih2trEZsIFjIORykGVW2C05oZuu0XAycrzfsG', 'custom', NULL, '154.57.216.237', 'Dart/2.18 (dart:io)', '2024-03-25 11:30:32', NULL, NULL),
(346, 166, 'eyJhbGciOiJIUzI1NiIsInR5cCI6IkpXVCJ9.eyJlbWFpbCI6Impvc0B5b3BtYWlsLmNvbSIsImlhdCI6MTcxMTM3Mjc0OCwiZXhwIjoxNzExOTc3NTQ4LCJpc3MiOiI1OTIwMDc0OC0zNmZjLTI3NDQtMzU1LThjMTI4MWY3ZmNkMiIsInN1YiI6IjU5MjAwNzQ4LTM2ZmMtMjc0NC0zNTUtOGMxMjgxZjdmY2QyIiwianRpIjoiam9zQHlvcG1haWwuY29tIn0.GQrRhJLVajKFhKr0lN0MpM9SgGL0cdQ8pcBWB9WEdk4', 'android', 'c6jjDmjxRUiaQ7uSSRmAQ3:APA91bF_hQmPP_t1HQHDLrxj1DEPxCy98IGmLzD6145O6LB6dn05zEei-BcrqVgujk8IcJoGQRu6IMvyPFwq3CiEZaIJk5pUPDF_peSFyiiEfqucxBC9uS5YovyR_bFWAaqevRoub0K4', 'custom', NULL, '154.57.216.237', 'Dart/2.18 (dart:io)', '2024-03-25 13:19:09', NULL, NULL),
(348, 167, 'eyJhbGciOiJIUzI1NiIsInR5cCI6IkpXVCJ9.eyJlbWFpbCI6ImhpbmZpbjQ3NkBnbWFpbC5jb20iLCJpYXQiOjE3MTEzNzM1MjQsImV4cCI6MTcxMTk3ODMyNCwiaXNzIjoiNTkyMDA3NDgtMzZmYy0yNzQ0LTM1NS04YzEyODFmN2ZjZDIiLCJzdWIiOiI1OTIwMDc0OC0zNmZjLTI3NDQtMzU1LThjMTI4MWY3ZmNkMiIsImp0aSI6ImhpbmZpbjQ3NkBnbWFpbC5jb20ifQ.CjWeBJquWAudfVJey89M8U1OwKs1aZV6hsPZNSzfPUk', 'android', 'c6jjDmjxRUiaQ7uSSRmAQ3:APA91bF_hQmPP_t1HQHDLrxj1DEPxCy98IGmLzD6145O6LB6dn05zEei-BcrqVgujk8IcJoGQRu6IMvyPFwq3CiEZaIJk5pUPDF_peSFyiiEfqucxBC9uS5YovyR_bFWAaqevRoub0K4', 'google', '101367490092929551797', '154.57.216.237', 'Dart/2.18 (dart:io)', '2024-03-25 13:32:05', NULL, NULL),
(363, 128, 'eyJhbGciOiJIUzI1NiIsInR5cCI6IkpXVCJ9.eyJlbWFpbCI6ImFsdmlzQHlvcG1haWwuY29tIiwiaWF0IjoxNzExNDUzODUwLCJleHAiOjE3MTIwNTg2NTAsImlzcyI6IjU5MjAwNzQ4LTM2ZmMtMjc0NC0zNTUtOGMxMjgxZjdmY2QyIiwic3ViIjoiNTkyMDA3NDgtMzZmYy0yNzQ0LTM1NS04YzEyODFmN2ZjZDIiLCJqdGkiOiJhbHZpc0B5b3BtYWlsLmNvbSJ9.ziTvxu0Wfe5wz8HoVvG-vhmarAHH3k7N-4RZjjOCcfw', 'android', 'dJ2sufJPT5i4UJHz9-8W_T:APA91bEh7VBcVVnTaDh4C3MMsPQPjITdrUplbN3tDLIkc9c9ko30SipyOrqUb3HbZk5k3f0l9sAO_tnDOWyJsbkdPuMe6fX3qAIg8ufAw_17sYdVhCG8mWuVSPa-oXYgv3B87_QBHgZw', 'custom', NULL, '154.57.216.237', 'Dart/2.18 (dart:io)', '2024-03-26 11:50:51', NULL, NULL),
(380, 178, 'eyJhbGciOiJIUzI1NiIsInR5cCI6IkpXVCJ9.eyJlbWFpbCI6ImRvbWluaWNrbHVjYXMuMDM4MDhAZ21haWwuY29tIiwiaWF0IjoxNzExNTMxNDMwLCJleHAiOjE3MTIxMzYyMzAsImlzcyI6IjU5MjAwNzQ4LTM2ZmMtMjc0NC0zNTUtOGMxMjgxZjdmY2QyIiwic3ViIjoiNTkyMDA3NDgtMzZmYy0yNzQ0LTM1NS04YzEyODFmN2ZjZDIiLCJqdGkiOiJkb21pbmlja2x1Y2FzLjAzODA4QGdtYWlsLmNvbSJ9.VIrDEeuN5nB2CVgFex1GgARJKOEV70SDCxF90ZDG0_g', 'android', 'N/A', 'google', '108547507778552876500', '66.102.8.99', 'Dart/2.18 (dart:io)', '2024-03-27 09:23:50', NULL, NULL),
(382, 98, 'eyJhbGciOiJIUzI1NiIsInR5cCI6IkpXVCJ9.eyJlbWFpbCI6ImRlbkB5b3BtYWlsLmNvbSIsImlhdCI6MTcxMTUzMTY2OCwiZXhwIjoxNzEyMTM2NDY4LCJpc3MiOiI1OTIwMDc0OC0zNmZjLTI3NDQtMzU1LThjMTI4MWY3ZmNkMiIsInN1YiI6IjU5MjAwNzQ4LTM2ZmMtMjc0NC0zNTUtOGMxMjgxZjdmY2QyIiwianRpIjoiZGVuQHlvcG1haWwuY29tIn0.uBnu6FmfAYOm4Kmox34prNBWmXfMRLF-YvaX7wpAT7g', 'android', 'dJ2sufJPT5i4UJHz9-8W_T:APA91bEh7VBcVVnTaDh4C3MMsPQPjITdrUplbN3tDLIkc9c9ko30SipyOrqUb3HbZk5k3f0l9sAO_tnDOWyJsbkdPuMe6fX3qAIg8ufAw_17sYdVhCG8mWuVSPa-oXYgv3B87_QBHgZw', 'custom', NULL, '154.57.216.237', 'Dart/2.18 (dart:io)', '2024-03-27 09:27:48', NULL, NULL),
(384, 179, 'eyJhbGciOiJIUzI1NiIsInR5cCI6IkpXVCJ9.eyJlbWFpbCI6ImplYW5ib3lkLjU5MTk3QGdtYWlsLmNvbSIsImlhdCI6MTcxMTUzMTk4NiwiZXhwIjoxNzEyMTM2Nzg2LCJpc3MiOiI1OTIwMDc0OC0zNmZjLTI3NDQtMzU1LThjMTI4MWY3ZmNkMiIsInN1YiI6IjU5MjAwNzQ4LTM2ZmMtMjc0NC0zNTUtOGMxMjgxZjdmY2QyIiwianRpIjoiamVhbmJveWQuNTkxOTdAZ21haWwuY29tIn0.H3SEjAIj0R1bhNYRdbVRk0PbcCmv3Og0HBuHmbX3T7U', 'android', 'N/A', 'google', '118052356920088485785', '66.102.8.100', 'Dart/2.18 (dart:io)', '2024-03-27 09:33:06', NULL, NULL),
(389, 124, 'eyJhbGciOiJIUzI1NiIsInR5cCI6IkpXVCJ9.eyJlbWFpbCI6InRlc3RlcjIwMTkwMDJAZ21haWwuY29tIiwiaWF0IjoxNzExNTM0MTgwLCJleHAiOjE3MTIxMzg5ODAsImlzcyI6IjU5MjAwNzQ4LTM2ZmMtMjc0NC0zNTUtOGMxMjgxZjdmY2QyIiwic3ViIjoiNTkyMDA3NDgtMzZmYy0yNzQ0LTM1NS04YzEyODFmN2ZjZDIiLCJqdGkiOiJ0ZXN0ZXIyMDE5MDAyQGdtYWlsLmNvbSJ9.8s4RUFYFaJgjwgO_f8uQljqdLEHXC45Yh9D-tQgHfog', 'android', 'cQFrnD0NS1isn9dD0lWys8:APA91bFZmgnwCgGMgfHWqz1iCB6FkoeMslA66xW-M5Pfjf4Uozaa_yUaHcc6UkN0v_lqsxaABcGBOlSqWKsivc-YYC-zbo4DUUl30MXIoRO4y4OHK-FkqQsZm2gcYJjKfEVwTIYv8GYo', 'google', '113235041818902274129', '154.57.216.237', 'Dart/2.18 (dart:io)', '2024-03-27 10:09:40', NULL, NULL),
(392, 181, 'eyJhbGciOiJIUzI1NiIsInR5cCI6IkpXVCJ9.eyJlbWFpbCI6InR5b0B0LmNvbSIsImlhdCI6MTcxMTUzNTk5MSwiZXhwIjoxNzEyMTQwNzkxLCJpc3MiOiI1OTIwMDc0OC0zNmZjLTI3NDQtMzU1LThjMTI4MWY3ZmNkMiIsInN1YiI6IjU5MjAwNzQ4LTM2ZmMtMjc0NC0zNTUtOGMxMjgxZjdmY2QyIiwianRpIjoidHlvQHQuY29tIn0.UcJ6nyV6B-u49sCZIjVl_d65J42e8WCJ9nYGKp6u7fM', 'android', 'fp5iGK1nTFu40es9RJ-jD5:APA91bENC4xZagTGSOt7lOL4i83qdT5wJn5HR3H2kfsUnIb_Me-efPpay9r0qslMucc1WNNCLYNGCqUOrQSNDVnBMP9G5e_msBdVNOkiYSpcrJWBWpCFgXW6kEHeB5T2xHdl-qCfLOQE', 'custom', NULL, '154.57.216.237', 'Dart/2.18 (dart:io)', '2024-03-27 10:39:52', NULL, NULL),
(398, 181, 'eyJhbGciOiJIUzI1NiIsInR5cCI6IkpXVCJ9.eyJlbWFpbCI6InR5b0B0LmNvbSIsImlhdCI6MTcxMTUzNjQ3NCwiZXhwIjoxNzEyMTQxMjc0LCJpc3MiOiI1OTIwMDc0OC0zNmZjLTI3NDQtMzU1LThjMTI4MWY3ZmNkMiIsInN1YiI6IjU5MjAwNzQ4LTM2ZmMtMjc0NC0zNTUtOGMxMjgxZjdmY2QyIiwianRpIjoidHlvQHQuY29tIn0.9l9Veg0cw_7HR-g2wZ-IHnMeOjMM9TYoPqgfmoOUkSA', 'android', 'dVctSDsgTDCS1gnpduhIpx:APA91bEWDfAXNt3m19cwt5IzGc6R9sYUv2R1lbbCXJpHOUOiuC8qW2NcqpQ5NcE856rLPnc-KGAcOyg2YhQoQ1hmv519lDNzjfSgw-6mjDQOmXdmJVD5U6gpjMeNAuoH9-i4XFAwBkeE', 'custom', NULL, '154.57.216.237', 'Dart/2.18 (dart:io)', '2024-03-27 10:47:55', NULL, NULL),
(399, 182, 'eyJhbGciOiJIUzI1NiIsInR5cCI6IkpXVCJ9.eyJlbWFpbCI6InlvcEB5b3AuY29tIiwiaWF0IjoxNzExNTM2NDk4LCJleHAiOjE3MTIxNDEyOTgsImlzcyI6IjU5MjAwNzQ4LTM2ZmMtMjc0NC0zNTUtOGMxMjgxZjdmY2QyIiwic3ViIjoiNTkyMDA3NDgtMzZmYy0yNzQ0LTM1NS04YzEyODFmN2ZjZDIiLCJqdGkiOiJ5b3BAeW9wLmNvbSJ9.GjQ1iMOYKu8dlymL5h9SaDlhNR5ZbJXbQNZ00J8Ams8', 'ios', 'eQEN2-guVEWGkbzda0Phw0:APA91bGTyfsNlAfi-noRLjwEZX4_ta5qnWaq_OiTGZA_BjqwSH8rGoLxAc4hhIPUZ2HECc8qMKk8akHzZUUmtH026RRTTPkVlV2sQ2xzUP4ttMtxoqanMvWXmQtkfQFA7r0eCnbjyhCf', 'custom', NULL, '154.57.216.237', 'Dart/2.18 (dart:io)', '2024-03-27 10:48:18', NULL, NULL),
(401, 181, 'eyJhbGciOiJIUzI1NiIsInR5cCI6IkpXVCJ9.eyJlbWFpbCI6InR5b0B0LmNvbSIsImlhdCI6MTcxMTUzNjY3MywiZXhwIjoxNzEyMTQxNDczLCJpc3MiOiI1OTIwMDc0OC0zNmZjLTI3NDQtMzU1LThjMTI4MWY3ZmNkMiIsInN1YiI6IjU5MjAwNzQ4LTM2ZmMtMjc0NC0zNTUtOGMxMjgxZjdmY2QyIiwianRpIjoidHlvQHQuY29tIn0.dfINQDTdUEwP3ZNzk7KeMWB8PgB4QFxfRZQPGcVVVyg', 'android', '1234567890', 'custom', NULL, '154.57.216.237', 'PostmanRuntime/7.37.0', '2024-03-27 10:51:13', NULL, NULL),
(402, 181, 'eyJhbGciOiJIUzI1NiIsInR5cCI6IkpXVCJ9.eyJlbWFpbCI6InR5b0B0LmNvbSIsImlhdCI6MTcxMTUzNjY3NSwiZXhwIjoxNzEyMTQxNDc1LCJpc3MiOiI1OTIwMDc0OC0zNmZjLTI3NDQtMzU1LThjMTI4MWY3ZmNkMiIsInN1YiI6IjU5MjAwNzQ4LTM2ZmMtMjc0NC0zNTUtOGMxMjgxZjdmY2QyIiwianRpIjoidHlvQHQuY29tIn0.wXcgnBE6ZCWlWoEkUKI6OU3R1DXMo6tUhmOUGLaQNY4', 'android', 'dVctSDsgTDCS1gnpduhIpx:APA91bEWDfAXNt3m19cwt5IzGc6R9sYUv2R1lbbCXJpHOUOiuC8qW2NcqpQ5NcE856rLPnc-KGAcOyg2YhQoQ1hmv519lDNzjfSgw-6mjDQOmXdmJVD5U6gpjMeNAuoH9-i4XFAwBkeE', 'custom', NULL, '154.57.216.237', 'Dart/2.18 (dart:io)', '2024-03-27 10:51:16', NULL, NULL),
(408, 181, 'eyJhbGciOiJIUzI1NiIsInR5cCI6IkpXVCJ9.eyJlbWFpbCI6InR5b0B0LmNvbSIsImlhdCI6MTcxMTUzOTkxOSwiZXhwIjoxNzEyMTQ0NzE5LCJpc3MiOiI1OTIwMDc0OC0zNmZjLTI3NDQtMzU1LThjMTI4MWY3ZmNkMiIsInN1YiI6IjU5MjAwNzQ4LTM2ZmMtMjc0NC0zNTUtOGMxMjgxZjdmY2QyIiwianRpIjoidHlvQHQuY29tIn0.jnKhoRRgwnHi4NJra6YhQOixQ8NP4yAOkIWIXhwEQy8', 'android', '1234567890', 'custom', NULL, '154.57.216.237', 'PostmanRuntime/7.37.0', '2024-03-27 11:45:20', NULL, NULL),
(414, 185, 'eyJhbGciOiJIUzI1NiIsInR5cCI6IkpXVCJ9.eyJlbWFpbCI6InBvcEBwLmNvbSIsImlhdCI6MTcxMTU0MTExOSwiZXhwIjoxNzEyMTQ1OTE5LCJpc3MiOiI1OTIwMDc0OC0zNmZjLTI3NDQtMzU1LThjMTI4MWY3ZmNkMiIsInN1YiI6IjU5MjAwNzQ4LTM2ZmMtMjc0NC0zNTUtOGMxMjgxZjdmY2QyIiwianRpIjoicG9wQHAuY29tIn0.OOUrJnwgTGUJoqel9f6TWHeZQMDJQ2o3KNU3CZwUy20', 'ios', 'fh-6CtMzykxWgdPkEz-SYI:APA91bG0Zb2bZT_j2FZop7E1xkH_DTSEy_T_ohwDXK1x5uwTGoMGwBz7TAB1kbsthZvHL0R3Z1PJZRGQKrqPMAk6-W7PBD-t1w5AAN-nbZXFzjq9i8RdTKh6C0uDQA_4SzY656fbEZW8', 'custom', NULL, '154.57.216.237', 'Dart/2.18 (dart:io)', '2024-03-27 12:05:19', NULL, NULL),
(417, 128, 'eyJhbGciOiJIUzI1NiIsInR5cCI6IkpXVCJ9.eyJlbWFpbCI6ImFsdmlzQHlvcG1haWwuY29tIiwiaWF0IjoxNzExNTQxNzEwLCJleHAiOjE3MTIxNDY1MTAsImlzcyI6IjU5MjAwNzQ4LTM2ZmMtMjc0NC0zNTUtOGMxMjgxZjdmY2QyIiwic3ViIjoiNTkyMDA3NDgtMzZmYy0yNzQ0LTM1NS04YzEyODFmN2ZjZDIiLCJqdGkiOiJhbHZpc0B5b3BtYWlsLmNvbSJ9.AwHeI6wVzrg7ei3urnOK44fY-fb_4yetPfzngFlbMJs', 'android', '1234567890', 'custom', NULL, '154.57.216.237', 'PostmanRuntime/7.37.0', '2024-03-27 12:15:11', NULL, NULL),
(420, 186, 'eyJhbGciOiJIUzI1NiIsInR5cCI6IkpXVCJ9.eyJlbWFpbCI6InNhbWFudGhhc2hhcnAuMDI0NThAZ21haWwuY29tIiwiaWF0IjoxNzExNTQ0ODUxLCJleHAiOjE3MTIxNDk2NTEsImlzcyI6IjU5MjAwNzQ4LTM2ZmMtMjc0NC0zNTUtOGMxMjgxZjdmY2QyIiwic3ViIjoiNTkyMDA3NDgtMzZmYy0yNzQ0LTM1NS04YzEyODFmN2ZjZDIiLCJqdGkiOiJzYW1hbnRoYXNoYXJwLjAyNDU4QGdtYWlsLmNvbSJ9.L0h2HrPWE9ohB0--Cm2avVNNxyzgcheCt4-RNv27j4Y', 'android', 'N/A', 'google', '100813721445999080803', '66.249.84.225', 'Dart/2.18 (dart:io)', '2024-03-27 13:07:32', NULL, NULL),
(425, 187, 'eyJhbGciOiJIUzI1NiIsInR5cCI6IkpXVCJ9.eyJlbWFpbCI6InNhbUB5b3BtYWlsLmNvbSIsImlhdCI6MTcxMTU0NjIwNCwiZXhwIjoxNzEyMTUxMDA0LCJpc3MiOiI1OTIwMDc0OC0zNmZjLTI3NDQtMzU1LThjMTI4MWY3ZmNkMiIsInN1YiI6IjU5MjAwNzQ4LTM2ZmMtMjc0NC0zNTUtOGMxMjgxZjdmY2QyIiwianRpIjoic2FtQHlvcG1haWwuY29tIn0.e-LKlWeoin4oIKEHz6fXdwtWwAqhQQ4o4cU9RF9kiGA', 'android', 'ftj6_5FxRFOdBWRn6DRGdT:APA91bHRCu2brzJN8Qk6My-6o16q5pX9kZApiL-zWYaTn1m3CpFD2AtsfdTrUKTTxwWnR02hIa_QTgipz98sHP7jpnabo8pGToizPUqcCJZSXFXVGbGeysOtPK7qXYE63ExzTmhotjZ8', 'custom', NULL, '154.57.216.237', 'Dart/2.18 (dart:io)', '2024-03-27 13:30:05', NULL, NULL),
(426, 188, 'eyJhbGciOiJIUzI1NiIsInR5cCI6IkpXVCJ9.eyJlbWFpbCI6Imx5bmRhaGFydC4wMTYxNUBnbWFpbC5jb20iLCJpYXQiOjE3MTE1NTk5NTgsImV4cCI6MTcxMjE2NDc1OCwiaXNzIjoiNTkyMDA3NDgtMzZmYy0yNzQ0LTM1NS04YzEyODFmN2ZjZDIiLCJzdWIiOiI1OTIwMDc0OC0zNmZjLTI3NDQtMzU1LThjMTI4MWY3ZmNkMiIsImp0aSI6Imx5bmRhaGFydC4wMTYxNUBnbWFpbC5jb20ifQ.IvJ05OEdiQcdZ8GyOjQrC55qW3FMIZWba7o6kO8jIjY', 'android', 'N/A', 'google', '109709133881832078880', '66.102.8.100', 'Dart/2.18 (dart:io)', '2024-03-27 17:19:19', NULL, NULL),
(432, 128, 'eyJhbGciOiJIUzI1NiIsInR5cCI6IkpXVCJ9.eyJlbWFpbCI6ImFsdmlzQHlvcG1haWwuY29tIiwiaWF0IjoxNzExNjk1NzEzLCJleHAiOjE3MTIzMDA1MTMsImlzcyI6IjU5MjAwNzQ4LTM2ZmMtMjc0NC0zNTUtOGMxMjgxZjdmY2QyIiwic3ViIjoiNTkyMDA3NDgtMzZmYy0yNzQ0LTM1NS04YzEyODFmN2ZjZDIiLCJqdGkiOiJhbHZpc0B5b3BtYWlsLmNvbSJ9.TZjhb85Y8bSogTZmxdnA7EA-WzeSPQgwEQDDTAM5qKA', 'android', 'd5CJUvG0TcuS8f-IcT4A8U:APA91bGHM8XrzAMs_79UTJEkVRgxtsnk3kpbAlMcf454XOa00twZv3qvS1kflBH2plyv-pmxzyeuj4v0ItBTDldA_Oj-bB6lJf4KW7yQvuhluE6UF3g12pXvzsFvLdcPA_eUuhnbhIht', 'custom', NULL, '154.57.216.237', 'Dart/3.2 (dart:io)', '2024-03-29 07:01:53', NULL, NULL),
(433, 98, 'eyJhbGciOiJIUzI1NiIsInR5cCI6IkpXVCJ9.eyJlbWFpbCI6ImRlbkB5b3BtYWlsLmNvbSIsImlhdCI6MTcxMTY5NTg5MSwiZXhwIjoxNzEyMzAwNjkxLCJpc3MiOiI1OTIwMDc0OC0zNmZjLTI3NDQtMzU1LThjMTI4MWY3ZmNkMiIsInN1YiI6IjU5MjAwNzQ4LTM2ZmMtMjc0NC0zNTUtOGMxMjgxZjdmY2QyIiwianRpIjoiZGVuQHlvcG1haWwuY29tIn0.MIXL5M3oBg-nKbwF06puTMHcWzP8CoMnhbyVCW7BQA8', 'android', 'fWdqU_crRDac01Qw8McL_3:APA91bFDz9IKwFCNk4gkLTBhDkntFNbhi88WyntDGcdcXen7NvGbEnnX5gn4SxSvdWARRhNOf7yICMZ5aKd9J-x4A6TNk7s8ml34mzzfRBFnBNkIDtKiNI7TizSy_MFGMOI87k2yk_HY', 'custom', NULL, '154.57.216.237', 'Dart/3.2 (dart:io)', '2024-03-29 07:04:52', NULL, NULL),
(434, 98, 'eyJhbGciOiJIUzI1NiIsInR5cCI6IkpXVCJ9.eyJlbWFpbCI6ImRlbkB5b3BtYWlsLmNvbSIsImlhdCI6MTcxMTcwNDAxOSwiZXhwIjoxNzEyMzA4ODE5LCJpc3MiOiI1OTIwMDc0OC0zNmZjLTI3NDQtMzU1LThjMTI4MWY3ZmNkMiIsInN1YiI6IjU5MjAwNzQ4LTM2ZmMtMjc0NC0zNTUtOGMxMjgxZjdmY2QyIiwianRpIjoiZGVuQHlvcG1haWwuY29tIn0.iXD8GBoJwfqmnryn2ZVq4L4CjyVGVZ7B86odi3OYmiw', 'android', 'fWdqU_crRDac01Qw8McL_3:APA91bFDz9IKwFCNk4gkLTBhDkntFNbhi88WyntDGcdcXen7NvGbEnnX5gn4SxSvdWARRhNOf7yICMZ5aKd9J-x4A6TNk7s8ml34mzzfRBFnBNkIDtKiNI7TizSy_MFGMOI87k2yk_HY', 'custom', NULL, '154.57.216.237', 'Dart/3.2 (dart:io)', '2024-03-29 09:20:20', NULL, NULL),
(438, 190, 'eyJhbGciOiJIUzI1NiIsInR5cCI6IkpXVCJ9.eyJlbWFpbCI6Impha0B5b3BtYWlsLmNvbSIsImlhdCI6MTcxMTcxMDMxMiwiZXhwIjoxNzEyMzE1MTEyLCJpc3MiOiI1OTIwMDc0OC0zNmZjLTI3NDQtMzU1LThjMTI4MWY3ZmNkMiIsInN1YiI6IjU5MjAwNzQ4LTM2ZmMtMjc0NC0zNTUtOGMxMjgxZjdmY2QyIiwianRpIjoiamFrQHlvcG1haWwuY29tIn0.e04QTZwRqtlM_VV7Xw6zvg0tm2JnMBm18xxwpQ-OSo8', 'ios', 'co-puvB1U0bOs8grA_Iyrm:APA91bFm2UAmMdDrYio5UnVN8IYaI530Sxd6nJz3TY0GwBNQOVoNM6Ghn9ON8mzRFlthvWPqEtfyktigw5gX0682zzqZmuJRzKDXMq3D5e28ZzqxOE5Y-Evtg_XTsqPqNYy09hCg974o', 'custom', NULL, '154.57.216.237', 'Dart/3.3 (dart:io)', '2024-03-29 11:05:13', NULL, NULL),
(439, 184, 'eyJhbGciOiJIUzI1NiIsInR5cCI6IkpXVCJ9.eyJlbWFpbCI6InRlc3RlcjIwMTkwMDFAZ21haWwuY29tIiwiaWF0IjoxNzExNzExNjM3LCJleHAiOjE3MTIzMTY0MzcsImlzcyI6IjU5MjAwNzQ4LTM2ZmMtMjc0NC0zNTUtOGMxMjgxZjdmY2QyIiwic3ViIjoiNTkyMDA3NDgtMzZmYy0yNzQ0LTM1NS04YzEyODFmN2ZjZDIiLCJqdGkiOiJ0ZXN0ZXIyMDE5MDAxQGdtYWlsLmNvbSJ9.lfdvOjqyg-LEAVBG3gvpGBfEytSL79A4AWx7S1Sdf5k', 'android', 'e3Rw3CvtSdKGsg6uMJiCHB:APA91bFS_InxijG9WaQtSDHp-znDPJe7tXyCJWuPl89ELdZx-xGE1xCLWyCED9UR5pY_FnK86zUaMZL6PHca2JrqXoIT85ixeMf-ucdTd2zsq0Zl_FnpUMW5AFbUAoFQRIEmaqZZCj3n', 'google', '102998899681570649958', '154.57.216.237', 'Dart/2.18 (dart:io)', '2024-03-29 11:27:18', NULL, NULL),
(442, 191, 'eyJhbGciOiJIUzI1NiIsInR5cCI6IkpXVCJ9.eyJlbWFpbCI6InN0ZXBoYW5pYXJlZWR5LjkyNzE5QGdtYWlsLmNvbSIsImlhdCI6MTcxMTcxMTk0OSwiZXhwIjoxNzEyMzE2NzQ5LCJpc3MiOiI1OTIwMDc0OC0zNmZjLTI3NDQtMzU1LThjMTI4MWY3ZmNkMiIsInN1YiI6IjU5MjAwNzQ4LTM2ZmMtMjc0NC0zNTUtOGMxMjgxZjdmY2QyIiwianRpIjoic3RlcGhhbmlhcmVlZHkuOTI3MTlAZ21haWwuY29tIn0.aqLoknzgyIF9YngDVXafJGRSBq1F3MqY05MCdQPc0Nc', 'android', 'N/A', 'google', '107628715109142922318', '66.102.6.40', 'Dart/3.3 (dart:io)', '2024-03-29 11:32:30', NULL, NULL),
(445, 192, 'eyJhbGciOiJIUzI1NiIsInR5cCI6IkpXVCJ9.eyJlbWFpbCI6ImNoZXJpc2hlbm9zLjI0NjU5QGdtYWlsLmNvbSIsImlhdCI6MTcxMTcxMjE1OSwiZXhwIjoxNzEyMzE2OTU5LCJpc3MiOiI1OTIwMDc0OC0zNmZjLTI3NDQtMzU1LThjMTI4MWY3ZmNkMiIsInN1YiI6IjU5MjAwNzQ4LTM2ZmMtMjc0NC0zNTUtOGMxMjgxZjdmY2QyIiwianRpIjoiY2hlcmlzaGVub3MuMjQ2NTlAZ21haWwuY29tIn0.P826TMOij_03LM2leVcXg12OINHRMddA9zVA8hLkjpM', 'android', 'N/A', 'google', '116813870359526169758', '66.102.8.100', 'Dart/3.3 (dart:io)', '2024-03-29 11:35:59', NULL, NULL),
(448, 193, 'eyJhbGciOiJIUzI1NiIsInR5cCI6IkpXVCJ9.eyJlbWFpbCI6ImRldmVsb3BlckByZXRyb2N1YmUuY29tIiwiaWF0IjoxNzExNzEyNDI3LCJleHAiOjE3MTIzMTcyMjcsImlzcyI6IjU5MjAwNzQ4LTM2ZmMtMjc0NC0zNTUtOGMxMjgxZjdmY2QyIiwic3ViIjoiNTkyMDA3NDgtMzZmYy0yNzQ0LTM1NS04YzEyODFmN2ZjZDIiLCJqdGkiOiJkZXZlbG9wZXJAcmV0cm9jdWJlLmNvbSJ9.-Ick0zwVDPvGkIVYsuo0efooQC7zsn4aUB0PACuin0k', 'ios', 'euy0G180KUbih_IAjDm5mb:APA91bH8heArdBXM-rn-ixksiIG31JYyqYrscw0WXiW5X-bCN1dRLewkKP3A1MT89GPGvPgU0gyKUmmJIJE8VQlcWtN_FdH5IzOu6_rv9scEjQ4yHhJwKeoeUYhqZ5ddtt9ziO8_gV8x', 'apple', '001046.4af7c99537154e2e87bbc5b57a5218eb.0749', '154.57.216.237', 'Dart/3.3 (dart:io)', '2024-03-29 11:40:27', NULL, NULL),
(449, 148, 'eyJhbGciOiJIUzI1NiIsInR5cCI6IkpXVCJ9.eyJlbWFpbCI6ImplZmZAeW9wbWFpbC5jb20iLCJpYXQiOjE3MTE3MTQyOTgsImV4cCI6MTcxMjMxOTA5OCwiaXNzIjoiNTkyMDA3NDgtMzZmYy0yNzQ0LTM1NS04YzEyODFmN2ZjZDIiLCJzdWIiOiI1OTIwMDc0OC0zNmZjLTI3NDQtMzU1LThjMTI4MWY3ZmNkMiIsImp0aSI6ImplZmZAeW9wbWFpbC5jb20ifQ.HvZA5d1X5SfqTFlKChDGTqdNfNSKQfIOfJey6qSJHKo', 'android', 'fo5r_kCsQMuoA9-QZugs7w:APA91bFRDO6QvywCLPmuwt-1M2pBevs_3yPsethZdPCSNxbXYDo8PYwa46Iqq12JGrlT1MKVrZAUuvRulUQ8WmKW8eO6iRaE-14MFPiq5KNLejltY_2wNWC5IKNACIn3bEtVUygOxPtm', 'custom', NULL, '154.57.216.237', 'Dart/2.18 (dart:io)', '2024-03-29 12:11:39', NULL, NULL),
(450, 184, 'eyJhbGciOiJIUzI1NiIsInR5cCI6IkpXVCJ9.eyJlbWFpbCI6InRlc3RlcjIwMTkwMDFAZ21haWwuY29tIiwiaWF0IjoxNzExNzE1MDQ4LCJleHAiOjE3MTIzMTk4NDgsImlzcyI6IjU5MjAwNzQ4LTM2ZmMtMjc0NC0zNTUtOGMxMjgxZjdmY2QyIiwic3ViIjoiNTkyMDA3NDgtMzZmYy0yNzQ0LTM1NS04YzEyODFmN2ZjZDIiLCJqdGkiOiJ0ZXN0ZXIyMDE5MDAxQGdtYWlsLmNvbSJ9.Gin4VVVH1TSZcbwD3JRAQ49TApqdCC2Ds_Vdy60XqWQ', 'android', 'fiDmFdmcTFKxdJ1FLVb16k:APA91bEiDcqun1LJUi-0Ox7BvZ_8k4SEth1MhXzWF5rPOhxLjJLxpgF32OdjfZypeIq2YVLP_I8nUh2kvDCyg_OD8StNSKx9Z7_tb8m48SU9Jl3aGrE7OfhtIEOR0iitIqTXOxFKnDP3', 'google', '102998899681570649958', '154.57.216.237', 'Dart/2.18 (dart:io)', '2024-03-29 12:24:08', NULL, NULL),
(451, 184, 'eyJhbGciOiJIUzI1NiIsInR5cCI6IkpXVCJ9.eyJlbWFpbCI6InRlc3RlcjIwMTkwMDFAZ21haWwuY29tIiwiaWF0IjoxNzExNzE2NjQxLCJleHAiOjE3MTIzMjE0NDEsImlzcyI6IjU5MjAwNzQ4LTM2ZmMtMjc0NC0zNTUtOGMxMjgxZjdmY2QyIiwic3ViIjoiNTkyMDA3NDgtMzZmYy0yNzQ0LTM1NS04YzEyODFmN2ZjZDIiLCJqdGkiOiJ0ZXN0ZXIyMDE5MDAxQGdtYWlsLmNvbSJ9.XWjJQqaA-HU4sQatH8Q_d_xpsqqyzJ3kJXYwzgfT7sI', 'android', 'fPNFWEydTISImfswIuetqN:APA91bELnAH6ONK85RxTeNNG0B8cUF_xFq2jC7dQEBGlH4u_6Dh4ZI3aGGSsoqsUbrYxHOcyzNjog-gJWcZDa8tPKO3evwsCc0AqFuL7t2zBXjd7pLN3r0fG_lG-bRwGlJ9UW4ExGmiE', 'google', '102998899681570649958', '154.57.216.237', 'Dart/2.18 (dart:io)', '2024-03-29 12:50:42', NULL, NULL),
(452, 184, 'eyJhbGciOiJIUzI1NiIsInR5cCI6IkpXVCJ9.eyJlbWFpbCI6InRlc3RlcjIwMTkwMDFAZ21haWwuY29tIiwiaWF0IjoxNzExOTQ4OTM5LCJleHAiOjE3MTI1NTM3MzksImlzcyI6IjU5MjAwNzQ4LTM2ZmMtMjc0NC0zNTUtOGMxMjgxZjdmY2QyIiwic3ViIjoiNTkyMDA3NDgtMzZmYy0yNzQ0LTM1NS04YzEyODFmN2ZjZDIiLCJqdGkiOiJ0ZXN0ZXIyMDE5MDAxQGdtYWlsLmNvbSJ9.FpF-iXRIk84fSGl7TsfBU5DcW1I-GJraZ-CqBgPtskU', 'android', 'e6gUXEhPTsicPx15d30Ape:APA91bHK1igXvCnpa1tXk5udvCf1TiVUCtCl4BEp4pyuO81zWERuiL-6NJPWSuMA4obIXBJC0nXQmJ0-YH9bb2b9NOOhkaGzTueW9fs0Wm0jd7LtXD8wxm82FVXExBfPVtUz0fvL5G8w', 'google', '102998899681570649958', '154.57.216.237', 'Dart/3.3 (dart:io)', '2024-04-01 05:22:20', NULL, NULL),
(453, 184, 'eyJhbGciOiJIUzI1NiIsInR5cCI6IkpXVCJ9.eyJlbWFpbCI6InRlc3RlcjIwMTkwMDFAZ21haWwuY29tIiwiaWF0IjoxNzExOTQ5MTUwLCJleHAiOjE3MTI1NTM5NTAsImlzcyI6IjU5MjAwNzQ4LTM2ZmMtMjc0NC0zNTUtOGMxMjgxZjdmY2QyIiwic3ViIjoiNTkyMDA3NDgtMzZmYy0yNzQ0LTM1NS04YzEyODFmN2ZjZDIiLCJqdGkiOiJ0ZXN0ZXIyMDE5MDAxQGdtYWlsLmNvbSJ9.DT2vFhydWNW-z11h4L5G_27rWXXaneJiq-Eo5KsHhnQ', 'android', 'e6gUXEhPTsicPx15d30Ape:APA91bHK1igXvCnpa1tXk5udvCf1TiVUCtCl4BEp4pyuO81zWERuiL-6NJPWSuMA4obIXBJC0nXQmJ0-YH9bb2b9NOOhkaGzTueW9fs0Wm0jd7LtXD8wxm82FVXExBfPVtUz0fvL5G8w', 'google', '102998899681570649958', '154.57.216.237', 'Dart/3.3 (dart:io)', '2024-04-01 05:25:51', NULL, NULL),
(454, 194, 'eyJhbGciOiJIUzI1NiIsInR5cCI6IkpXVCJ9.eyJlbWFpbCI6ImxhcnJ5eWF0ZXMuMTU0ODhAZ21haWwuY29tIiwiaWF0IjoxNzExOTc0ODE0LCJleHAiOjE3MTI1Nzk2MTQsImlzcyI6IjU5MjAwNzQ4LTM2ZmMtMjc0NC0zNTUtOGMxMjgxZjdmY2QyIiwic3ViIjoiNTkyMDA3NDgtMzZmYy0yNzQ0LTM1NS04YzEyODFmN2ZjZDIiLCJqdGkiOiJsYXJyeXlhdGVzLjE1NDg4QGdtYWlsLmNvbSJ9.jhsuLyQ5cb1qY_H9WkTJ7R-3J65uL9j9qpt2NbMVaBk', 'android', 'N/A', 'google', '114239273096612120862', '66.249.88.4', 'Dart/3.3 (dart:io)', '2024-04-01 12:33:34', NULL, NULL);

-- --------------------------------------------------------

--
-- Table structure for table `user_groups`
--

CREATE TABLE `user_groups` (
  `id` int(10) UNSIGNED NOT NULL,
  `title` varchar(100) COLLATE utf8mb4_unicode_ci NOT NULL,
  `slug` varchar(100) COLLATE utf8mb4_unicode_ci NOT NULL,
  `description` varchar(255) COLLATE utf8mb4_unicode_ci DEFAULT NULL,
  `type` enum('admin','user') COLLATE utf8mb4_unicode_ci NOT NULL DEFAULT 'user',
  `is_super_admin` enum('1','0') COLLATE utf8mb4_unicode_ci NOT NULL DEFAULT '0',
  `status` enum('1','0') COLLATE utf8mb4_unicode_ci NOT NULL DEFAULT '1',
  `created_at` datetime DEFAULT NULL,
  `updated_at` datetime DEFAULT NULL,
  `deleted_at` timestamp NULL DEFAULT NULL
) ENGINE=InnoDB DEFAULT CHARSET=utf8mb4 COLLATE=utf8mb4_unicode_ci;

--
-- Dumping data for table `user_groups`
--

INSERT INTO `user_groups` (`id`, `title`, `slug`, `description`, `type`, `is_super_admin`, `status`, `created_at`, `updated_at`, `deleted_at`) VALUES
(1, 'Super Admin', 'super-admin', NULL, 'admin', '1', '1', '2023-09-22 02:27:54', NULL, NULL),
(2, 'Admin', 'admin', NULL, 'admin', '0', '1', '2023-09-22 02:27:54', NULL, NULL),
(3, 'App User', 'app-user', NULL, 'user', '0', '1', '2023-09-22 02:27:54', NULL, NULL);

-- --------------------------------------------------------

--
-- Table structure for table `user_subscriptions`
--

CREATE TABLE `user_subscriptions` (
  `id` int(10) UNSIGNED NOT NULL,
  `slug` varchar(255) COLLATE utf8mb4_unicode_ci NOT NULL,
  `user_id` int(10) UNSIGNED NOT NULL,
  `subscription_package_id` int(10) UNSIGNED NOT NULL,
  `gateway_transaction_id` varchar(255) COLLATE utf8mb4_unicode_ci NOT NULL,
  `gateway_original_transaction_id` varchar(255) COLLATE utf8mb4_unicode_ci NOT NULL,
  `subscription_type` varchar(255) COLLATE utf8mb4_unicode_ci NOT NULL,
  `subscription_expiry_date` date NOT NULL,
  `is_trial_period` enum('0','1') COLLATE utf8mb4_unicode_ci NOT NULL,
  `device_type` varchar(255) COLLATE utf8mb4_unicode_ci NOT NULL,
  `status` enum('active','expired','cancel') COLLATE utf8mb4_unicode_ci NOT NULL,
  `created_at` datetime DEFAULT NULL,
  `updated_at` datetime DEFAULT NULL,
  `deleted_at` timestamp NULL DEFAULT NULL
) ENGINE=InnoDB DEFAULT CHARSET=utf8mb4 COLLATE=utf8mb4_unicode_ci;

--
-- Dumping data for table `user_subscriptions`
--

INSERT INTO `user_subscriptions` (`id`, `slug`, `user_id`, `subscription_package_id`, `gateway_transaction_id`, `gateway_original_transaction_id`, `subscription_type`, `subscription_expiry_date`, `is_trial_period`, `device_type`, `status`, `created_at`, `updated_at`, `deleted_at`) VALUES
(1, '722ecqalrapmmey', 88, 1, 'GPA.3347-4693-8346-42640', 'deedddkhfcglehpmhaffbobj.AO-J1Ozqp8pp-61cfpPqw00batRftB-EvjkANmdqf9QF85nrk2Ky9qE7zQxayhK0rp2juYla_Xn5hqrHRudNoWDNnCnr-o7K8FP9Od_i_ju481jydXhX9EQ', 'monthly_subscription', '2024-02-12', '0', 'android', 'active', '2024-01-12 14:04:36', '2024-01-12 14:04:36', NULL),
(2, '722ecqalrefc3vy', 89, 1, 'GPA.3380-0175-5346-95485', 'linfgglkhbjjgjhafhgcpioa.AO-J1OyXhVKJA2IsXmCBjU6KK7AUrihCeMtjupT8h26ZnUo1QI8VQjZon7OLjy26CIJfIGgOfJnKF67Va1N81AyZ30h8eh63mEkgHbVUkC0h_Pf_xk6AkXE', 'monthly_subscription', '2024-02-15', '0', 'android', 'active', '2024-01-15 04:27:34', '2024-01-15 04:27:34', NULL),
(3, '722ecqalrefemhz', 98, 1, 'GPA.3337-4989-6120-58463', 'iemknbbolkmcjchdhalnamll.AO-J1OxFmAvZJFpFeEuqCETZqlZuudq2R45wuxM5uXhEUXXjctYWRJrkPKCY8B33QMFY-gV6_oo--6yQMgFo2IXww68uIiHQr9M6m3dpGDv-cnvs-OzG-CE', 'monthly_subscription', '2024-02-15', '0', 'android', 'expired', '2024-01-15 04:29:32', '2024-03-12 09:36:03', NULL),
(4, '722e4telreh92la', 101, 1, 'GPA.3303-6854-6340-74447', 'flabjacefadcpmjhklmedjhm.AO-J1OwnBkpevS0UnjyR4KpQ1TZU6Ei2CzaVmlh2MNXJE-4ElIqxHk059zB6h49WKDdGEe7e-M1qfgf9zkXo3802bU9t0LwvJ_0PQ542rB5WcbfSrHmdRz8', 'monthly_subscription', '2024-02-15', '0', 'android', 'active', '2024-01-15 05:21:12', '2024-01-15 05:21:12', NULL),
(5, '722efqqlreihn2p', 103, 1, 'GPA.3347-4180-8442-14205', 'jihbfmmdddeapjonnamnfeip.AO-J1Oyez0SJKfNf8GoXfitHb0vlp9FF3zM9XnRdaKLOPgCNqP-mj9r1NGIi5LEgUJr7BGIx9757D0uQCO7Kypr0YQnJiJOtaHlCJwDTff2Y7AzPguHMsJE', 'monthly_subscription', '2024-02-15', '0', 'android', 'active', '2024-01-15 05:55:51', '2024-01-15 05:55:51', NULL),
(6, '722efqqlremgq07', 105, 1, 'GPA.3392-4555-8640-19462', 'gafmfnocffibcjpapmmccclh.AO-J1OzN1bu75ScJxxjDI_Rs6Fox-IbOBWHkmoXTgLnN6KfjSHkUJagOGe465SSR1bUofgv3TX8vg9Oi0G6Q9WdiC3H9lXOuBM158GmTejcRifM2cephsU4', 'monthly_subscription', '2024-02-15', '0', 'android', 'active', '2024-01-15 07:47:07', '2024-01-15 07:47:07', NULL),
(7, '722efqqlres7gy1', 107, 1, 'GPA.3307-9971-3005-89691', 'ngmploelldhlfabhllonfjdf.AO-J1OxDhitNSaF3TxgfU5XUNtYWY18S7I1S0Mk6yhik_bl2BHM2UBQkEr2ih7u7Onen6ZWrI37rMGs5gZsHXb7lZNzript8aycQmGQ2u_Jw5PiGrBbDXlI', 'monthly_subscription', '2024-02-15', '0', 'android', 'active', '2024-01-15 10:27:53', '2024-01-15 10:27:53', NULL),
(8, '722ejs7lrexnwj3', 109, 1, 'GPA.3391-4044-3475-45746', 'deeikafpfnglckjaggjlflmf.AO-J1OwTVDHKDRoe53vTNeYvHyWj4R-Xsmm0PATx43CYs2STuT8FqhAsl4Es_KycSimW-0191iduq1A0QAFxc6MMugMFeVjGmOj-VPI9exi7tOBoxtBmrjg', 'monthly_subscription', '2024-02-15', '0', 'android', 'active', '2024-01-15 13:00:38', '2024-01-15 13:00:38', NULL),
(9, '722ejs7lrfwls2p', 112, 1, '2000000501238916', '2000000500767198', 'monthly_subscription', '2024-02-16', '0', 'ios', 'active', '2024-01-16 05:18:45', '2024-01-16 05:18:45', NULL),
(10, '722ejs7lrfwzh05', 115, 1, '2000000501244264', '2000000500804487', 'monthly_subscription', '2024-02-16', '0', 'ios', 'active', '2024-01-16 05:29:24', '2024-01-16 05:29:24', NULL),
(11, '722ejs7lrfx736u', 116, 1, '2000000500825154', '2000000497836106', 'monthly_subscription', '2024-02-16', '0', 'ios', 'active', '2024-01-16 05:35:19', '2024-01-16 05:35:19', NULL),
(12, '722ejs7lrg2ljxr', 117, 1, '2000000501380491', '2000000501380491', 'monthly_subscription', '2024-02-16', '0', 'ios', 'active', '2024-01-16 08:06:32', '2024-01-16 08:06:32', NULL),
(13, '722enpplto6gd4j', 98, 1, '1000000977936450', '2000000484637451', 'monthly_subscription', '2024-04-12', '0', 'ios', 'expired', '2024-03-12 09:36:03', '2024-03-20 05:07:54', NULL),
(14, '722eijyltzcec55', 98, 1, 'GPA.3388-8148-8291-37762', 'kmapdjkdfiknnknahpfdenia.AO-J1OyLDToIeZIfB11cRxvqh-R7ZBgZK5uAhI8JZSVkLeilibC1RR4HwN0E07T-U-ruSWH96BV1fDTe13sOxztimeu0LV_b7bNtz6bDlFpBUgvqqlmdXIs', 'six_monthly_subscription', '2024-04-20', '0', 'android', 'expired', '2024-03-20 05:07:54', '2024-03-20 05:08:24', NULL),
(15, '722eijyltzcezva', 98, 1, 'GPA.3352-4595-7004-13047', 'pmeboehkbojofebijcolhhed.AO-J1Oz1TxveRismh2LQVsg84Dyt7bky8hcbpXhDqSJmTVbIrcjbSHRl7u9hM2cpETVyInNCHmJu04nGuggi5GsHwKfaEugU8511UwjvfpowSVeT8SleWkI', 'monthly_subscription', '2024-04-20', '0', 'android', 'expired', '2024-03-20 05:08:24', '2024-03-20 06:40:23', NULL),
(16, '722eijyltzfp9uo', 98, 1, 'GPA.3355-1584-7595-97863', 'aljaommegiaojlmnpcbnkalb.AO-J1OyU6mA12WrVMYUL109OGG_j-tqIyM1QsR1sNgLuz-U4jqoiHC8FvHeu01Hk-P59kwU6n-K3uo3t_2UrXD_RTd-k3_REM1XERFrD3owYFbmo8ulnCgw', 'six_monthly_subscription', '2024-04-20', '0', 'android', 'expired', '2024-03-20 06:40:23', '2024-03-20 06:47:07', NULL),
(17, '722eijyltzfxxc9', 98, 1, 'GPA.3326-3777-9846-41402', 'hcfbemfhcgfbciceopodifci.AO-J1OwPwSgwhzx60LpCejlz1KM7NzgY08ocC7mbQrG7FVml1VdMn_ybtjv9YoKe9E-Xw6uLFuBuXqkD9snbdvVXpKMEK_QAVJSjVxEedP3rvnd3WOizcOo', 'monthly_subscription', '2024-04-20', '0', 'android', 'expired', '2024-03-20 06:47:07', '2024-03-20 06:55:00', NULL),
(18, '722eijyltzg82tu', 98, 1, 'GPA.3314-3375-8084-26060', 'hbcmkiaiiebajemlehkbmohf.AO-J1OyZNR-QhbtoVfxFALMPmoaCfenW2m6Qucjeov0D9UnGaWYt8kHIRN4rWRzAmYxC85mUut-FOG7cMMt4xZ38_J_yu6iF6aGnjU92QjLypN-1FrdH-44', 'yearly_subscription', '2024-04-20', '0', 'android', 'expired', '2024-03-20 06:55:00', '2024-03-20 07:05:17', NULL),
(19, '722eijyltzglaer', 98, 1, 'GPA.3337-2640-6738-58476', 'egljfbklcdoojighkkhcncdh.AO-J1OzfurztfyiXd2JtA9y4HSEczIvUNvYjMzk0Mmej7Jpg8q7n3iziVlKOMkznKaHDvzXyJ7FS5BT7fPDlhbdtmNSTV0SEqh3q3YB-QISbdGtF5caWYtU', 'monthly_subscription', '2024-04-20', '0', 'android', 'expired', '2024-03-20 07:05:17', '2024-03-20 07:05:55', NULL),
(20, '722eijyltzgm4fi', 98, 1, 'GPA.3383-7561-6971-80162', 'lcihgpkgbollhailakmlhgan.AO-J1OwXpLNO27-airt1dYEWmhNygc49o1H-Pw3kknvUj5Ei6Hre9ziOOnBRmZw883rOsIReADot22Y3JRWJ2IZQJbY_BKbaixmvWwVyEpJcUuYqINrMi-U', 'six_monthly_subscription', '2024-04-20', '0', 'android', 'expired', '2024-03-20 07:05:55', '2024-03-20 07:39:28', NULL),
(21, '722eijyltzht91o', 98, 1, 'GPA.3315-8971-8710-38080', 'npjhgkpaeadaodaikppjkppa.AO-J1Oxs3qYrP4vS5-aEahD-r2EX11S_2ucDIP1xsXOk5gzHqP5jT0gp2QC0FQaDhzpTiYP9F5uQwQ7l_l7rNVQeKQoqJXtk9DvmIS_K84FVoApC0UTYQSw', 'yearly_subscription', '2024-04-20', '0', 'android', 'expired', '2024-03-20 07:39:28', '2024-03-20 07:43:33', NULL),
(22, '722eijyltzhyiez', 98, 1, 'GPA.3307-6910-9192-50830', 'ncebldmpheccdbocgkpkfnbh.AO-J1OwI-IxyFQkYkCAPtPbUbhFzeHLGXzjYye9KJYQDZj-5ppJZsgigvXQtgB2uSbV345yMJfaVl31Tg17fCqj0BY5KZnuVMqSQ2vIyCpUPapl97NadmLI', 'monthly_subscription', '2024-04-20', '0', 'android', 'expired', '2024-03-20 07:43:33', '2024-03-20 10:28:31', NULL),
(23, '722eijyltznunwt', 98, 1, 'GPA.3333-0704-1983-31027', 'hjbflbkhlcgdjljnnpdjckpa.AO-J1OyYs4yG7pE-KM54cB4eGhya_tolGTaVpp0Z9OPqVCeLNTVOOqn9VOABFi7MQZ3GJvRdrJFziyw4HpSFqrl3zHBYGSYNX8S3aArO1VMAFKcRGm2mYYA', 'yearly_subscription', '2024-04-20', '0', 'android', 'expired', '2024-03-20 10:28:31', '2024-03-20 11:06:58', NULL),
(24, '722e2w2ltzp83yg', 98, 1, 'GPA.3381-8478-8896-55695', 'cfijadpfkhokdhaapagbjigi.AO-J1Oy_utDBA-2RQJKh1EgXgJkZ2XD5DLnFjb5jWtyOpUjd5L6DvV4g4eZsWoZVTs4WokHd6ukvhanJotRs2evyuNRivzLKxOYh1TcrDJGOfwqSkP8vtjs', 'six_monthly_subscription', '2024-04-20', '0', 'android', 'expired', '2024-03-20 11:06:58', '2024-03-26 05:19:59', NULL),
(25, '722e2w2ltzpgjfd', 139, 4, '0', '0', '0', '2024-03-27', '1', 'android', 'active', '2024-03-20 11:13:31', '2024-03-20 11:13:31', NULL),
(26, '722e2w2ltzpn52g', 140, 4, '0', '0', '0', '2024-03-27', '1', 'android', 'active', '2024-03-20 11:18:39', '2024-03-20 11:18:39', NULL),
(27, '722e2w2ltzpnzoj', 141, 4, '0', '0', '0', '2024-03-27', '1', 'android', 'active', '2024-03-20 11:19:19', '2024-03-20 11:19:19', NULL),
(28, '722e2w2ltzpoaui', 142, 4, '0', '0', '0', '2024-03-27', '1', 'android', 'active', '2024-03-20 11:19:34', '2024-03-20 11:19:34', NULL),
(29, '722e2w2ltzqsmkp', 143, 4, '0', '0', '0', '2024-03-27', '1', 'android', 'active', '2024-03-20 11:50:55', '2024-03-20 11:50:55', NULL),
(30, '722e2w2lu0uzwwa', 144, 4, '0', '0', '0', '2024-03-21', '1', 'ios', 'active', '2024-03-21 06:36:20', '2024-03-21 06:36:20', NULL),
(31, '722eakjlu0weh4f', 147, 4, '0', '0', '0', '2024-03-21', '1', 'ios', 'active', '2024-03-21 07:15:39', '2024-03-21 07:15:39', NULL),
(32, '722eakjlu0wkai0', 148, 4, '0', '0', '0', '2024-03-21', '1', 'android', 'active', '2024-03-21 07:20:10', '2024-03-21 07:20:10', NULL),
(33, '722eg49lu2gd7ls', 153, 4, '0', '0', '0', '2024-03-22', '1', 'android', 'active', '2024-03-22 09:22:18', '2024-03-22 09:22:18', NULL),
(34, '722eg49lu2gfjxz', 154, 4, '0', '0', '0', '2024-03-22', '1', 'android', 'active', '2024-03-22 09:24:07', '2024-03-22 09:24:07', NULL),
(35, '722eklclu2jymb5', 155, 4, '0', '0', '0', '2024-03-22', '1', 'android', 'active', '2024-03-22 11:02:56', '2024-03-22 11:02:56', NULL),
(36, '722eklclu6lcd3v', 156, 4, '0', '0', '0', '2024-03-25', '1', 'ios', 'expired', '2024-03-25 06:52:41', '2024-03-25 06:54:13', NULL),
(37, '722eklclu6lebll', 156, 1, '2000000554163527', '2000000554163527', 'Six_monthly_subscription', '2024-04-25', '0', 'ios', 'expired', '2024-03-25 06:54:13', '2024-03-25 07:26:47', NULL),
(38, '722emdjlu6mk7pl', 156, 1, '2000000554193062', '2000000554163527', 'Yearly_subscription', '2024-04-25', '0', 'ios', 'expired', '2024-03-25 07:26:47', '2024-03-25 08:42:34', NULL),
(39, '722e18elu6p9ntp', 156, 1, '2000000554262137', '2000000554163527', 'Yearly_subscription', '2024-04-25', '0', 'ios', 'expired', '2024-03-25 08:42:34', '2024-03-25 09:43:18', NULL),
(40, '722e18elu6rfrf0', 156, 1, '2000000554327635', '2000000554163527', 'Yearly_subscription', '2024-04-25', '0', 'ios', 'active', '2024-03-25 09:43:18', '2024-03-25 09:43:18', NULL),
(41, '722e18elu6rfrfc', 156, 1, '2000000554327635', '2000000554163527', 'Yearly_subscription', '2024-04-25', '0', 'ios', 'active', '2024-03-25 09:43:18', '2024-03-25 09:43:18', NULL),
(42, '722e18elu6rox1y', 157, 4, '0', '0', '0', '2024-03-25', '1', 'ios', 'expired', '2024-03-25 09:50:25', '2024-03-25 09:57:13', NULL),
(43, '722e18elu6rxnl6', 157, 1, '2000000554363057', '2000000554363057', 'Six_monthly_subscription', '2024-04-25', '0', 'ios', 'active', '2024-03-25 09:57:13', '2024-03-25 09:57:13', NULL),
(44, '722e18elu6s066u', 158, 4, '0', '0', '0', '2024-03-25', '1', 'android', 'active', '2024-03-25 09:59:10', '2024-03-25 09:59:10', NULL),
(45, '722e18elu6s27s6', 159, 4, '0', '0', '0', '2024-03-25', '1', 'ios', 'expired', '2024-03-25 10:00:45', '2024-03-25 10:12:21', NULL),
(46, '722eduvlu6sh4oc', 159, 2, '2000000554382719', '2000000554369664', 'Six_monthly_subscription', '2024-09-25', '0', 'ios', 'active', '2024-03-25 10:12:21', '2024-03-25 10:12:21', NULL),
(47, '722eduvlu6slnud', 160, 4, '0', '0', '0', '2024-03-25', '1', 'ios', 'active', '2024-03-25 10:15:53', '2024-03-25 10:15:53', NULL),
(48, '722e73blu6sx57i', 161, 4, '0', '0', '0', '2024-03-25', '1', 'ios', 'expired', '2024-03-25 10:24:48', '2024-03-25 10:47:46', NULL),
(49, '722elvxlu6tqo20', 161, 2, '2000000554422148', '2000000554422148', 'Yearly_subscription', '2024-09-25', '0', 'ios', 'expired', '2024-03-25 10:47:46', '2024-03-25 10:55:19', NULL),
(50, '722elvxlu6u0dmw', 161, 2, '2000000554429426', '2000000554422148', 'Six_monthly_subscription', '2024-09-25', '0', 'ios', 'expired', '2024-03-25 10:55:19', '2024-03-25 10:56:24', NULL),
(51, '722elvxlu6u1rsg', 161, 1, '2000000554430244', '2000000554422148', 'monthly_subscription', '2024-04-25', '0', 'ios', 'expired', '2024-03-25 10:56:24', '2024-03-25 11:06:05', NULL),
(52, '722elvxlu6ue883', 161, 3, '2000000554437929', '2000000554422148', 'Six_monthly_subscription', '2025-03-25', '0', 'ios', 'expired', '2024-03-25 11:06:05', '2024-03-25 11:10:06', NULL),
(53, '722elvxlu6ujeka', 161, 1, '2000000554444298', '2000000554422148', 'monthly_subscription', '2024-04-25', '0', 'ios', 'expired', '2024-03-25 11:10:06', '2024-03-25 11:10:06', NULL),
(54, '722elvxlu6uuy9k', 161, 2, '2000000554450130', '2000000554422148', 'Six_monthly_subscription', '2024-09-25', '0', 'ios', 'expired', '2024-03-25 11:19:05', '2024-03-25 11:23:08', NULL),
(55, '722ehgylu6v0jy7', 161, 1, '2000000554456298', '2000000554422148', 'monthly_subscription', '2024-04-25', '0', 'ios', 'expired', '2024-03-25 11:23:27', '2024-03-25 11:25:48', NULL),
(56, '722ehgylu6v64sg', 161, 1, '2000000554459646', '2000000554422148', 'Yearly_subscription', '2024-04-25', '0', 'ios', 'expired', '2024-03-25 11:27:47', '2024-03-25 11:27:50', NULL),
(57, '722ehgylu6v6vmr', 162, 4, '0', '0', '0', '2024-03-25', '1', 'ios', 'expired', '2024-03-25 11:28:22', '2024-03-25 11:34:48', NULL),
(58, '722ehgylu6vf5wy', 162, 3, '2000000554466758', '2000000554466758', 'Yearly_subscription', '2025-03-25', '0', 'ios', 'expired', '2024-03-25 11:34:48', '2024-03-25 11:35:13', NULL),
(59, '722ehgylu6vfopa', 162, 2, '2000000554466976', '2000000554466758', 'Six_monthly_subscription', '2024-09-25', '0', 'ios', 'active', '2024-03-25 11:35:13', '2024-03-25 11:35:13', NULL),
(60, '722ehgylu6wwiw2', 163, 4, '0', '0', '0', '2024-03-25', '1', 'android', 'active', '2024-03-25 12:16:18', '2024-03-25 12:16:18', NULL),
(61, '722ehgylu6wzpgh', 164, 4, '0', '0', '0', '2024-03-25', '1', 'android', 'active', '2024-03-25 12:18:46', '2024-03-25 12:18:46', NULL),
(62, '722ehgylu6z149z', 165, 4, '0', '0', '0', '2024-03-25', '1', 'ios', 'active', '2024-03-25 13:15:51', '2024-03-25 13:15:51', NULL),
(63, '722ehgylu6z5c6j', 166, 4, '0', '0', '0', '2024-03-25', '1', 'android', 'active', '2024-03-25 13:19:08', '2024-03-25 13:19:08', NULL),
(66, '722ehgylu6zlz1d', 167, 4, '0', '0', '0', '2024-03-25', '1', 'android', 'active', '2024-03-25 13:32:04', '2024-03-25 13:32:04', NULL),
(67, '722ehgylu7xh035', 98, 1, 'GPA.3362-4409-0435-58862', 'iocedodnojgncijldbnbkmjf.AO-J1OzY3xFP92pMlX9NvuxTqXpX-5Jr8PF7pesj9d6VKC_EGiFlMIS85p0VgBWdQzmMfPg2yVmmWMY9M2LXxOy9WSaCrJe9cmGxbeTQkyWKlQINm_a671c', 'monthly_subscription', '2024-04-26', '0', 'android', 'expired', '2024-03-26 05:19:59', '2024-03-26 05:20:15', NULL),
(68, '722ehgylu7xhbzl', 98, 3, 'GPA.3362-2781-3955-64432', 'efepaodpebnmeenjhmnjgffi.AO-J1OyjWMSj86MKx0oGc3n73g_iEGgNGI9UNwtKQS31PXg-0hnBwAaVHMotUI22erI1IQzTx-zb_rb8hZ_QuNn16G0dEDf0uW8PMuKpKjoPPfIrVpnXhxI', 'yearly_subscription', '2025-03-26', '0', 'android', 'expired', '2024-03-26 05:20:15', '2024-03-26 05:31:08', NULL),
(72, '722ehgylu7xvc9i', 98, 2, 'GPA.3337-8561-5124-18666', 'cpcpghdfdhgankbnpilidnan.AO-J1Oznxow-VUdSlA3GEfQbmAZ9VdXCYnwRqfxAkRYZTkDUzQsWrzcGiYJgKPUcIWrMKeaeUoGezPoHATfZ1AtxEZN0ph2XsMblARE2aGsWdOSutfPoTDU', 'six_monthly_subscription', '2024-09-26', '0', 'android', 'expired', '2024-03-26 05:31:08', '2024-03-26 05:39:36', NULL),
(74, '722ehgylu7y684l', 98, 1, 'GPA.3314-0796-1037-17676', 'paflhnpedphbilkmbpaakeij.AO-J1OzGTvmULhRRHOxRSOyEOQ3ZTGdx9HbEZy23Wig7wImAiIXhyX4VGigy9qtIodW1JXhXS7C14A1KvqS9mLd7HzeSFZYUsij4JkOPGoh4ZTlKKKJanUo', 'monthly_subscription', '2024-04-26', '0', 'android', 'active', '2024-03-26 05:39:36', '2024-03-26 05:39:36', NULL),
(96, '722ecoglu8baoet', 171, 4, '0', '0', '0', '2024-03-26', '1', 'android', 'active', '2024-03-26 11:46:59', '2024-03-26 11:46:59', NULL),
(102, '722e2nvlu9g2e75', 175, 4, '0', '0', '0', '2024-03-27', '1', 'ios', 'active', '2024-03-27 06:48:17', '2024-03-27 06:48:17', NULL),
(104, '722e63hlu9hegxy', 128, 1, '2000000556364094', '2000000555121549', 'monthly_subscription', '2024-04-27', '0', 'ios', 'active', '2024-03-27 07:25:40', '2024-03-27 07:25:40', NULL),
(106, '722e15ilu9lk1a2', 177, 4, '0', '0', '0', '2024-03-27', '1', 'android', 'expired', '2024-03-27 09:21:58', '2024-03-27 09:23:59', NULL),
(107, '722e15ilu9lmfoy', 178, 4, '0', '0', '0', '2024-03-27', '1', 'android', 'active', '2024-03-27 09:23:50', '2024-03-27 09:23:50', NULL),
(108, '722e15ilu9lmmko', 177, 3, 'GPA.3361-7821-2756-02072', 'nfpljloideliplnikadciofe.AO-J1OxC1ydu9_JkWkYTrQTt1TLUk3gkl6G0e11gvYKR62ZyJAnheMZH-BqZLuSKWAR6AtqLEivfApR9QyhJ9fy2BJXCpkeCYfhnm1wIRQrDEDLW366m5FE', 'yearly_subscription', '2025-03-27', '0', 'android', 'active', '2024-03-27 09:23:59', '2024-03-27 09:23:59', NULL),
(109, '722e15ilu9lycmw', 179, 4, '0', '0', '0', '2024-03-27', '1', 'android', 'active', '2024-03-27 09:33:06', '2024-03-27 09:33:06', NULL),
(111, '722e15ilu9mgnll', 124, 1, 'GPA.3341-6141-9852-20688', 'ofaihhgmapbcfkjofpogkijn.AO-J1OxACS9Xt41SLOJACj2FZGdwL7RdSTkSoujwlW7dghlsmCi64EJh-P7npcr2SF5H40DC0MZlkfMsS-N5By0AYJuKNjZUuu6TLJ4CNpvcwRJ5G3JAfk8', 'monthly_subscription', '2024-04-27', '0', 'android', 'active', '2024-03-27 09:47:20', '2024-03-27 09:47:20', NULL),
(112, '722e15ilu9nsxkp', 181, 4, '0', '0', '0', '2024-03-27', '1', 'android', 'expired', '2024-03-27 10:24:52', '2024-03-27 10:44:00', NULL),
(113, '722e4bklu9ohjej', 181, 2, 'GPA.3374-0436-3394-11223', 'fjceojfjlfimgdfckakoglcj.AO-J1Oy_0NcQQr8HYubnFozR71RI3iDFxPAQ7-CzuLRBE0eBOAqHmObdrwwRvAxsXH1FJyR6I-wKznMoi5yZjvRy4Dgs2IzUmk2px3m91L_hkiGudtjEvVg', 'six_monthly_subscription', '2024-03-26', '0', 'android', 'expired', '2024-03-27 10:44:00', '2024-03-27 10:44:00', NULL),
(114, '722e4bklu9on264', 182, 4, '0', '0', '0', '2024-03-27', '1', 'ios', 'active', '2024-03-27 10:48:18', '2024-03-27 10:48:18', NULL),
(115, '722e4bklu9oxkr2', 181, 3, 'GPA.3327-7508-9545-77907', 'kgebomblgaiffmgbpmacpjdg.AO-J1OyNr-TyU-XLjRTAais6gltjI2QyGwav0bO0U1VVzm3Met4kqA30tAeT2C5CUj6kuNTRa4VR4oFFaugLW0AvkZR3AbOK1hxvbmUp2nINyoy6Lr_SDzI', 'yearly_subscription', '2025-03-27', '0', 'android', 'active', '2024-03-27 10:56:29', '2024-03-27 10:56:29', NULL),
(116, '722ecvxlu9p2ffi', 183, 4, '0', '0', '0', '2024-03-27', '1', 'ios', 'active', '2024-03-27 11:00:15', '2024-03-27 11:00:15', NULL),
(117, '722ecvxlu9pkuk4', 184, 4, '0', '0', '0', '2024-03-27', '1', 'ios', 'expired', '2024-03-27 11:14:34', '2024-03-27 11:18:44', NULL),
(118, '722ecvxlu9pq7fr', 184, 3, '2000000556682015', '2000000556682015', 'Yearly_subscription', '2024-03-26', '0', 'ios', 'expired', '2024-03-27 11:18:44', '2024-03-27 11:18:44', NULL),
(119, '722em8nlu9re3r8', 185, 4, '0', '0', '0', '2024-03-27', '1', 'ios', 'active', '2024-03-27 12:05:19', '2024-03-27 12:05:19', NULL),
(120, '722efyilu9tm3xa', 186, 4, '0', '0', '0', '2024-03-27', '1', 'android', 'active', '2024-03-27 13:07:32', '2024-03-27 13:07:32', NULL),
(121, '722efyilu9u8m5l', 187, 4, '0', '0', '0', '2024-03-27', '1', 'android', 'active', '2024-03-27 13:25:02', '2024-03-27 13:25:02', NULL),
(122, '722efyilua2lw8o', 188, 4, '0', '0', '0', '2024-03-27', '1', 'android', 'active', '2024-03-27 17:19:18', '2024-03-27 17:19:18', NULL),
(123, '722efyilucjyl49', 189, 4, '0', '0', '0', '2024-03-29', '1', 'ios', 'active', '2024-03-29 11:00:36', '2024-03-29 11:00:36', NULL),
(124, '722efyiluck4ie2', 190, 4, '0', '0', '0', '2024-03-29', '1', 'ios', 'active', '2024-03-29 11:05:12', '2024-03-29 11:05:12', NULL),
(125, '722efyiluckz6oe', 184, 3, 'GPA.3300-5347-9901-95943', 'glhiopijngldjmjoomkliofk.AO-J1OwYtwdw3Cqn_RgXXqLo8BVd1JU0ssbizHM6u2OXFJeLg_MVdaBBo5AT4lTvoarOJkBweotR1FTO0eSWJMZS_KeCg_O-B1YIGeem0GLaSsivQLYRhDw', 'yearly_subscription', '2025-03-29', '0', 'android', 'active', '2024-03-29 11:29:04', '2024-03-29 11:29:04', NULL),
(126, '722efyilucl3lhi', 191, 4, '0', '0', '0', '2024-03-29', '1', 'android', 'active', '2024-03-29 11:32:29', '2024-03-29 11:32:29', NULL),
(127, '722efyilucl834p', 192, 4, '0', '0', '0', '2024-03-29', '1', 'android', 'active', '2024-03-29 11:35:59', '2024-03-29 11:35:59', NULL),
(128, '722efyilucldtpg', 193, 4, '0', '0', '0', '2024-03-29', '1', 'ios', 'expired', '2024-03-29 11:40:27', '2024-03-29 11:42:15', NULL),
(129, '722efyiluclg5oi', 193, 2, '2000000558866954', '2000000558866954', 'Six_monthly_subscription', '2024-09-29', '0', 'ios', 'active', '2024-03-29 11:42:16', '2024-03-29 11:42:16', NULL),
(130, '722efyilugxlowg', 194, 4, '0', '0', '0', '2024-04-01', '1', 'android', 'active', '2024-04-01 12:33:34', '2024-04-01 12:33:34', NULL);

-- --------------------------------------------------------

--
-- Table structure for table `videos`
--

CREATE TABLE `videos` (
  `id` int(10) UNSIGNED NOT NULL,
  `slug` varchar(255) NOT NULL,
  `title` varchar(255) NOT NULL,
  `video_category_id` int(10) UNSIGNED NOT NULL,
  `series` varchar(255) NOT NULL,
  `bible_chapter` varchar(255) NOT NULL,
  `author` varchar(255) NOT NULL,
  `description` text NOT NULL,
  `created_at` datetime DEFAULT NULL,
  `updated_at` datetime DEFAULT NULL,
  `deleted_at` timestamp NULL DEFAULT NULL
) ENGINE=InnoDB DEFAULT CHARSET=utf8mb4;

--
-- Dumping data for table `videos`
--

INSERT INTO `videos` (`id`, `slug`, `title`, `video_category_id`, `series`, `bible_chapter`, `author`, `description`, `created_at`, `updated_at`, `deleted_at`) VALUES
(1, '722eijyltsm6rr9', 'Christ Centered Marriage - Intro (1)', 1, 'Series', 'Bible Chapter', 'Kingdom Couples', 'Description', '2024-03-15 12:07:34', '2024-03-29 12:30:00', NULL),
(2, '722e2w2ltzpv7cw', 'Lorem Ipsum', 1, 'Lorem Ipsum', 'Lorem Ipsum', 'Lorem Ipsum', 'Lorem Ipsum', '2024-03-20 11:24:56', '2024-03-21 10:18:29', '2024-03-21 14:18:29'),
(3, '722e2w2lu0vre43', 'This is a title', 1, 'This is a series', 'This is the Bible chapter', 'This is the author', 'This is the description', '2024-03-21 06:57:42', '2024-03-21 10:10:52', '2024-03-21 14:10:52'),
(4, '722eakjlu12r1rb', 'Incididunt veniam e', 1, 'Recusandae Voluptas', 'Aut eius exercitatio', 'Mollit in non quidem', 'Nisi laudantium cul', '2024-03-21 10:13:23', '2024-03-21 10:16:46', '2024-03-21 14:16:46'),
(5, '722eakjlu12u4ye', 'Incididunt veniam e', 1, 'Recusandae Voluptas', 'Aut eius exercitatio', 'Mollit in non quidem', 'Nisi laudantium cul', '2024-03-21 10:15:47', '2024-03-21 10:15:59', '2024-03-21 14:15:59'),
(6, '722eakjlu12ysov', 'Autem lorem laboris ', 1, 'Aliquip excepteur la', 'Officia temporibus n', 'Quas ratione tempor ', 'Et est qui aperiam ', '2024-03-21 10:19:24', '2024-03-21 10:20:12', '2024-03-21 14:20:12'),
(7, '722eakjlu135fih', 'Nihil eos iste dolor Nihil eos iste dolorNihil eos iste dolor Nihil eos iste dolor', 1, 'Est placeat conseq Est placeat conseq Est placeat conseq Est placeat conseq ', 'Est placeat conseq Est placeat conseq Est placeat cEst placeat conseq Est placeat conseq Est placeat conseq Est placeat conseq Est placeat conseq Est placeat conseq Est placeat conseq Est placeat conseq Est placeat conseq Est placeat conseq Est placeat co', 'Est placeat conseq Est placeat conseq Est placeEst placeat conseq Est placeat conseq Est placeat conseq Est placeat conseq Est placeat conseq Est placeat conseq Est placeat conseq Est placeat conseq Est placeat conseq Est placeat conseq Est placeat conseq', 'Est placeat conseq Est placeat conseq EstEst placeat conseq Est placeat conseq Est placeat conseq Est placeat conseq Est placeat conseq Est placeat conseq Est placeat conseq Est placeat conseq Est placeat conseq Est placeat conseq Est placeat conseq Est placeat conseq Est placeat conseq Est placeat conseq Est placeat conseq Est placeat conseq Est placeat conseq Est placeat conseq Est placeat conseq Est placeat conseq Est placeat conseq Est placeat conseq Est placeat conseq Est placeat conseq Est placeat conseq  placeat conseq Est placeat conseq Est placeat conseq ', '2024-03-21 10:24:34', '2024-03-21 11:42:17', '2024-03-21 15:42:17'),
(8, '722eakjlu143dfg', 'Sed harum sed deseru', 2, 'Tempor harum est dol', 'Sed veniam quibusda', 'Minus consequuntur q', 'Minus eaque accusamu', '2024-03-21 10:50:58', '2024-03-21 11:41:44', '2024-03-21 15:41:44'),
(9, '722ekbilu2ax0mr', 'Lorem Ipsum', 1, 'Lorem Ipsum', 'Lorem Ipsum', 'Lorem Ipsum', 'Lorem Ipsum', '2024-03-22 06:49:45', '2024-03-25 07:17:39', '2024-03-25 11:17:39'),
(10, '722emdjlu6mxslf', 'BW Managing Anger Session 1', 3, 'Sequi eos eos deseru', 'Odio a quis eos nost', 'Cum vitae officia vo', 'Corrupti adipisicin', '2024-03-25 07:37:21', '2024-03-29 12:37:23', NULL),
(11, '722elvxlu6te8ba', 'Christ Centered Marriage - Foundations 1', 1, '1', '1', 'Kingdom Couples', 'Dolor labore dolor u', '2024-03-25 10:38:05', '2024-03-29 12:24:52', NULL),
(12, '722efyilucnibfr', 'BW Managing Anger Intro', 3, '1', '1', 'Kingdom Couples', 'Description', '2024-03-29 12:39:56', '2024-03-29 12:39:56', NULL);

-- --------------------------------------------------------

--
-- Table structure for table `video_categories`
--

CREATE TABLE `video_categories` (
  `id` int(10) UNSIGNED NOT NULL,
  `slug` varchar(255) NOT NULL,
  `name` varchar(255) NOT NULL,
  `image_url` varchar(255) DEFAULT NULL,
  `created_at` datetime DEFAULT NULL,
  `updated_at` datetime DEFAULT NULL,
  `deleted_at` timestamp NULL DEFAULT NULL
) ENGINE=InnoDB DEFAULT CHARSET=utf8mb4;

--
-- Dumping data for table `video_categories`
--

INSERT INTO `video_categories` (`id`, `slug`, `name`, `image_url`, `created_at`, `updated_at`, `deleted_at`) VALUES
(1, '722ebsyltr451ss', 'Christ Centered Couples', 'video_category/1711714465269.avif', '2024-03-14 10:54:34', '2024-03-29 12:14:25', NULL),
(2, '722eakjlu142s8h', 'Test', 'video_category/1711018230641.jpeg', '2024-03-21 10:50:30', '2024-03-21 10:51:50', '2024-03-21 14:51:50'),
(3, '722eakjlu14c233', 'Managing Anger', 'video_category/1711714910842.avif', '2024-03-21 10:57:43', '2024-03-29 12:21:50', NULL);

-- --------------------------------------------------------

--
-- Table structure for table `video_watchtimes`
--

CREATE TABLE `video_watchtimes` (
  `user_id` int(10) UNSIGNED NOT NULL,
  `video_id` int(10) UNSIGNED NOT NULL,
  `watch_percent` int(11) NOT NULL,
  `watch_duration` varchar(255) DEFAULT NULL,
  `full_duration` varchar(255) DEFAULT NULL,
  `created_at` datetime DEFAULT NULL,
  `updated_at` datetime DEFAULT NULL
) ENGINE=InnoDB DEFAULT CHARSET=utf8mb4;

--
-- Dumping data for table `video_watchtimes`
--

INSERT INTO `video_watchtimes` (`user_id`, `video_id`, `watch_percent`, `watch_duration`, `full_duration`, `created_at`, `updated_at`) VALUES
(98, 1, 100, NULL, NULL, NULL, NULL),
(98, 2, 100, NULL, NULL, NULL, NULL),
(98, 10, 77, '10', '13', '2024-03-30 18:19:55', NULL),
(128, 1, 100, '13', '13', NULL, NULL),
(128, 9, 100, '15', '15', NULL, NULL),
(128, 10, 100, '13', '13', '2024-03-29 10:47:05', NULL),
(128, 11, 100, '13', '13', '2024-03-29 10:17:21', NULL),
(147, 3, 13, NULL, NULL, NULL, NULL),
(148, 1, 100, NULL, NULL, NULL, NULL),
(148, 3, 80, NULL, NULL, NULL, NULL),
(148, 11, 85, '11', '13', NULL, NULL),
(155, 1, 54, '7', '13', NULL, NULL),
(155, 9, 27, '4', '15', NULL, NULL),
(166, 1, 100, '13', '13', NULL, NULL),
(166, 11, 46, '6', '13', NULL, NULL),
(177, 1, 77, '10', '13', '2024-03-27 09:23:14', NULL),
(177, 11, 46, '6', '13', '2024-03-27 09:22:53', NULL),
(184, 1, 100, '13', '13', '2024-03-29 11:30:35', NULL),
(184, 10, 100, '13', '13', '2024-04-01 06:27:16', NULL),
(184, 11, 85, '11', '13', '2024-04-01 06:26:54', NULL);

--
-- Indexes for dumped tables
--

--
-- Indexes for table `adonis_schema`
--
ALTER TABLE `adonis_schema`
  ADD PRIMARY KEY (`id`);

--
-- Indexes for table `application_settings`
--
ALTER TABLE `application_settings`
  ADD PRIMARY KEY (`id`),
  ADD KEY `application_settings_identifier_index` (`identifier`),
  ADD KEY `application_settings_meta_key_index` (`meta_key`);

--
-- Indexes for table `bible_quotes`
--
ALTER TABLE `bible_quotes`
  ADD PRIMARY KEY (`id`),
  ADD UNIQUE KEY `bible_quotes_slug_unique` (`slug`);

--
-- Indexes for table `categories`
--
ALTER TABLE `categories`
  ADD PRIMARY KEY (`id`),
  ADD UNIQUE KEY `categories_slug_unique` (`slug`),
  ADD KEY `categories_parent_id_foreign` (`parent_id`);

--
-- Indexes for table `chatgpt`
--
ALTER TABLE `chatgpt`
  ADD PRIMARY KEY (`id`),
  ADD UNIQUE KEY `chatgpt_slug_unique` (`slug`),
  ADD KEY `chatgpt_user_id_foreign` (`user_id`);

--
-- Indexes for table `cms_modules`
--
ALTER TABLE `cms_modules`
  ADD PRIMARY KEY (`id`);

--
-- Indexes for table `cms_module_permissions`
--
ALTER TABLE `cms_module_permissions`
  ADD PRIMARY KEY (`id`),
  ADD KEY `cms_module_permissions_user_group_id_foreign` (`user_group_id`),
  ADD KEY `cms_module_permissions_user_id_foreign` (`user_id`),
  ADD KEY `cms_module_permissions_cms_module_id_foreign` (`cms_module_id`);

--
-- Indexes for table `content_managements`
--
ALTER TABLE `content_managements`
  ADD PRIMARY KEY (`id`),
  ADD UNIQUE KEY `content_managements_slug_unique` (`slug`),
  ADD KEY `content_managements_slug_index` (`slug`);

--
-- Indexes for table `events`
--
ALTER TABLE `events`
  ADD PRIMARY KEY (`id`),
  ADD UNIQUE KEY `events_slug_unique` (`slug`),
  ADD KEY `events_user_id_foreign` (`user_id`);

--
-- Indexes for table `event_category`
--
ALTER TABLE `event_category`
  ADD KEY `event_category_event_id_foreign` (`event_id`),
  ADD KEY `event_category_category_id_foreign` (`category_id`);

--
-- Indexes for table `event_share`
--
ALTER TABLE `event_share`
  ADD KEY `event_share_event_id_foreign` (`event_id`),
  ADD KEY `event_share_user_id_foreign` (`user_id`);

--
-- Indexes for table `faqs`
--
ALTER TABLE `faqs`
  ADD PRIMARY KEY (`id`),
  ADD UNIQUE KEY `faqs_slug_unique` (`slug`);

--
-- Indexes for table `mail_templates`
--
ALTER TABLE `mail_templates`
  ADD PRIMARY KEY (`id`);

--
-- Indexes for table `media`
--
ALTER TABLE `media`
  ADD PRIMARY KEY (`id`);

--
-- Indexes for table `notifications`
--
ALTER TABLE `notifications`
  ADD PRIMARY KEY (`id`),
  ADD UNIQUE KEY `notifications_unique_id_unique` (`unique_id`),
  ADD KEY `notifications_actor_id_foreign` (`actor_id`),
  ADD KEY `notifications_target_id_foreign` (`target_id`);

--
-- Indexes for table `notification_settings`
--
ALTER TABLE `notification_settings`
  ADD PRIMARY KEY (`id`),
  ADD KEY `notification_settings_user_id_foreign` (`user_id`),
  ADD KEY `notification_settings_meta_key_index` (`meta_key`);

--
-- Indexes for table `partners`
--
ALTER TABLE `partners`
  ADD PRIMARY KEY (`id`),
  ADD UNIQUE KEY `partners_slug_unique` (`slug`),
  ADD KEY `partners_user_id_foreign` (`user_id`),
  ADD KEY `partners_partner_id_foreign` (`partner_id`);

--
-- Indexes for table `reset_passwords`
--
ALTER TABLE `reset_passwords`
  ADD PRIMARY KEY (`id`),
  ADD KEY `reset_passwords_email_index` (`email`);

--
-- Indexes for table `subscription_packages`
--
ALTER TABLE `subscription_packages`
  ADD PRIMARY KEY (`id`),
  ADD UNIQUE KEY `subscription_packages_slug_unique` (`slug`),
  ADD UNIQUE KEY `subscription_packages_title_unique` (`title`);

--
-- Indexes for table `users`
--
ALTER TABLE `users`
  ADD PRIMARY KEY (`id`),
  ADD UNIQUE KEY `users_username_unique` (`username`),
  ADD UNIQUE KEY `users_slug_unique` (`slug`),
  ADD UNIQUE KEY `users_email_unique` (`email`),
  ADD UNIQUE KEY `users_mobile_no_unique` (`mobile_no`),
  ADD KEY `users_user_group_id_foreign` (`user_group_id`),
  ADD KEY `users_name_index` (`name`);

--
-- Indexes for table `user_api_tokens`
--
ALTER TABLE `user_api_tokens`
  ADD PRIMARY KEY (`id`),
  ADD KEY `user_api_tokens_user_id_foreign` (`user_id`);

--
-- Indexes for table `user_groups`
--
ALTER TABLE `user_groups`
  ADD PRIMARY KEY (`id`),
  ADD UNIQUE KEY `user_groups_title_unique` (`title`),
  ADD UNIQUE KEY `user_groups_slug_unique` (`slug`);

--
-- Indexes for table `user_subscriptions`
--
ALTER TABLE `user_subscriptions`
  ADD PRIMARY KEY (`id`),
  ADD UNIQUE KEY `user_subscriptions_slug_unique` (`slug`),
  ADD KEY `user_subscriptions_user_id_foreign` (`user_id`),
  ADD KEY `user_subscriptions_subscription_package_id_foreign` (`subscription_package_id`);

--
-- Indexes for table `videos`
--
ALTER TABLE `videos`
  ADD PRIMARY KEY (`id`),
  ADD UNIQUE KEY `videos_slug_unique` (`slug`),
  ADD KEY `videos_video_category_id_foreign` (`video_category_id`);

--
-- Indexes for table `video_categories`
--
ALTER TABLE `video_categories`
  ADD PRIMARY KEY (`id`),
  ADD UNIQUE KEY `video_categories_slug_unique` (`slug`);

--
-- Indexes for table `video_watchtimes`
--
ALTER TABLE `video_watchtimes`
  ADD UNIQUE KEY `video_watchtimes_user_id_video_id_unique` (`user_id`,`video_id`),
  ADD KEY `video_watchtimes_video_id_foreign` (`video_id`);

--
-- AUTO_INCREMENT for dumped tables
--

--
-- AUTO_INCREMENT for table `adonis_schema`
--
ALTER TABLE `adonis_schema`
  MODIFY `id` int(10) UNSIGNED NOT NULL AUTO_INCREMENT, AUTO_INCREMENT=70;

--
-- AUTO_INCREMENT for table `application_settings`
--
ALTER TABLE `application_settings`
  MODIFY `id` int(10) UNSIGNED NOT NULL AUTO_INCREMENT, AUTO_INCREMENT=10;

--
-- AUTO_INCREMENT for table `bible_quotes`
--
ALTER TABLE `bible_quotes`
  MODIFY `id` int(10) UNSIGNED NOT NULL AUTO_INCREMENT, AUTO_INCREMENT=6;

--
-- AUTO_INCREMENT for table `categories`
--
ALTER TABLE `categories`
  MODIFY `id` int(10) UNSIGNED NOT NULL AUTO_INCREMENT, AUTO_INCREMENT=51;

--
-- AUTO_INCREMENT for table `chatgpt`
--
ALTER TABLE `chatgpt`
  MODIFY `id` int(10) UNSIGNED NOT NULL AUTO_INCREMENT, AUTO_INCREMENT=52;

--
-- AUTO_INCREMENT for table `cms_modules`
--
ALTER TABLE `cms_modules`
  MODIFY `id` int(10) UNSIGNED NOT NULL AUTO_INCREMENT, AUTO_INCREMENT=7;

--
-- AUTO_INCREMENT for table `cms_module_permissions`
--
ALTER TABLE `cms_module_permissions`
  MODIFY `id` int(10) UNSIGNED NOT NULL AUTO_INCREMENT;

--
-- AUTO_INCREMENT for table `content_managements`
--
ALTER TABLE `content_managements`
  MODIFY `id` int(10) UNSIGNED NOT NULL AUTO_INCREMENT, AUTO_INCREMENT=5;

--
-- AUTO_INCREMENT for table `events`
--
ALTER TABLE `events`
  MODIFY `id` int(10) UNSIGNED NOT NULL AUTO_INCREMENT, AUTO_INCREMENT=63;

--
-- AUTO_INCREMENT for table `faqs`
--
ALTER TABLE `faqs`
  MODIFY `id` int(10) UNSIGNED NOT NULL AUTO_INCREMENT;

--
-- AUTO_INCREMENT for table `mail_templates`
--
ALTER TABLE `mail_templates`
  MODIFY `id` int(10) UNSIGNED NOT NULL AUTO_INCREMENT, AUTO_INCREMENT=3;

--
-- AUTO_INCREMENT for table `media`
--
ALTER TABLE `media`
  MODIFY `id` int(10) UNSIGNED NOT NULL AUTO_INCREMENT, AUTO_INCREMENT=13;

--
-- AUTO_INCREMENT for table `notifications`
--
ALTER TABLE `notifications`
  MODIFY `id` int(10) UNSIGNED NOT NULL AUTO_INCREMENT, AUTO_INCREMENT=70;

--
-- AUTO_INCREMENT for table `notification_settings`
--
ALTER TABLE `notification_settings`
  MODIFY `id` int(10) UNSIGNED NOT NULL AUTO_INCREMENT;

--
-- AUTO_INCREMENT for table `partners`
--
ALTER TABLE `partners`
  MODIFY `id` int(10) UNSIGNED NOT NULL AUTO_INCREMENT, AUTO_INCREMENT=84;

--
-- AUTO_INCREMENT for table `reset_passwords`
--
ALTER TABLE `reset_passwords`
  MODIFY `id` int(10) UNSIGNED NOT NULL AUTO_INCREMENT, AUTO_INCREMENT=5;

--
-- AUTO_INCREMENT for table `subscription_packages`
--
ALTER TABLE `subscription_packages`
  MODIFY `id` int(10) UNSIGNED NOT NULL AUTO_INCREMENT, AUTO_INCREMENT=5;

--
-- AUTO_INCREMENT for table `users`
--
ALTER TABLE `users`
  MODIFY `id` int(10) UNSIGNED NOT NULL AUTO_INCREMENT, AUTO_INCREMENT=195;

--
-- AUTO_INCREMENT for table `user_api_tokens`
--
ALTER TABLE `user_api_tokens`
  MODIFY `id` int(10) UNSIGNED NOT NULL AUTO_INCREMENT, AUTO_INCREMENT=455;

--
-- AUTO_INCREMENT for table `user_groups`
--
ALTER TABLE `user_groups`
  MODIFY `id` int(10) UNSIGNED NOT NULL AUTO_INCREMENT, AUTO_INCREMENT=4;

--
-- AUTO_INCREMENT for table `user_subscriptions`
--
ALTER TABLE `user_subscriptions`
  MODIFY `id` int(10) UNSIGNED NOT NULL AUTO_INCREMENT, AUTO_INCREMENT=131;

--
-- AUTO_INCREMENT for table `videos`
--
ALTER TABLE `videos`
  MODIFY `id` int(10) UNSIGNED NOT NULL AUTO_INCREMENT, AUTO_INCREMENT=13;

--
-- AUTO_INCREMENT for table `video_categories`
--
ALTER TABLE `video_categories`
  MODIFY `id` int(10) UNSIGNED NOT NULL AUTO_INCREMENT, AUTO_INCREMENT=4;

--
-- Constraints for dumped tables
--

--
-- Constraints for table `categories`
--
ALTER TABLE `categories`
  ADD CONSTRAINT `categories_parent_id_foreign` FOREIGN KEY (`parent_id`) REFERENCES `categories` (`id`) ON DELETE CASCADE;

--
-- Constraints for table `chatgpt`
--
ALTER TABLE `chatgpt`
  ADD CONSTRAINT `chatgpt_user_id_foreign` FOREIGN KEY (`user_id`) REFERENCES `users` (`id`) ON DELETE CASCADE;

--
-- Constraints for table `cms_module_permissions`
--
ALTER TABLE `cms_module_permissions`
  ADD CONSTRAINT `cms_module_permissions_cms_module_id_foreign` FOREIGN KEY (`cms_module_id`) REFERENCES `cms_modules` (`id`) ON DELETE CASCADE ON UPDATE NO ACTION,
  ADD CONSTRAINT `cms_module_permissions_user_group_id_foreign` FOREIGN KEY (`user_group_id`) REFERENCES `user_groups` (`id`) ON DELETE CASCADE ON UPDATE NO ACTION,
  ADD CONSTRAINT `cms_module_permissions_user_id_foreign` FOREIGN KEY (`user_id`) REFERENCES `users` (`id`) ON DELETE CASCADE ON UPDATE NO ACTION;

--
-- Constraints for table `events`
--
ALTER TABLE `events`
  ADD CONSTRAINT `events_user_id_foreign` FOREIGN KEY (`user_id`) REFERENCES `users` (`id`) ON DELETE CASCADE;

--
-- Constraints for table `event_category`
--
ALTER TABLE `event_category`
  ADD CONSTRAINT `event_category_category_id_foreign` FOREIGN KEY (`category_id`) REFERENCES `categories` (`id`) ON DELETE CASCADE,
  ADD CONSTRAINT `event_category_event_id_foreign` FOREIGN KEY (`event_id`) REFERENCES `events` (`id`) ON DELETE CASCADE;

--
-- Constraints for table `event_share`
--
ALTER TABLE `event_share`
  ADD CONSTRAINT `event_share_event_id_foreign` FOREIGN KEY (`event_id`) REFERENCES `events` (`id`) ON DELETE CASCADE,
  ADD CONSTRAINT `event_share_user_id_foreign` FOREIGN KEY (`user_id`) REFERENCES `users` (`id`) ON DELETE CASCADE;

--
-- Constraints for table `notifications`
--
ALTER TABLE `notifications`
  ADD CONSTRAINT `notifications_actor_id_foreign` FOREIGN KEY (`actor_id`) REFERENCES `users` (`id`) ON DELETE CASCADE ON UPDATE NO ACTION,
  ADD CONSTRAINT `notifications_target_id_foreign` FOREIGN KEY (`target_id`) REFERENCES `users` (`id`) ON DELETE CASCADE ON UPDATE NO ACTION;

--
-- Constraints for table `notification_settings`
--
ALTER TABLE `notification_settings`
  ADD CONSTRAINT `notification_settings_user_id_foreign` FOREIGN KEY (`user_id`) REFERENCES `users` (`id`) ON DELETE CASCADE ON UPDATE NO ACTION;

--
-- Constraints for table `partners`
--
ALTER TABLE `partners`
  ADD CONSTRAINT `partners_partner_id_foreign` FOREIGN KEY (`partner_id`) REFERENCES `users` (`id`) ON DELETE CASCADE,
  ADD CONSTRAINT `partners_user_id_foreign` FOREIGN KEY (`user_id`) REFERENCES `users` (`id`) ON DELETE CASCADE;

--
-- Constraints for table `users`
--
ALTER TABLE `users`
  ADD CONSTRAINT `users_user_group_id_foreign` FOREIGN KEY (`user_group_id`) REFERENCES `user_groups` (`id`) ON DELETE CASCADE ON UPDATE NO ACTION;

--
-- Constraints for table `user_api_tokens`
--
ALTER TABLE `user_api_tokens`
  ADD CONSTRAINT `user_api_tokens_user_id_foreign` FOREIGN KEY (`user_id`) REFERENCES `users` (`id`) ON DELETE CASCADE ON UPDATE NO ACTION;

--
-- Constraints for table `user_subscriptions`
--
ALTER TABLE `user_subscriptions`
  ADD CONSTRAINT `user_subscriptions_subscription_package_id_foreign` FOREIGN KEY (`subscription_package_id`) REFERENCES `subscription_packages` (`id`) ON DELETE CASCADE,
  ADD CONSTRAINT `user_subscriptions_user_id_foreign` FOREIGN KEY (`user_id`) REFERENCES `users` (`id`) ON DELETE CASCADE;

--
-- Constraints for table `videos`
--
ALTER TABLE `videos`
  ADD CONSTRAINT `videos_video_category_id_foreign` FOREIGN KEY (`video_category_id`) REFERENCES `video_categories` (`id`) ON DELETE CASCADE;

--
-- Constraints for table `video_watchtimes`
--
ALTER TABLE `video_watchtimes`
  ADD CONSTRAINT `video_watchtimes_user_id_foreign` FOREIGN KEY (`user_id`) REFERENCES `users` (`id`) ON DELETE CASCADE,
  ADD CONSTRAINT `video_watchtimes_video_id_foreign` FOREIGN KEY (`video_id`) REFERENCES `videos` (`id`) ON DELETE CASCADE;
COMMIT;

